-- https://www.phpmyadmin.net/
--
-- Hôte : 127.0.0.1:3306
-- Généré le : mer. 25 sep. 2024 à 21:00
-- Version du serveur : 8.2.0
-- Version de PHP : 8.2.13

START TRANSACTION;



--
-- Base de données : `db`
--

-- --------------------------------------------------------

--
-- Structure de la table `attente_entrainement`
--

CREATE TABLE IF NOT EXISTS `attente_entrainement` (
  `idQuestionnaire` int NOT NULL,
  `intensitePrevue` int DEFAULT NULL,
  `dureePrevue` int DEFAULT NULL,
  `douleurPrevue` int DEFAULT NULL,
  `description` longtext,
  `nbRepsVitesse` int DEFAULT NULL,
  `chargeEntrainement` int NOT NULL DEFAULT '0',
  `nomSeance` varchar(255) DEFAULT NULL,
  PRIMARY KEY (`idQuestionnaire`),
  KEY `fk_douleur` (`douleurPrevue`)
) ENGINE=InnoDB DEFAULT CHARSET=utf8mb4 COLLATE=utf8mb4_0900_ai_ci;

--
-- Déchargement des données de la table `attente_entrainement`
--

INSERT INTO `attente_entrainement` (`idQuestionnaire`, `intensitePrevue`, `dureePrevue`, `douleurPrevue`, `description`, `nbRepsVitesse`, `chargeEntrainement`, `nomSeance`) VALUES
(851, 5, 90, 2, 'Entrainement Aérobie ', 0, 450, NULL),
(858, 6, 90, 3, '', 0, 540, 'Entrainement'),
(866, 6, 90, 2, '', 0, 540, '1 aout 2024 '),
(868, 6, 90, 2, '', 0, 540, '2 août 2024'),
(877, 7, 90, 3, '', 0, 630, '5 août 2024'),
(879, 7, 90, 3, '', 0, 630, '7 Aout 2024'),
(881, 3, 45, 1, '', 0, 36, 'Musculation - 9 Août '),
(882, 7, 90, 3, '', 0, 630, '9 août 2024'),
(886, 4, 60, 2, 'Séance Haut du corps Cycle - Adaptation anatomique', 0, 727, 'Muscu - Séance 1 '),
(887, 4, 60, 2, 'Séance Haut du corps Cycle - Adaptation anatomique', 0, 727, 'Muscu - Séance 1 '),
(888, 4, 60, 2, 'Séance Haut du corps Cycle - Adaptation anatomique', 0, 727, 'Muscu - Séance 1 '),
(889, 4, 60, 2, 'Séance Haut du corps Cycle - Adaptation anatomique', 0, 727, 'Muscu - Séance 1 '),
(890, 4, 60, 2, 'Séance Haut du corps Cycle - Adaptation anatomique', 0, 727, 'Muscu - Séance 1 '),
(892, 4, 90, 2, '2 circuits puis 2 exercices individuel. Cycle 1 : adaptation anatomique ', 0, 721, 'Muscu - Séance 1 '),
(893, 5, 45, 2, '', 0, 225, 'Endurance '),
(894, 4, 60, 2, '2 circuits   2 exercices. pas de bonus objectif mais renfos spé ', 0, 332, 'muscu - Séance 2 '),
(896, 3, 60, 1, 'Objectif 2 : Augm° cardio', 0, 30, 'Séance 3 : Obj 2 '),
(897, 3, 60, 1, 'Objectif 2 : Augm° W', 0, 48, 'Séance 3 : Obj 2 '),
(898, 3, 60, 1, 'Objectif 2 : Augm MM', 0, 230, 'Obj 2 : Augm MM'),
(899, 3, 60, 1, 'Objectif 2 : Augm MM', 0, 51, 'Obj 2 : Augm Cardio A'),
(900, 3, 60, 1, 'Objectif 2 : Augm MM', 0, 51, 'Obj 2 : Augm Cardio A'),
(901, 5, 90, 2, '', 0, 450, 'Entrainement rugby'),
(902, 4, 60, 2, '1 circuit - 3 exercices ', 0, 627, 'Séance 4 - Obj MM'),
(905, 4, 60, 2, '1 circuit - 3 exercices ', 0, 380, 'Séance 4 - Obj 1 Augm W'),
(906, 4, 60, 2, '1 circuit - 3 exercices ', 0, 322, 'Séance 4 - Obj 1 Cardio'),
(907, 4, 60, 2, '1 circuit - 3 exercices ', 0, 322, 'Séance 4 - Obj 1 Perte de poids '),
(908, 5, 60, 3, '', 0, 196, 'Réathlé - Séance 1 '),
(909, 5, 60, 3, '', 0, 196, 'Réathlé - Séance 1 '),
(911, 3, 90, 3, 'Entraînement ', 0, 270, 'Entraînement '),
(913, 3, 90, 1, '', 0, 270, 'Entraînement 26 août '),
(914, 3, 70, 2, '', 0, 375, 'Séance 1 - Objectif 1'),
(915, 3, 70, 2, '', 0, 358, 'Séance 1 - Objectif 1'),
(916, 3, 70, 2, '', 0, 271, 'Séance 1 - Objectif 1'),
(917, 3, 70, 2, '', 0, 271, 'Séance 1 - Objectif 1'),
(918, 3, 70, 1, '', 0, 484, 'Muscu adapté Séance 1 '),
(920, 3, 70, 1, '', 0, 188, 'Séance 2 - Objectif 1'),
(921, 3, 70, 1, '', 0, 322, 'Séance 2 - Objectif 1'),
(922, 3, 70, 1, '', 0, 231, 'Séance 2 - Objectif 1'),
(923, 3, 70, 1, '', 0, 231, 'Séance 2 - Objectif 1'),
(924, 6, 90, 3, '', 0, 540, 'Entraînement mercredi 28 août '),
(925, 3, 70, 2, '', 0, 169, 'Séance 3 - Objectif 1'),
(926, 3, 70, 2, '', 0, 163, 'Séance 3 - Objectif 1'),
(927, 3, 70, 2, '', 0, 146, 'Séance 3 - Objectif 1'),
(928, 3, 70, 2, '', 0, 146, 'Séance 3 - Objectif 1'),
(929, 3, 70, 2, '', 0, 284, 'Séance 3 - Objectif 1'),
(931, 5, 70, 2, '', 0, 350, 'Entraînement vendredi 30 août ');

-- --------------------------------------------------------

--
-- Structure de la table `commentaire_circuit`
--

CREATE TABLE IF NOT EXISTS `commentaire_circuit` (
  `idQuestionnaire` int NOT NULL,
  `idCircuit` int NOT NULL,
  `commentaire` text NOT NULL,
  `enchainement` int NOT NULL DEFAULT '0',
  PRIMARY KEY (`idQuestionnaire`,`idCircuit`)
) ENGINE=MyISAM DEFAULT CHARSET=utf8mb4 COLLATE=utf8mb4_0900_ai_ci;

--
-- Déchargement des données de la table `commentaire_circuit`
--

INSERT INTO `commentaire_circuit` (`idQuestionnaire`, `idCircuit`, `commentaire`, `enchainement`) VALUES
(833, 1, 'VMax sans repos ', 1),
(833, 2, '', 0),
(835, 1, 'Hypertrophie en bi-set pectoraux ', 1),
(835, 2, '', 1),
(835, 3, '', 0),
(881, 1, 'Commencer par l\'exercice de son choix. et ensuite suivre l\'ordre des exercices. Finir par un renfos spécfiques (Cf : feuille en salle) ', 0),
(886, 1, 'enchainer les 3 exercices puis effectuer 30 secondes de gainage et 1 minute de recup total ', 1),
(886, 2, 'effectuer les 2 exercices d\'affiler puis 20\'\' de proprio D/G et finir sur 1 minute de récup', 1),
(886, 3, 'Renfos nuque ', 0),
(886, 4, 'Supplément hyptrophie', 0),
(887, 1, 'enchainer les 3 exercices puis effectuer 30 secondes de gainage et 1 minute de recup total ', 1),
(887, 2, 'effectuer les 2 exercices d\'affiler puis 20\'\' de proprio D/G et finir sur 1 minute de récup', 1),
(887, 3, 'Renfos nuque ', 0),
(887, 4, 'Supplément hyptrophie', 0),
(888, 1, 'enchainer les 3 exercices puis effectuer 30 secondes de gainage et 1 minute de recup total ', 1),
(888, 2, 'effectuer les 2 exercices d\'affiler puis 20\'\' de proprio D/G et finir sur 1 minute de récup', 1),
(888, 3, 'Renfos nuque ', 0),
(888, 4, 'Supplément hyptrophie', 0),
(889, 1, 'enchainer les 3 exercices puis effectuer 30 secondes de gainage et 1 minute de recup total ', 1),
(889, 2, 'effectuer les 2 exercices d\'affiler puis 20\'\' de proprio D/G et finir sur 1 minute de récup', 1),
(889, 3, 'Renfos nuque ', 0),
(889, 4, 'Supplément hyptrophie', 0),
(890, 1, 'enchainer les 3 exercices puis effectuer 30 secondes de gainage et 1 minute de recup total ', 1),
(890, 2, 'effectuer les 2 exercices d\'affiler puis 20\'\' de proprio D/G et finir sur 1 minute de récup', 1),
(890, 3, 'Renfos nuque ', 0),
(890, 4, 'Supplément hyptrophie', 0),
(892, 1, '', 1),
(892, 2, '', 1),
(892, 3, '', 0),
(894, 1, '', 1),
(894, 2, '', 0),
(894, 3, '', 1),
(894, 4, '', 0),
(896, 1, '', 0),
(896, 2, '', 0),
(896, 3, 'enchainer frappe de wallball et passe. ', 1),
(897, 1, '', 1),
(897, 2, '', 0),
(897, 3, 'Sauté sur une jambe 2 fois puis inversé et ensuite récup', 0),
(898, 1, '', 1),
(898, 2, '', 0),
(899, 1, '', 0),
(899, 2, 'enchainer les 2 exos ', 1),
(899, 3, '', 0),
(899, 4, '', 0),
(899, 5, '', 0),
(900, 1, '', 0),
(900, 2, 'enchainer les 2 exos ', 1),
(900, 3, '', 0),
(900, 4, '', 0),
(900, 5, '', 0),
(902, 1, '', 1),
(902, 2, '', 0),
(902, 3, '', 0),
(902, 4, '', 0),
(903, 1, '', 1),
(903, 2, '', 0),
(903, 3, '', 0),
(903, 4, '', 0),
(904, 1, '', 1),
(904, 2, '', 0),
(904, 3, '', 0),
(904, 4, '', 0),
(905, 1, '', 1),
(905, 2, '', 0),
(905, 3, '', 0),
(905, 4, '', 0),
(906, 1, '', 1),
(906, 2, '', 0),
(906, 3, '40/20 sur ergo de son choix (par forcement airbike)', 0),
(907, 1, '', 1),
(907, 2, '', 0),
(907, 3, '40/20 sur ergo de son choix (par forcement airbike)', 0),
(909, 1, 'max de qualiter', 0),
(909, 2, 'enchainer les exos sans s\'arrêter', 1),
(909, 3, 'enchainer les exercices sans s\'arreter', 1),
(914, 1, '', 1),
(914, 2, '', 0),
(914, 3, '', 1),
(915, 1, '', 1),
(915, 2, '', 0),
(915, 3, '', 0),
(915, 4, '', 0),
(916, 1, '', 1),
(916, 2, '', 0),
(916, 3, '', 0),
(917, 1, '', 1),
(917, 2, '', 0),
(917, 3, '', 0),
(918, 1, '', 0),
(918, 2, '', 0),
(918, 3, '', 0),
(918, 4, '', 0),
(920, 1, '', 0),
(920, 2, '', 0),
(920, 3, '', 0),
(920, 4, '', 0),
(921, 1, '', 0),
(921, 2, '', 0),
(921, 3, '', 0),
(921, 4, '', 1),
(922, 1, '', 0),
(922, 2, '', 0),
(922, 3, '', 0),
(922, 4, 'Effectué le circuit avec de la vitesse et du dynamisme ', 1),
(923, 1, '', 0),
(923, 2, '', 0),
(923, 3, '', 0),
(923, 4, 'Effectué le circuit avec de la vitesse et du dynamisme ', 1),
(925, 1, '', 0),
(925, 2, '', 1),
(925, 4, '', 0),
(925, 3, '', 0),
(926, 1, '', 0),
(926, 2, '', 1),
(926, 4, '', 0),
(926, 3, '', 0),
(927, 1, '', 0),
(927, 2, '', 1),
(927, 4, '', 0),
(927, 3, '', 0),
(928, 1, '', 0),
(928, 2, '', 1),
(928, 4, '', 0),
(928, 3, '', 0),
(929, 1, '', 0),
(929, 2, '', 1),
(929, 4, '', 1),
(929, 3, '', 0);

-- --------------------------------------------------------

--
-- Structure de la table `doctrine_migration_versions`
--

CREATE TABLE IF NOT EXISTS `doctrine_migration_versions` (
  `version` varchar(191) CHARACTER SET utf8mb3 COLLATE utf8mb3_unicode_ci NOT NULL,
  `executed_at` datetime DEFAULT NULL,
  `execution_time` int DEFAULT NULL,
  PRIMARY KEY (`version`)
) ENGINE=InnoDB DEFAULT CHARSET=utf8mb3 COLLATE=utf8mb3_unicode_ci;

--
-- Déchargement des données de la table `doctrine_migration_versions`
--

INSERT INTO `doctrine_migration_versions` (`version`, `executed_at`, `execution_time`) VALUES
('DoctrineMigrations\\Version20230331163113', '2023-03-31 16:31:54', 4497),
('DoctrineMigrations\\Version20230402151232', '2023-04-02 15:13:40', 3805),
('DoctrineMigrations\\Version20230402152523', '2023-04-02 15:25:37', 1126),
('DoctrineMigrations\\Version20230502125031', '2023-05-04 07:14:08', 359);

-- --------------------------------------------------------

--
-- Structure de la table `douleur`
--

CREATE TABLE IF NOT EXISTS `douleur` (
  `id` int NOT NULL AUTO_INCREMENT,
  `indice` varchar(5) NOT NULL,
  `libelle` varchar(255) NOT NULL,
  PRIMARY KEY (`id`)
) ENGINE=InnoDB AUTO_INCREMENT=7 DEFAULT CHARSET=utf8mb4 COLLATE=utf8mb4_0900_ai_ci;

--
-- Déchargement des données de la table `douleur`
--

INSERT INTO `douleur` (`id`, `indice`, `libelle`) VALUES
(1, '1', 'Normal'),
(2, '1.2', 'Gène'),
(3, '1.4', 'Légère douleur'),
(4, '1.6', 'Douleur présente'),
(5, '1.8', 'Forte douleur'),
(6, '2', 'Forte douleur + difficulté à se mouvoir');

-- --------------------------------------------------------

--
-- Structure de la table `equipe`
--

CREATE TABLE IF NOT EXISTS `equipe` (
  `id` int NOT NULL AUTO_INCREMENT,
  `nom` varchar(255) CHARACTER SET utf8mb4 COLLATE utf8mb4_unicode_ci NOT NULL,
  `acronyme` varchar(255) CHARACTER SET utf8mb4 COLLATE utf8mb4_unicode_ci NOT NULL,
  PRIMARY KEY (`id`)
) ENGINE=InnoDB AUTO_INCREMENT=6 DEFAULT CHARSET=utf8mb4 COLLATE=utf8mb4_unicode_ci;

--
-- Déchargement des données de la table `equipe`
--

INSERT INTO `equipe` (`id`, `nom`, `acronyme`) VALUES
(5, 'Bourges XV', 'Bourges');

-- --------------------------------------------------------

--
-- Structure de la table `equipe_user`
--

CREATE TABLE IF NOT EXISTS `equipe_user` (
  `equipe_id` int NOT NULL,
  `user_id` varchar(255) CHARACTER SET utf8mb4 COLLATE utf8mb4_unicode_ci NOT NULL,
  PRIMARY KEY (`equipe_id`,`user_id`),
  KEY `IDX_84DA47B76D861B89` (`equipe_id`),
  KEY `IDX_84DA47B7A76ED395` (`user_id`)
) ENGINE=InnoDB DEFAULT CHARSET=utf8mb4 COLLATE=utf8mb4_unicode_ci;

-- --------------------------------------------------------

--
-- Structure de la table `exercice`
--

CREATE TABLE IF NOT EXISTS `exercice` (
  `id` int NOT NULL AUTO_INCREMENT,
  `classification` varchar(255) NOT NULL,
  `groupe_musculaire` varchar(255) NOT NULL,
  `libelle` varchar(255) NOT NULL,
  `type` varchar(255) NOT NULL,
  `weight_factor` varchar(255) CHARACTER SET utf8mb4 COLLATE utf8mb4_0900_ai_ci NOT NULL,
  `nomFichier` varchar(500) CHARACTER SET utf8mb4 COLLATE utf8mb4_0900_ai_ci DEFAULT NULL,
  PRIMARY KEY (`id`)
) ENGINE=InnoDB AUTO_INCREMENT=373 DEFAULT CHARSET=utf8mb4 COLLATE=utf8mb4_0900_ai_ci;

--
-- Déchargement des données de la table `exercice`
--

INSERT INTO `exercice` (`id`, `classification`, `groupe_musculaire`, `libelle`, `type`, `weight_factor`, `nomFichier`) VALUES
(220, 'Fondamentale', 'Pectoraux', 'Développé couché avec haltères', 'musculation', '', ''),
(221, 'Fondamentale', 'Pectoraux', 'Développé couché à la machine convergente', 'musculation', '', ''),
(222, 'Fondamentale', 'Pectoraux', 'Développé décliné à la barre', 'musculation', '', ''),
(223, 'Fondamentale', 'Pectoraux', 'Développé incliné à la barre', 'musculation', '', ''),
(225, 'Fondamentale', 'Pectoraux', 'Écarté couché avec haltères', 'musculation', '', ''),
(226, 'Fondamentale', 'Pectoraux', 'Écarté incliné avec haltères', 'musculation', '', ''),
(227, 'Fondamentale', 'Pectoraux', 'Pompes prise large au sol', 'musculation', '', ''),
(228, 'Fondamentale', 'Pectoraux', 'Écarté à la poulie vis à vis basse', 'musculation', '', ''),
(229, 'Fondamentale', 'Pectoraux', 'Développé couché à la machine', 'musculation', '', ''),
(230, 'Complémentaire', 'Epaule', 'Développé épaules avec haltères', 'musculation', '', ''),
(231, 'Complémentaire', 'Epaule', 'Développé militaire avec barre', 'musculation', '', ''),
(232, 'Complémentaire', 'Epaule', 'Oiseau à la poulie basse', 'musculation', '', ''),
(233, 'Complémentaire', 'Epaule', 'Rowing assis à la machine coudes ouverts', 'musculation', '', ''),
(234, 'Complémentaire', 'Epaule', 'Rowing à la poulie basse sur banc incliné coudes ouverts', 'musculation', '', ''),
(235, 'Complémentaire', 'Epaule', 'Rowing à la T-bar coudes ouverts', 'musculation', '', ''),
(236, 'Complémentaire', 'Epaule', 'Rowing debout à la poulie basse', 'musculation', '', ''),
(237, 'Complémentaire', 'Epaule', 'Élévation frontale avec haltères', 'musculation', '', ''),
(238, 'Complémentaire', 'Epaule', 'Élévation frontale à la poulie', 'musculation', '', ''),
(239, 'Complémentaire', 'Epaule', 'Élévation latérale à la machine', 'musculation', '', ''),
(240, 'Complémentaire', 'Epaule', 'Élévation latérale à un bras penché sur le côté', 'musculation', '', ''),
(241, 'Complémentaire', 'Epaule', 'Développé épaules Arnold avec haltères', 'musculation', '', ''),
(242, 'Complémentaire', 'Epaule', 'Développé inversé au poids de corps', 'musculation', '', ''),
(243, 'Complémentaire', 'Trapeze', 'Rowing à un bras avec haltère', 'musculation', '', ''),
(244, 'Complémentaire', 'Trapeze', 'Rowing barre à la Yates en pronation', 'musculation', '', ''),
(245, 'Complémentaire', 'Trapeze', 'Rowing barre buste penché en pronation', 'musculation', '', ''),
(246, 'Complémentaire', 'Trapeze', 'Soulevé de terre partiel avec barre', 'musculation', '', ''),
(247, 'Fondamentale', 'Dorsaux', 'Traction prise large nuque à la barre fixe', 'musculation', '', ''),
(248, 'Fondamentale', 'Dorsaux', 'Traction prise serrée en pronation à la barre fixe', 'musculation', '', ''),
(249, 'Fondamentale', 'Dorsaux', 'Pull over assis à la machine', 'musculation', '', ''),
(250, 'Fondamentale', 'Dorsaux', 'Traction à la poulie haute à un bras', 'musculation', '', ''),
(251, 'Fondamentale', 'Dorsaux', 'Traction à la poulie haute nuque', 'musculation', '', ''),
(252, 'Fondamentale', 'Dorsaux', 'Traction à la poulie haute prise serrée en pronation', 'musculation', '', ''),
(253, 'Complémentaire', 'Triceps', 'Barre au front allongé à la poulie basse', 'musculation', '', ''),
(254, 'Complémentaire', 'Triceps', 'Développé couché prise serrée à la barre', 'musculation', '', ''),
(255, 'Complémentaire', 'Triceps', 'Dips entre deux bancs', 'musculation', '', ''),
(256, 'Complémentaire', 'Triceps', 'Extension des triceps à la poulie haute à genoux', 'musculation', '', ''),
(257, 'Complémentaire', 'Biceps', 'Curl incliné avec haltères', 'musculation', '', ''),
(258, 'Complémentaire', 'Biceps', 'Traction prise supination non cambré à la barre fixe', 'musculation', '', ''),
(259, 'Complémentaire', 'Fessier', 'Soulevé de terre avec barre', 'musculation', '', ''),
(260, 'Complémentaire', 'Quadriceps', 'Hack squat à la machine', 'musculation', '', ''),
(261, 'Complémentaire', 'Quadriceps', 'Presse à cuisses assis', 'musculation', '', ''),
(262, 'Complémentaire', 'Quadriceps', 'Squat avant avec barre', 'musculation', '', ''),
(263, 'Complémentaire', 'Quadriceps', 'Squat sumo avec barre', 'musculation', '', ''),
(264, 'Complémentaire', 'Quadriceps', 'Gobelet Squat avec haltère', 'musculation', '', ''),
(265, 'Complémentaire', 'Quadriceps', 'Montée sur banc avec barre ou haltères', 'musculation', '', ''),
(266, 'Complémentaire', 'Quadriceps', 'Squat à la machine', 'musculation', '', ''),
(267, 'Complémentaire', 'Quadriceps', 'Squat à la Smith machine', 'musculation', '', ''),
(268, 'Complémentaire', 'Quadriceps', 'Squat bulgare avec barre ou haltères', 'musculation', '', ''),
(269, 'Complémentaire', 'Ischio-Jambier', 'Leg curl assis à la machine', 'musculation', '', ''),
(270, 'Complémentaire', 'Ischio-Jambier', 'Extension au banc à lombaires à 45 degrés', 'musculation', '', ''),
(271, 'Complémentaire', 'Ischio-Jambier', 'Leg curl allongé à la machine', 'musculation', '', ''),
(272, 'Complémentaire', 'Ischio-Jambier', 'Leg curl debout à une jambe à la poulie', 'musculation', '', ''),
(273, 'Fondamentale', 'Haltérophilie', 'Arrachée', 'musculation', '', ''),
(274, 'Fondamentale', 'Haltérophilie', 'Le jetée', 'musculation', '', ''),
(275, 'Fondamentale', 'Haltérophilie', 'Epaulée jetée Arret Epaulée', 'musculation', '', ''),
(276, 'Fondamentale', 'Haltérophilie', 'haltère Epaulée jetée', 'musculation', '', ''),
(277, 'Fondamentale', 'Haltérophilie', 'haltère Epaulée jetée Départ epaulé', 'musculation', '', ''),
(278, 'Complémentaire', 'Abdos', 'Crunch abdominaux avec l’Abmat', 'musculation', '', ''),
(279, 'Complémentaire', 'Abdos', 'Enroulement de bassin au sol avec l’Abmat', 'musculation', '', ''),
(280, 'Complémentaire', 'Abdos', 'Obliques sur banc à lombaires', 'musculation', '', ''),
(281, 'Complémentaire', 'Abdos', 'Crunch abdominaux à la machine', 'musculation', '', ''),
(282, 'Complémentaire', 'Abdos', 'Crunch oblique au sol', 'musculation', '', ''),
(283, 'Complémentaire', 'Abdos', 'Obliques avec l’Abmat', 'musculation', '', ''),
(284, 'Complémentaire', 'Abdos', 'Obliques suspendu à la barre fixe', 'musculation', '', ''),
(285, 'Fondamentale', 'Pectoraux', 'Développé couché à la barre', 'musculation', '', ''),
(286, 'Complémentaire', 'Dorsaux', 'Tirage Bucheron', 'musculation', '', ''),
(287, 'Complémentaire', 'Abdos', 'rotation kettbell', 'musculation', '', ''),
(288, 'Complémentaire', 'Epaule', 'Tirage élastique faisceau postérieur', 'musculation', '', ''),
(289, 'Complémentaire', 'Ischio-Jambier', 'Chute retient ischio', 'musculation', '', ''),
(290, 'Complémentaire', 'Quadriceps', 'montée genoux à l\'élastique', 'musculation', '', ''),
(291, 'Complémentaire', 'Abdos', 'rotation buste avec élastique', 'musculation', '', ''),
(292, 'Complémentaire', 'Ischio-Jambier', 'tirage élastique Ishio-Jambier', 'musculation', '', ''),
(293, 'Fondamentale', 'Fessier', 'Hip trust ', 'musculation', '', ''),
(294, 'Fondamentale', 'Dorsaux', 'undefined', 'musculation', '', ''),
(296, 'Complémentaire', 'Ischio-Jambier', 'undefined', 'musculation', '', ''),
(297, '', '', 'Depth Jump 15', 'pliometrie', '1', ''),
(298, '', '', 'Drop Jump 15', 'pliometrie', '1,12', ''),
(299, '', '', 'Depth Jump 30', 'pliometrie', '1,19', ''),
(300, '', '', 'Pogo Backwards', 'pliometrie', '1,28', ''),
(301, '', '', 'Drop Jump 30', 'pliometrie', '1,31', ''),
(302, '', '', 'Depth Jump 45', 'pliometrie', '1,41', ''),
(303, '', '', 'Drop Jump 45', 'pliometrie', '1,54', ''),
(304, '', '', 'Slalom Hops', 'pliometrie', '1,58', ''),
(305, '', '', 'Tuck Jumps', 'pliometrie', '1,66', ''),
(306, '', '', 'Depth Jump 60', 'pliometrie', '1,67', ''),
(307, '', '', 'Pogo Forwards', 'pliometrie', '1,75', ''),
(308, '', '', 'Drop Jump 60', 'pliometrie', '1,8', ''),
(309, '', '', 'Lateral Hops', 'pliometrie', '1,88', ''),
(310, '', '', 'Depth Jump 75', 'pliometrie', '1,99', ''),
(311, '', '', 'Medial Hops', 'pliometrie', '2,03', ''),
(312, '', '', 'Zig-Zag Hops', 'pliometrie', '2,07', ''),
(313, '', '', 'Drop Jump 75', 'pliometrie', '2,11', ''),
(314, '', '', 'Ankling', 'pliometrie', '2,25', ''),
(315, '', '', 'Depth Jump 90 ', 'pliometrie', '2,37', ''),
(316, '', '', 'Drop Jump 90', 'pliometrie', '2,48', ''),
(317, '', '', 'Hops R,R,L,L', 'pliometrie', '2,63', ''),
(318, '', '', 'Bounding', 'pliometrie', '2,67', ''),
(319, '', '', 'Depth Jump 105', 'pliometrie', '2,81', ''),
(320, '', '', 'Drop Jump 105', 'pliometrie', '2,9', ''),
(321, '', '', 'Hops R,R,R…; L,L,L', 'pliometrie', '3,09', ''),
(322, '', '', 'Depth Jump 120', 'pliometrie', '3,34', ''),
(323, '', '', 'Drop Jump 120', 'pliometrie', '3,41', ''),
(324, 'Complémentaire', 'Pectoraux', 'Pompe sautée ', 'musculation', '0', NULL),
(325, 'Fondamentale', 'Dorsaux', 'tirage à la barre', 'musculation', '0', NULL),
(326, 'Complémentaire', 'Pectoraux', 'Ecarté TRX', 'musculation', '0', NULL),
(327, 'Fondamentale', 'Abdos', 'Proprioception', 'musculation', '0', NULL),
(328, 'Fondamentale', 'Abdos', 'Flexion extension cheville', 'musculation', '0', NULL),
(329, 'Fondamentale', 'Abdos', 'ischio curl élastique', 'musculation', '0', NULL),
(330, 'Fondamentale', 'Abdos', 'Descente Boxe lente', 'musculation', '0', NULL),
(332, 'Complémentaire', 'Pectoraux', 'Jetée wallball', 'musculation', '0', NULL),
(333, 'Complémentaire', 'Trapeze', 'Renfos nuque elastique', 'musculation', '0', NULL),
(334, 'Complémentaire', 'Dorsaux', 'Trx Iso T ', 'musculation', '0', NULL),
(335, 'Fondamentale', 'Abdos', 'gainage ', 'musculation', '0', NULL),
(336, 'Fondamentale', 'Quadriceps', 'fente alternée haltère ', 'musculation', '0', NULL),
(337, 'Complémentaire', 'Trapeze', 'renfos nuque élastique', 'musculation', '0', NULL),
(338, 'Complémentaire', 'Pectoraux', 'Développer Haltère Elastique', 'musculation', '0', NULL),
(339, 'Complémentaire', 'Abdos', 'passe', 'musculation', '0', NULL),
(340, 'Complémentaire', 'Pectoraux', 'pompe négative', 'musculation', '0', NULL),
(341, 'Complémentaire', 'Epaule', 'Développer militaire Elastique', 'musculation', '0', NULL),
(342, 'Complémentaire', 'Quadriceps', 'Demi-squat', 'musculation', '0', NULL),
(343, 'Fondamentale', 'Quadriceps', 'leg extension', 'musculation', '0', NULL),
(344, 'Complémentaire', 'Fessier', 'relevée de hanche', 'musculation', '0', NULL),
(345, 'Complémentaire', 'Quadriceps', 'extension mollet', 'musculation', '0', NULL),
(346, 'Complémentaire', 'Quadriceps', 'saut pliométrique élastique', 'musculation', '0', NULL),
(347, 'Complémentaire', 'Dorsaux', 'Gainage Cervicale', 'musculation', '0', NULL),
(348, 'Complémentaire', 'Abdos', 'Rotation buste elastique', 'musculation', '0', NULL),
(349, 'Complémentaire', 'Epaule', 'jetée de sac', 'musculation', '0', NULL),
(350, 'Complémentaire', 'Biceps', 'curl haltère', 'musculation', '0', NULL),
(351, 'Complémentaire', 'Triceps', 'KickBack', 'musculation', '0', NULL),
(352, 'Fondamentale', 'Epaule', 'Développer militaire Haltère', 'musculation', '0', NULL),
(353, 'Complémentaire', 'Abdos', 'Airbike ', 'musculation', '0', NULL),
(354, 'Complémentaire', 'Abdos', '5 mètres tirages', 'musculation', '0', NULL),
(355, 'Complémentaire', 'Abdos', 'Saut plio unipodale', 'musculation', '0', NULL),
(356, 'Fondamentale', 'Fessier', 'Deadlift unipode haltère', 'musculation', '0', NULL),
(357, 'Fondamentale', 'Epaule', 'écarté haltère oiseaux bras tendus', 'musculation', '0', NULL),
(358, 'Fondamentale', 'Epaule', 'lancé barre unipodale ', 'musculation', '0', NULL),
(359, 'Fondamentale', 'Haltérophilie', 'Accélération négative sur élastique   CA ', 'musculation', '0', NULL),
(360, 'Complémentaire', 'Ischio-Jambier', 'sledpush Back walk', 'musculation', '-4', NULL),
(361, 'Complémentaire', 'Abdos', 'proprio sur croix ', 'musculation', '-0', NULL),
(362, 'Complémentaire', 'Abdos', 'pas chassé élastique', 'musculation', '0', NULL),
(363, 'Fondamentale', 'Epaule', 'développer schwarzy', 'musculation', '0', NULL),
(364, 'Fondamentale', 'Dorsaux', 'rowing barre au sol ', 'musculation', '0', NULL),
(365, 'Complémentaire', 'Epaule', 'Rotation epaule elastique ', 'musculation', '0', NULL),
(366, 'Complémentaire', 'Epaule', 'Iso élastique Disque ', 'musculation', '0', NULL),
(368, 'Fondamentale', 'Pectoraux', 'chute wallball   lancer', 'musculation', '0', NULL),
(369, 'Fondamentale', 'Epaule', 'Rotation bras tendus sur swissball', 'musculation', '0', NULL),
(370, 'Complémentaire', 'Abdos', 'Iso bosu   saut sur boxe', 'musculation', '0', NULL),
(371, 'Fondamentale', 'Quadriceps', 'Monter Box avec barre', 'musculation', '0', NULL),
(372, 'Fondamentale', 'Quadriceps', 'Monter Box avec barre', 'musculation', '0', NULL);

-- --------------------------------------------------------

--
-- Structure de la table `fatigue`
--

CREATE TABLE IF NOT EXISTS `fatigue` (
  `id` int NOT NULL AUTO_INCREMENT,
  `indice` varchar(5) NOT NULL,
  `libelle` varchar(255) NOT NULL,
  PRIMARY KEY (`id`)
) ENGINE=InnoDB AUTO_INCREMENT=8 DEFAULT CHARSET=utf8mb4 COLLATE=utf8mb4_0900_ai_ci;

--
-- Déchargement des données de la table `fatigue`
--

INSERT INTO `fatigue` (`id`, `indice`, `libelle`) VALUES
(1, '1', 'Normal'),
(2, '1.1', 'Un peu de fatigue'),
(3, '1.3', 'Fatigué'),
(4, '1.5', 'Epuisé');

-- --------------------------------------------------------

--
-- Structure de la table `fiche_joueur`
--

CREATE TABLE IF NOT EXISTS `fiche_joueur` (
  `idJoueur` varchar(100) CHARACTER SET utf8mb4 COLLATE utf8mb4_unicode_ci NOT NULL,
  `date_fiche` datetime NOT NULL DEFAULT CURRENT_TIMESTAMP,
  `photo` varchar(255) CHARACTER SET utf8mb4 COLLATE utf8mb4_0900_ai_ci DEFAULT NULL,
  `age` varchar(255) CHARACTER SET utf8mb4 COLLATE utf8mb4_0900_ai_ci DEFAULT NULL,
  `taille` varchar(255) CHARACTER SET utf8mb4 COLLATE utf8mb4_0900_ai_ci DEFAULT NULL,
  `poids` int DEFAULT NULL,
  `metier` varchar(255) CHARACTER SET utf8mb4 COLLATE utf8mb4_0900_ai_ci DEFAULT NULL,
  `antecedentBlessure` text CHARACTER SET utf8mb4 COLLATE utf8mb4_0900_ai_ci,
  `epaule` varchar(255) CHARACTER SET utf8mb4 COLLATE utf8mb4_unicode_ci DEFAULT NULL,
  `nuque` varchar(255) CHARACTER SET utf8mb4 COLLATE utf8mb4_unicode_ci DEFAULT NULL,
  `quadriceps` varchar(255) CHARACTER SET utf8mb4 COLLATE utf8mb4_unicode_ci DEFAULT NULL,
  `ischio` varchar(255) CHARACTER SET utf8mb4 COLLATE utf8mb4_unicode_ci DEFAULT NULL,
  `ouverture` varchar(255) CHARACTER SET utf8mb4 COLLATE utf8mb4_unicode_ci DEFAULT NULL,
  `extraversion` varchar(255) CHARACTER SET utf8mb4 COLLATE utf8mb4_unicode_ci DEFAULT NULL,
  `conscienciosite` varchar(255) CHARACTER SET utf8mb4 COLLATE utf8mb4_unicode_ci DEFAULT NULL,
  `nervosite` varchar(255) CHARACTER SET utf8mb4 COLLATE utf8mb4_unicode_ci DEFAULT NULL,
  `agreabilite` varchar(255) CHARACTER SET utf8mb4 COLLATE utf8mb4_unicode_ci DEFAULT NULL,
  `profil` varchar(255) CHARACTER SET utf8mb4 COLLATE utf8mb4_unicode_ci DEFAULT NULL,
  `yoyo` varchar(255) CHARACTER SET utf8mb4 COLLATE utf8mb4_unicode_ci DEFAULT NULL,
  `puissanceMusculaire` varchar(255) CHARACTER SET utf8mb4 COLLATE utf8mb4_unicode_ci DEFAULT NULL,
  `objectif` varchar(255) CHARACTER SET utf8mb4 COLLATE utf8mb4_unicode_ci DEFAULT NULL,
  `dateNaissance` date NOT NULL,
  `poste` varchar(255) COLLATE utf8mb4_unicode_ci NOT NULL,
  PRIMARY KEY (`idJoueur`,`date_fiche`)
) ENGINE=MyISAM DEFAULT CHARSET=utf8mb4 COLLATE=utf8mb4_unicode_ci;

--
-- Déchargement des données de la table `fiche_joueur`
--

INSERT INTO `fiche_joueur` (`idJoueur`, `date_fiche`, `photo`, `age`, `taille`, `poids`, `metier`, `antecedentBlessure`, `epaule`, `nuque`, `quadriceps`, `ischio`, `ouverture`, `extraversion`, `conscienciosite`, `nervosite`, `agreabilite`, `profil`, `yoyo`, `puissanceMusculaire`, `objectif`, `dateNaissance`, `poste`) VALUES
('gary.vincent3107@gmail.com', '2024-07-27 14:43:38', NULL, '4', NULL, NULL, 'test', 'test ', '1', '2', '8', '9', '3', '4', '5', '10', '11', 'Interne', '6', NULL, NULL, '2002-07-31', '2 eme ligne'),
('marcbourdariat@gmail.com', '2024-07-27 14:43:38', '6697de694a13f.png', '39', '', 0, 'Mairie de Bourges ', 'Déchirement partiel du ligament postérieur et entorse grade I LCA - genoux ', '', '', '', '', '33', '23', '34', '14', '46', 'Interne', '', '', 'Retour terrain post blessure ', '0000-00-00', ''),
('gary.vincent310702@gmail.com', '2024-07-27 14:44:52', '66a4ebbd9d7e8.png', '22', '', 95, '', '', '', '', '', '', '', '', '', '', '', 'Interne', '', '', '', '0000-00-00', ''),
('hanrov0419@gmail.com', '2024-07-27 14:43:38', '669a247552f2a.png', '', '', 115, 'Soudeur ', '', '', '', '', '', '38', '24', '34', '28', '43', 'Interne', '', '', 'Être plus en forme ', '0000-00-00', ''),
('aimeryckholisi@yahoo.com', '2024-07-27 14:43:38', '6698ba0c99343.png', '', '', 130, '', '', '', '', '', '', '19', '26', '30', '20', '45', 'Interne', '', '', 'Perdre du poids', '0000-00-00', ''),
('momeana.senio@gmail.com', '2024-07-27 14:43:38', '6698bbe7c55bd.png', '', '', 180, '', '', '', '', '', '', '35', '29', '23', '10', '42', 'Interne', '', '', '', '0000-00-00', ''),
('louisboyau8@gmail.com', '2024-07-27 14:43:38', '6698bcd226426.png', '', '', 80, '', '', '', '', '', '', '23', '19', '34', '24', '40', 'Interne', '', '', '', '0000-00-00', ''),
('gannelon.samuel@laposte.net', '2024-07-27 14:43:38', '6698be7372c68.png', '', '', 0, '', '', '', '', '', '', '27', '21', '35', '19', '40', 'Interne', '', '', '', '0000-00-00', ''),
('diegonoizat@gmail.com', '2024-07-27 14:43:38', '669a187de998c.png', '', '', 79, '', '', '', '', '', '', '27', '24', '37', '25', '37', 'Interne', '', '', '', '0000-00-00', ''),
('anthony.ribeaudeau@hotmail.fr', '2024-07-27 14:43:38', '669a18bcca541.png', '', '', 0, '', '', '', '', '', '', '', '', '', '', '', 'Interne', '', '', '', '0000-00-00', ''),
('simeon.narboux77@gmail.com', '2024-07-27 14:43:38', '669a192e6ed50.png', '', '', 78, '', '', '', '', '', '', '30', '24', '38', '22', '50', 'Interne', '', '', '', '0000-00-00', ''),
('joshuua.cartier@gmail.com', '2024-07-27 14:43:38', '669a1b31a2b15.png', '', '', 99, '', '', '', '', '', '', '30', '21', '33', '21', '45', 'Interne', '', '', '', '0000-00-00', ''),
('baptistebertrand0208@gmail.com', '2024-07-27 14:43:38', '669a1bb9f270d.png', '', '', 85, '', '', '', '', '', '', '30', '31', '35', '19', '46', 'Interne', '', '', '', '0000-00-00', ''),
('mehdicheikh531@icloud.com', '2024-07-27 14:43:38', '669a1c5378e3b.png', '', '', 91, '', '', '', '', '', '', '', '', '', '', '', 'Interne', '', '', '', '0000-00-00', ''),
('maxime.gaury@gmail.com', '2024-07-27 14:43:38', '669a1e358e161.png', '', '', 110, '', '', '', '', '', '', '39', '25', '43', '15', '49', 'Interne', '', '', '', '0000-00-00', ''),
('ionut_ovidiu27@yahoo.com', '2024-07-27 14:43:38', '669a1eff515dc.png', '35', '', 127, 'Routier ', '', '', '', '', '', '', '', '', '', '', 'Interne', '', '', 'Surveillance du poids \r\nÊtre a moins de 125 ', '0000-00-00', ''),
('Umprianiirakli@gmail.com', '2024-07-27 14:43:38', '669a1f3d08f66.png', '23', '189', 113, 'BP rugby ', '', '', '', '', '', '', '', '', '', '', 'Interne', '', '', 'Fédéral 1 ', '0000-00-00', ''),
('enzo18190@gmail.com', '2024-07-27 14:43:38', '669a1feac4750.png', '', '182', 103, '', 'Entorse ligament interne gauche \r\nLuxation accromio-claviculaire gauche (stade IV)', '', '', '', '', '33', '29', '38', '11', '45', 'Interne', '', '', '', '0000-00-00', ''),
('compinromain@orange.fr', '2024-07-27 14:43:38', '669a217981baa.png', '24', '', 83, '', '', '', '', '', '', '21', '17', '34', '26', '36', 'Interne', '', '', 'Renforcer gainage, masse musculaire et explo', '0000-00-00', ''),
('vivienfesser0210@orange.fr', '2024-07-27 14:43:38', '669a21f6bd9ae.png', '25', '', 75, '', 'Lésion, fatigue chronique sur psoas ', '', '', '', '', '29', '20', '35', '21', '36', 'Interne', '', '', 'Revenir sur le terrain ', '0000-00-00', ''),
('jeremy.bourdin18@gmail.com', '2024-07-27 14:43:38', '669a227354207.png', '30', '', 86, 'TCVN', '', '', '', '', '', '22', '19', '32', '26', '42', 'Interne', '', '', '?', '0000-00-00', ''),
('soucharly04@gmail.com', '2024-07-27 14:43:38', '669a22d1439b5.png', '21', '1.80', 78, 'Commercial ', '-Métacarpe main gauche \r\n-Cervicales ', '', '', '', '', '30', '25', '35', '25', '41', 'Interne', '', '', 'FED 1 ⏫', '0000-00-00', ''),
('j.faure725@laposte.net', '2024-07-27 14:43:38', '669a2321ed033.png', '25', '168', 72, 'Profs d’EPS ', '', '', '', '', '', '30', '20', '33', '29', '39', 'Interne', '', '', '', '0000-00-00', ''),
('andypasques@gmail.com', '2024-07-27 14:43:38', '669a239747fda.png', '30', '', 93, 'Commercial ', '', '', '', '', '', '35', '23', '44', '12', '48', 'Interne', '', '', 'Souvent problème musculaire ', '0000-00-00', ''),
('emile.canivet@gmail.com', '2024-07-27 14:43:38', '669a23fabf137.png', '18', '', 0, 'Étudiant ', '', '', '', '', '', '28', '32', '40', '28', '43', 'Interne', '', '', '', '0000-00-00', ''),
('quentin.demeuzoy@gmail.com', '2024-07-27 14:43:38', '669a2eb04de86.png', '22', '', 115, '', '', '', '', '', '', '38', '35', '37', '13', '45', 'Interne', '', '', 'Perdre un peu de poids et avoir plus de gaz ', '0000-00-00', ''),
('divanjonck@icloud.com', '2024-07-27 14:43:38', '669a2ef4f00d9.png', '', '', 105, 'Monin ', '', '', '', '', '', '', '', '', '', '', 'Interne', '', '', 'Reprendre la musculation ', '0000-00-00', ''),
('theocroisy18@gmail.com', '2024-07-27 14:43:38', '669a2f942e48f.png', '22', '', 106, 'Menuisier ', '', '', '', '', '', '', '', '', '', '', 'Interne', '', '', 'Être plus dynamique \r\nPerdre du poids - force puis explo ', '0000-00-00', ''),
('leon.legros01@gmail.com', '2024-07-27 14:43:38', '669a3070716dd.png', '18', '', 84, 'Étudiant ', '', '', '', '', '', '39', '35', '31', '15', '41', 'Interne', '', '', 'Prendre de la masse ', '0000-00-00', ''),
('lucastiago18230@gmail.com', '2024-07-27 14:43:38', '669a310a9558e.png', '', '', 103, 'Banque', '', '', '', '', '', '27', '34', '35', '18', '40', 'Interne', '', '', 'Surveillance poids ', '0000-00-00', ''),
('dalehendricks96@gmail.com', '2024-07-27 14:43:38', '669a317dd13b2.png', '28', '', 83, 'Travail au club ', '', '', '', '', '', '34', '27', '37', '13', '38', 'Interne', '', '', '', '0000-00-00', ''),
('Chathuret@gmail.com', '2024-07-27 14:43:38', '669a32e90f481.png', '22', '', 86, '', '', '', '', '', '', '32', '36', '30', '19', '40', 'Interne', '', '', 'Genoux hygiène a chier ', '0000-00-00', ''),
('seluirondy@gmail.com', '2024-07-27 14:43:38', '669a3390052a9.png', '32', '', 125, 'Maçon ', '', '', '', '', '', '19', '24', '42', '12', '48', 'Interne', '', '', 'Hors de forme ', '0000-00-00', ''),
('noetouleron@icloud.com', '2024-07-27 14:43:38', '669a344a5e3ae.png', '', '', 80, '', '', '', '', '', '', '34', '23', '33', '15', '47', 'Interne', '', '', '', '0000-00-00', ''),
('lucas.jarousse@gmail.com', '2024-07-27 14:43:38', '669a34af44a15.png', '', '', 73, '', '', '', '', '', '', '40', '33', '30', '12', '45', 'Interne', '', '', '', '0000-00-00', ''),
('cocoschirck4@gmail.com', '2024-07-27 14:43:38', NULL, '22', '183', 119, 'Surveillant', '', '', '', '', '', '', '', '', '', '', 'Interne', '', '', 'Perde de poids ', '0000-00-00', ''),
('paul.vannier.pro@gmail.com', '2024-07-27 14:43:38', NULL, '20', '165', NULL, 'Etudiant', 'Aucun', '', '', '', '1', '', '', '', '', '', 'Interne', '', '', 'Jouer les matchs ', '0000-00-00', ''),
('Palthimena92@gmail.com', '2024-07-27 14:43:38', NULL, '25', '183', NULL, 'Conseiller de clientèle à distance ', 'Suture méniscal gauche (ext)\r\nButé épaule gauche gauche\r\nAblation du ménisque gauche (ext)', '', '', '', '', '', '', '', '', '', 'Interne', '', '', '', '0000-00-00', ''),
('Charlydemo@gmail.com', '2024-07-27 14:43:38', NULL, NULL, NULL, 91, NULL, NULL, NULL, NULL, NULL, NULL, NULL, NULL, NULL, NULL, NULL, NULL, NULL, NULL, NULL, '0000-00-00', ''),
('lancelot50120@gmail.com', '2024-07-27 14:43:38', NULL, NULL, NULL, 95, NULL, NULL, NULL, NULL, NULL, NULL, NULL, NULL, NULL, NULL, NULL, NULL, NULL, NULL, NULL, '0000-00-00', ''),
('wellness.logiciel@gmail.com', '2024-07-27 14:43:38', NULL, NULL, NULL, 0, NULL, NULL, NULL, NULL, NULL, NULL, NULL, NULL, NULL, NULL, NULL, NULL, NULL, NULL, NULL, '0000-00-00', ''),
('wellness.logiciel1@gmail.com', '2024-07-27 14:43:38', NULL, NULL, NULL, 0, NULL, NULL, NULL, NULL, NULL, NULL, NULL, NULL, NULL, NULL, NULL, NULL, NULL, NULL, NULL, '0000-00-00', ''),
('raph.bullier@gmail.com', '2024-07-27 14:43:38', NULL, NULL, NULL, 83, NULL, NULL, NULL, NULL, NULL, NULL, NULL, NULL, NULL, NULL, NULL, NULL, NULL, NULL, NULL, '0000-00-00', ''),
('alix.escmt@gmail.com', '2024-07-27 14:43:38', NULL, NULL, NULL, 80, NULL, NULL, NULL, NULL, NULL, NULL, NULL, NULL, NULL, NULL, NULL, NULL, NULL, NULL, NULL, '0000-00-00', ''),
('b-foulon@hotmail.fr', '2024-07-27 14:43:38', NULL, NULL, NULL, NULL, NULL, NULL, NULL, NULL, NULL, NULL, NULL, NULL, NULL, NULL, NULL, NULL, NULL, NULL, NULL, '0000-00-00', ''),
('victor.baronnet09@gmail.com', '2024-07-27 14:43:38', NULL, NULL, NULL, NULL, NULL, NULL, NULL, NULL, NULL, NULL, NULL, NULL, NULL, NULL, NULL, NULL, NULL, NULL, NULL, '0000-00-00', ''),
('fisio.nunoribeiro@gmail.com', '2024-07-27 14:43:38', NULL, NULL, NULL, 80, NULL, NULL, NULL, NULL, NULL, NULL, NULL, NULL, NULL, NULL, NULL, NULL, NULL, NULL, NULL, '0000-00-00', ''),
('marceauxremy@gmail.com', '2024-07-27 14:43:38', NULL, NULL, NULL, 80, NULL, NULL, NULL, NULL, NULL, NULL, NULL, NULL, NULL, NULL, NULL, NULL, NULL, NULL, NULL, '0000-00-00', ''),
('mathis2005.mg@gmail.com', '2024-07-27 14:43:38', NULL, NULL, NULL, 81, NULL, NULL, NULL, NULL, NULL, NULL, NULL, NULL, NULL, NULL, NULL, NULL, NULL, NULL, NULL, '0000-00-00', ''),
('teoenrico23@gmail.com', '2024-07-27 14:43:38', NULL, NULL, NULL, 87, NULL, NULL, NULL, NULL, NULL, NULL, NULL, NULL, NULL, NULL, NULL, NULL, NULL, NULL, NULL, '0000-00-00', ''),
('khalifanejmeddine95@gmail.com', '2024-07-27 14:43:38', NULL, NULL, NULL, 85, NULL, NULL, NULL, NULL, NULL, NULL, NULL, NULL, NULL, NULL, NULL, NULL, NULL, NULL, NULL, '0000-00-00', ''),
('vferraro1987@hotmail.com', '2024-07-27 14:43:38', NULL, NULL, NULL, 93, NULL, NULL, NULL, NULL, NULL, NULL, NULL, NULL, NULL, NULL, NULL, NULL, NULL, NULL, NULL, '0000-00-00', ''),
('robinivan@gmail.com', '2024-07-27 14:43:38', NULL, NULL, NULL, 94, NULL, NULL, NULL, NULL, NULL, NULL, NULL, NULL, NULL, NULL, NULL, NULL, NULL, NULL, NULL, '0000-00-00', ''),
('lloretabel@gmail.com', '2024-07-27 14:43:38', NULL, NULL, NULL, NULL, NULL, NULL, NULL, NULL, NULL, NULL, NULL, NULL, NULL, NULL, NULL, NULL, NULL, NULL, NULL, '0000-00-00', ''),
('maxencebuffet77@gmail.com', '2024-07-27 14:43:38', NULL, NULL, NULL, 70, NULL, NULL, NULL, NULL, NULL, NULL, NULL, NULL, NULL, NULL, NULL, NULL, NULL, NULL, NULL, '0000-00-00', ''),
('paul.vaskou@sfr.fr', '2024-07-27 14:43:38', NULL, NULL, NULL, 108, NULL, NULL, NULL, NULL, NULL, NULL, NULL, NULL, NULL, NULL, NULL, NULL, NULL, NULL, NULL, '0000-00-00', ''),
('gabin.guillaudeau@gmail.com', '2024-07-27 14:43:38', NULL, NULL, NULL, NULL, NULL, NULL, NULL, NULL, NULL, NULL, NULL, NULL, NULL, NULL, NULL, NULL, NULL, NULL, NULL, '0000-00-00', ''),
('tvedel@yahoo.com', '2024-07-27 14:43:38', NULL, NULL, NULL, NULL, NULL, NULL, NULL, NULL, NULL, NULL, NULL, NULL, NULL, NULL, NULL, NULL, NULL, NULL, NULL, '0000-00-00', ''),
('amiranashvilinika21@gmail.com', '2024-07-27 14:43:38', NULL, NULL, NULL, NULL, NULL, NULL, NULL, NULL, NULL, NULL, NULL, NULL, NULL, NULL, NULL, NULL, NULL, NULL, NULL, '0000-00-00', ''),
('chamseddine.khalifa@sfr.fr', '2024-07-27 14:43:38', NULL, NULL, NULL, NULL, NULL, NULL, NULL, NULL, NULL, NULL, NULL, NULL, NULL, NULL, NULL, NULL, NULL, NULL, NULL, '0000-00-00', ''),
('maitukuwenelike@gmail.com', '2024-07-27 14:43:38', NULL, NULL, NULL, NULL, NULL, NULL, NULL, NULL, NULL, NULL, NULL, NULL, NULL, NULL, NULL, NULL, NULL, NULL, NULL, '0000-00-00', ''),
('gary.vincent310702@gmail.com', '2024-07-27 14:45:35', '66a4ebbd9d7e8.png', '21', '', 95, '', '', '', '', '', '', '', '', '', '', '', 'Interne', '', '', '', '0000-00-00', ''),
('joshuua.cartier@gmail.com', '2024-07-29 10:16:53', '669a1b31a2b15.png', '31', '187', 101, 'Éducateur spécialisé ', 'Lca + ménisque interne\r\nLuxation épaule droite', '', '', '', '', '30', '21', '33', '21', '45', 'Interne', '', '', '', '0000-00-00', ''),
('seluirondy@gmail.com', '2024-07-29 10:52:01', NULL, NULL, NULL, 130, NULL, NULL, NULL, NULL, NULL, NULL, NULL, NULL, NULL, NULL, NULL, NULL, NULL, NULL, NULL, '0000-00-00', ''),
('marceauxremy@gmail.com', '2024-07-29 12:48:37', NULL, NULL, NULL, 79, NULL, NULL, NULL, NULL, NULL, NULL, NULL, NULL, NULL, NULL, NULL, NULL, NULL, NULL, NULL, '0000-00-00', ''),
('andypasques@gmail.com', '2024-07-30 10:56:58', '669a239747fda.png', '32', '189', 93, 'Commercial ', 'Fracture scaphoïde G\r\nFracture 5ème métacarpien D\r\nFracture malléole G\r\nFracture nez x2 ', '', '', '', '', '35', '23', '44', '12', '48', 'Interne', '', '', 'Souvent problème musculaire ', '0000-00-00', ''),
('enzo18190@gmail.com', '2024-07-31 09:13:13', '669a1feac4750.png', '', '182', 102, '', 'Entorse ligament interne gauche \r\nLuxation accromio-claviculaire gauche (stade IV)', '', '', '', '', '33', '29', '38', '11', '45', 'Interne', '', '', '', '0000-00-00', ''),
('marcbourdariat@gmail.com', '2024-08-01 10:17:52', NULL, NULL, NULL, 91, NULL, NULL, NULL, NULL, NULL, NULL, NULL, NULL, NULL, NULL, NULL, NULL, NULL, NULL, NULL, '0000-00-00', ''),
('andypasques@gmail.com', '2024-08-01 10:18:03', NULL, NULL, NULL, 92, NULL, NULL, NULL, NULL, NULL, NULL, NULL, NULL, NULL, NULL, NULL, NULL, NULL, NULL, NULL, '0000-00-00', ''),
('andypasques@gmail.com', '2024-08-01 21:51:52', NULL, NULL, NULL, 92, NULL, NULL, NULL, NULL, NULL, NULL, NULL, NULL, NULL, NULL, NULL, NULL, NULL, NULL, NULL, '0000-00-00', ''),
('marcbourdariat@gmail.com', '2024-08-02 10:11:07', NULL, NULL, NULL, 92, NULL, NULL, NULL, NULL, NULL, NULL, NULL, NULL, NULL, NULL, NULL, NULL, NULL, NULL, NULL, '0000-00-00', ''),
('andypasques@gmail.com', '2024-08-02 11:07:13', NULL, NULL, NULL, 92, NULL, NULL, NULL, NULL, NULL, NULL, NULL, NULL, NULL, NULL, NULL, NULL, NULL, NULL, NULL, '0000-00-00', ''),
('sagatomoleana@bourgesxv.fr', '2024-08-03 14:14:19', NULL, NULL, NULL, 129, NULL, NULL, NULL, NULL, NULL, NULL, NULL, NULL, NULL, NULL, NULL, NULL, NULL, NULL, NULL, '0000-00-00', ''),
('sagatomoleana@bourgesxv.fr', '2024-08-03 14:17:34', NULL, '27', '1.95', 129, 'Pompier ', 'Genou ', '', '', '', '', '', '', '', '', '', 'Interne', '', '', 'La monté ', '0000-00-00', ''),
('mehdicheikh531@icloud.com', '2024-08-05 09:37:24', '669a1c5378e3b.png', '27', '184', 91, 'Responsable ', '', '', '', '', '', '', '', '', '', '', 'Interne', '', '', 'Avoir ma place en équipe une', '0000-00-00', ''),
('mehdicheikh531@icloud.com', '2024-08-05 09:37:25', '669a1c5378e3b.png', '27', '184', 91, 'Responsable ', '', '', '', '', '', '', '', '', '', '', 'Interne', '', '', 'Avoir ma place en équipe une', '0000-00-00', ''),
('Chamseddine.khalifa@sfr.fr', '2024-08-05 10:07:19', NULL, NULL, NULL, 95, NULL, NULL, NULL, NULL, NULL, NULL, NULL, NULL, NULL, NULL, NULL, NULL, NULL, NULL, NULL, '0000-00-00', ''),
('Chamseddine.khalifa@sfr.fr', '2024-08-05 10:09:35', NULL, '34', '188', 95, 'Agent de maîtrise ', '', '', '', '', '', '', '', '', '', '', 'Interne', '', '', '', '0000-00-00', ''),
('andypasques@gmail.com', '2024-08-05 10:40:41', '669a239747fda.png', NULL, NULL, 92, NULL, NULL, NULL, NULL, NULL, NULL, NULL, NULL, NULL, NULL, NULL, NULL, NULL, NULL, NULL, '0000-00-00', ''),
('sagatomoleana@gmail.com', '2024-08-05 16:11:49', NULL, NULL, NULL, 129, NULL, NULL, NULL, NULL, NULL, NULL, NULL, NULL, NULL, NULL, NULL, NULL, NULL, NULL, NULL, '0000-00-00', ''),
('sagatomoleana@gmail.com', '2024-08-05 16:12:25', NULL, '', '', 129, '', 'Genou droite ', '', '', '', '', '', '', '', '', '', 'Interne', '', '', '', '0000-00-00', ''),
('sagatomoleana@gmail.com', '2024-08-05 16:12:32', NULL, '', '', 129, '', 'Genou droite ', '', '', '', '', '', '', '', '', '', 'Interne', '', '', '', '0000-00-00', ''),
('andypasques@gmail.com', '2024-08-05 21:40:29', NULL, NULL, NULL, 92, NULL, NULL, NULL, NULL, NULL, NULL, NULL, NULL, NULL, NULL, NULL, NULL, NULL, NULL, NULL, '0000-00-00', ''),
('leon.legros01@gmail.com', '2024-08-05 22:10:36', '669a3070716dd.png', '19', '', 84, 'Étudiant ', '', '', '', '', '', '39', '35', '31', '15', '41', 'Interne', '', '', 'Prendre de la masse ', '0000-00-00', ''),
('leon.legros01@gmail.com', '2024-08-05 22:11:06', '669a3070716dd.png', '19', '', 84, 'Étudiant ', 'Luxation épaule droite ', '', '', '', '', '39', '35', '31', '15', '41', 'Interne', '', '', 'Prendre de la masse ', '0000-00-00', ''),
('momeana.senio@gmail.com', '2024-08-06 10:40:11', '6698bbe7c55bd.png', '', '1.88', 180, 'Alternant au club ', '', '', '', '', '', '35', '29', '23', '10', '42', 'Interne', '', '', 'Perdre du poid ', '0000-00-00', ''),
('andypasques@gmail.com', '2024-08-07 08:23:41', NULL, NULL, NULL, 91, NULL, NULL, NULL, NULL, NULL, NULL, NULL, NULL, NULL, NULL, NULL, NULL, NULL, NULL, NULL, '0000-00-00', ''),
('Chamseddine.khalifa@sfr.fr', '2024-08-07 21:08:12', NULL, NULL, NULL, 95, NULL, NULL, NULL, NULL, NULL, NULL, NULL, NULL, NULL, NULL, NULL, NULL, NULL, NULL, NULL, '0000-00-00', ''),
('lucas.jarousse@gmail.com', '2024-08-07 21:08:35', NULL, NULL, NULL, 74, NULL, NULL, NULL, NULL, NULL, NULL, NULL, NULL, NULL, NULL, NULL, NULL, NULL, NULL, NULL, '0000-00-00', ''),
('compinromain@orange.fr', '2024-08-07 21:14:00', NULL, NULL, NULL, 81, NULL, NULL, NULL, NULL, NULL, NULL, NULL, NULL, NULL, NULL, NULL, NULL, NULL, NULL, NULL, '0000-00-00', ''),
('andypasques@gmail.com', '2024-08-09 09:08:53', NULL, NULL, NULL, 91, NULL, NULL, NULL, NULL, NULL, NULL, NULL, NULL, NULL, NULL, NULL, NULL, NULL, NULL, NULL, '0000-00-00', ''),
('baptistebertrand0208@gmail.com', '2024-08-09 10:11:14', NULL, NULL, NULL, 83, NULL, NULL, NULL, NULL, NULL, NULL, NULL, NULL, NULL, NULL, NULL, NULL, NULL, NULL, NULL, '0000-00-00', ''),
('momeana.senio@gmail.com', '2024-08-09 13:12:52', '6698bbe7c55bd.png', '24', '1.88', 180, 'Alternant au club ', '', '', '', '', '', '35', '29', '23', '10', '42', 'Interne', '', '', 'Perdre du poid ', '0000-00-00', ''),
('sagatomoleana@gmail.com', '2024-08-09 13:34:03', NULL, '', '', 129, '', 'Genou droite ', '', '', '', '', '', '', '', '', '', 'Interne', '', '', '', '0000-00-00', ''),
('khalifanejmeddine95@gmail.com', '2024-08-09 21:13:13', NULL, NULL, NULL, 84, NULL, NULL, NULL, NULL, NULL, NULL, NULL, NULL, NULL, NULL, NULL, NULL, NULL, NULL, NULL, '0000-00-00', ''),
('Chamseddine.khalifa@sfr.fr', '2024-08-09 21:15:22', NULL, NULL, NULL, 94, NULL, NULL, NULL, NULL, NULL, NULL, NULL, NULL, NULL, NULL, NULL, NULL, NULL, NULL, NULL, '0000-00-00', ''),
('Amiranashvilinika21@gmail.com', '2024-08-12 12:59:12', NULL, NULL, NULL, 100, NULL, NULL, NULL, NULL, NULL, NULL, NULL, NULL, NULL, NULL, NULL, NULL, NULL, NULL, NULL, '0000-00-00', ''),
('Chamseddine.khalifa@sfr.fr', '2024-08-12 20:31:25', NULL, NULL, NULL, 94, NULL, NULL, NULL, NULL, NULL, NULL, NULL, NULL, NULL, NULL, NULL, NULL, NULL, NULL, NULL, '0000-00-00', ''),
('Chamseddine.khalifa@sfr.fr', '2024-08-12 20:33:12', NULL, '34', '187', 94, 'Agent maîtrise ', '', '', '', '', '', '', '', '', '', '', 'Interne', '', '', '', '0000-00-00', ''),
('paul.vannier@icloud.com', '2024-08-14 09:38:15', NULL, NULL, NULL, 58, NULL, NULL, NULL, NULL, NULL, NULL, NULL, NULL, NULL, NULL, NULL, NULL, NULL, NULL, NULL, '0000-00-00', ''),
('Umprianiirakli@gmail.com', '2024-08-14 10:50:19', NULL, NULL, NULL, 107, NULL, NULL, NULL, NULL, NULL, NULL, NULL, NULL, NULL, NULL, NULL, NULL, NULL, NULL, NULL, '0000-00-00', ''),
('sagatomoleana@gmail.com', '2024-08-16 12:39:30', NULL, '27', '', 129, 'Pompier ', 'Genou droite, cheville gauche ', '', '', '', '', '', '', '', '', '', 'Interne', '', '', '', '0000-00-00', ''),
('sagatomoleana@gmail.com', '2024-08-16 12:39:44', NULL, '27', '', 129, 'Pompier ', 'Genou droite, cheville gauche ', '', '', '', '', '', '', '', '', '', 'Interne', '', '', '', '0000-00-00', ''),
('andypasques@gmail.com', '2024-08-16 13:36:28', NULL, NULL, NULL, 91, NULL, NULL, NULL, NULL, NULL, NULL, NULL, NULL, NULL, NULL, NULL, NULL, NULL, NULL, NULL, '0000-00-00', ''),
('Amiranashvilinika21@gmail.com', '2024-08-16 19:09:21', NULL, NULL, NULL, 100, NULL, NULL, NULL, NULL, NULL, NULL, NULL, NULL, NULL, NULL, NULL, NULL, NULL, NULL, NULL, '0000-00-00', ''),
('sagatomoleana@gmail.com', '2024-08-19 18:03:05', NULL, '27', '', 129, 'Pompier ', 'Genou droite, cheville gauche ', '', '', '', '', '', '', '', '', '', 'Interne', '', '', '', '0000-00-00', ''),
('khalifanejmeddine95@gmail.com', '2024-08-19 18:39:17', NULL, NULL, NULL, 82, NULL, NULL, NULL, NULL, NULL, NULL, NULL, NULL, NULL, NULL, NULL, NULL, NULL, NULL, NULL, '0000-00-00', ''),
('Umprianiirakli@gmail.com', '2024-08-20 13:35:32', NULL, NULL, NULL, 108, NULL, NULL, NULL, NULL, NULL, NULL, NULL, NULL, NULL, NULL, NULL, NULL, NULL, NULL, NULL, '0000-00-00', ''),
('hanrov0419@gmail.com', '2024-08-21 05:05:15', NULL, NULL, NULL, 110, NULL, NULL, NULL, NULL, NULL, NULL, NULL, NULL, NULL, NULL, NULL, NULL, NULL, NULL, NULL, '0000-00-00', ''),
('joshuua.cartier@gmail.com', '2024-08-21 09:09:41', NULL, NULL, NULL, 101, NULL, NULL, NULL, NULL, NULL, NULL, NULL, NULL, NULL, NULL, NULL, NULL, NULL, NULL, NULL, '0000-00-00', ''),
('khalifanejmeddine95@gmail.com', '2024-08-21 09:12:43', NULL, NULL, NULL, 82, NULL, NULL, NULL, NULL, NULL, NULL, NULL, NULL, NULL, NULL, NULL, NULL, NULL, NULL, NULL, '0000-00-00', ''),
('elliotbale@hotmail.com', '2024-08-21 16:45:35', NULL, NULL, NULL, 83, NULL, NULL, NULL, NULL, NULL, NULL, NULL, NULL, NULL, NULL, NULL, NULL, NULL, NULL, NULL, '0000-00-00', ''),
('jeremy.bourdin18@gmail.com', '2024-08-21 21:42:56', NULL, NULL, NULL, 87, NULL, NULL, NULL, NULL, NULL, NULL, NULL, NULL, NULL, NULL, NULL, NULL, NULL, NULL, NULL, '0000-00-00', ''),
('joshuua.cartier@gmail.com', '2024-08-22 08:49:48', NULL, '31', '187', 101, 'Éducateur spécialisé ', '', '', '', '', '', '', '', '', '', '', 'Interne', '', '', 'Gain de muscle, vitesse et endurance. ', '0000-00-00', ''),
('thomas.beraza.stl@gmail.com', '2024-08-22 14:32:30', NULL, '25', '192', 104, 'Militaire', 'Fracture cheville ', '', '', '', '', '', '', '', '', '', 'Interne', '', '', 'Plus explosif', '0000-00-00', ''),
('andypasques@gmail.com', '2024-08-23 09:49:06', NULL, NULL, NULL, 92, NULL, NULL, NULL, NULL, NULL, NULL, NULL, NULL, NULL, NULL, NULL, NULL, NULL, NULL, NULL, '0000-00-00', ''),
('andypasques@gmail.com', '2024-08-23 09:49:07', NULL, NULL, NULL, 91, NULL, NULL, NULL, NULL, NULL, NULL, NULL, NULL, NULL, NULL, NULL, NULL, NULL, NULL, NULL, '0000-00-00', ''),
('enzo18190@gmail.com', '2024-08-23 09:56:54', NULL, NULL, NULL, 103, NULL, NULL, NULL, NULL, NULL, NULL, NULL, NULL, NULL, NULL, NULL, NULL, NULL, NULL, NULL, '0000-00-00', ''),
('khalifanejmeddine95@gmail.com', '2024-08-23 21:05:59', NULL, NULL, NULL, 82, NULL, NULL, NULL, NULL, NULL, NULL, NULL, NULL, NULL, NULL, NULL, NULL, NULL, NULL, NULL, '0000-00-00', ''),
('andypasques@gmail.com', '2024-08-26 11:31:17', NULL, NULL, NULL, 92, NULL, NULL, NULL, NULL, NULL, NULL, NULL, NULL, NULL, NULL, NULL, NULL, NULL, NULL, NULL, '0000-00-00', ''),
('khalifanejmeddine95@gmail.com', '2024-08-26 16:43:23', NULL, NULL, NULL, 82, NULL, NULL, NULL, NULL, NULL, NULL, NULL, NULL, NULL, NULL, NULL, NULL, NULL, NULL, NULL, '0000-00-00', ''),
('khalifanejmeddine95@gmail.com', '2024-08-26 21:03:51', NULL, NULL, NULL, 8582, NULL, NULL, NULL, NULL, NULL, NULL, NULL, NULL, NULL, NULL, NULL, NULL, NULL, NULL, NULL, '0000-00-00', ''),
('khalifanejmeddine95@gmail.com', '2024-08-26 21:03:59', NULL, NULL, NULL, 82582, NULL, NULL, NULL, NULL, NULL, NULL, NULL, NULL, NULL, NULL, NULL, NULL, NULL, NULL, NULL, '0000-00-00', ''),
('khalifanejmeddine95@gmail.com', '2024-08-26 21:04:16', NULL, NULL, NULL, 83, NULL, NULL, NULL, NULL, NULL, NULL, NULL, NULL, NULL, NULL, NULL, NULL, NULL, NULL, NULL, '0000-00-00', ''),
('khalifanejmeddine95@gmail.com', '2024-08-26 21:04:20', NULL, NULL, NULL, 82, NULL, NULL, NULL, NULL, NULL, NULL, NULL, NULL, NULL, NULL, NULL, NULL, NULL, NULL, NULL, '0000-00-00', ''),
('antoninmarekwica@gmail.com', '2024-08-26 21:36:34', NULL, NULL, NULL, 91, NULL, NULL, NULL, NULL, NULL, NULL, NULL, NULL, NULL, NULL, NULL, NULL, NULL, NULL, NULL, '0000-00-00', ''),
('antoninmarekwica@gmail.com', '2024-08-26 21:38:27', NULL, '19', '181', 91, 'Étudiant BUT3 GC-CD', 'Luxation épaule gauche ', '', '', '', '', '', '', '', '', '', 'Interne', '', '', '', '0000-00-00', ''),
('louisboyau8@gmail.com', '2024-08-27 08:50:11', '6698bcd226426.png', '20', '175', 80, '', '', '', '', '', '', '23', '19', '34', '24', '40', 'Interne', '', '', '', '0000-00-00', ''),
('paul.vaskou@sfr.fr', '2024-08-27 21:26:39', NULL, NULL, NULL, 107, NULL, NULL, NULL, NULL, NULL, NULL, NULL, NULL, NULL, NULL, NULL, NULL, NULL, NULL, NULL, '0000-00-00', ''),
('Charlydemo@gmail.com', '2024-08-28 08:07:40', NULL, NULL, NULL, 93, NULL, NULL, NULL, NULL, NULL, NULL, NULL, NULL, NULL, NULL, NULL, NULL, NULL, NULL, NULL, '0000-00-00', ''),
('Charlydemo@gmail.com', '2024-08-28 08:10:18', NULL, '29', '', 93, 'Commercial itinérant ', '', '', '', '', '', '', '', '', '', '', 'Interne', '', '', '', '0000-00-00', ''),
('lucastiago18230@gmail.com', '2024-08-28 08:15:34', NULL, NULL, NULL, 101, NULL, NULL, NULL, NULL, NULL, NULL, NULL, NULL, NULL, NULL, NULL, NULL, NULL, NULL, NULL, '0000-00-00', ''),
('andypasques@gmail.com', '2024-08-28 09:38:40', NULL, NULL, NULL, 92, NULL, NULL, NULL, NULL, NULL, NULL, NULL, NULL, NULL, NULL, NULL, NULL, NULL, NULL, NULL, '0000-00-00', ''),
('antoninmarekwica@gmail.com', '2024-08-28 21:55:58', NULL, '19', '181', 91, 'Étudiant BUT3 GC-CD', 'Luxation épaule gauche ', '', '', '', '', '', '', '', '', '', 'Interne', '', '', '', '0000-00-00', ''),
('sagatomoleana@gmail.com', '2024-08-28 23:36:46', NULL, NULL, NULL, 115, NULL, NULL, NULL, NULL, NULL, NULL, NULL, NULL, NULL, NULL, NULL, NULL, NULL, NULL, NULL, '0000-00-00', ''),
('quentin.demeuzoy@gmail.com', '2024-08-29 10:37:01', NULL, NULL, NULL, 114, NULL, NULL, NULL, NULL, NULL, NULL, NULL, NULL, NULL, NULL, NULL, NULL, NULL, NULL, NULL, '0000-00-00', ''),
('Charlydemo@gmail.com', '2024-08-29 11:03:14', NULL, NULL, NULL, 93, NULL, NULL, NULL, NULL, NULL, NULL, NULL, NULL, NULL, NULL, NULL, NULL, NULL, NULL, NULL, '0000-00-00', ''),
('paul.vaskou@sfr.fr', '2024-08-30 20:49:43', NULL, NULL, NULL, 107, NULL, NULL, NULL, NULL, NULL, NULL, NULL, NULL, NULL, NULL, NULL, NULL, NULL, NULL, NULL, '0000-00-00', ''),
('gary.vincent310702@gmail.com', '2024-09-25 19:29:25', '66a4ebbd9d7e8.png', '21', '', 95, '', '', '', '', '', '', '', '', '', '', '', 'Interne', '', '', '', '0000-00-00', ''),
('gary.vincent310702@gmail.com', '2024-09-25 19:32:01', '66a4ebbd9d7e8.png', '21', '', 95, '', '', '', '', '', '', '', '', '', '', '', 'Interne', '', '', '', '2024-09-26', 'test poste');

-- --------------------------------------------------------

--
-- Structure de la table `groupes`
--

CREATE TABLE IF NOT EXISTS `groupes` (
  `id` int NOT NULL AUTO_INCREMENT,
  `libelle` varchar(255) NOT NULL,
  PRIMARY KEY (`id`)
) ENGINE=InnoDB AUTO_INCREMENT=62 DEFAULT CHARSET=utf8mb4 COLLATE=utf8mb4_0900_ai_ci;

--
-- Déchargement des données de la table `groupes`
--

INSERT INTO `groupes` (`id`, `libelle`) VALUES
(37, 'Bourges XV all'),
(46, 'Dale Hendricks'),
(47, 'Bourdariat Marc'),
(48, 'Amiranashvili Nika'),
(49, 'OBJ 1 : MM'),
(50, 'OBJ 1 : Augm Cardio'),
(51, 'OBJ 1 : Diminution poids'),
(52, 'Antoine Akautefea'),
(53, 'OBJ 1 : Augm W'),
(54, 'Obj° 2 : Am Cardio'),
(55, 'Obj° 2 : Augm W'),
(56, 'Obj° 2 : Diminuer poids'),
(57, 'Obj° 2 : Maint W'),
(58, 'Obj° 2 : Augm MM'),
(59, 'vivien'),
(60, 'rattrapage cardio'),
(61, 'Emile');

-- --------------------------------------------------------

--
-- Structure de la table `humeur`
--

CREATE TABLE IF NOT EXISTS `humeur` (
  `id` int NOT NULL,
  `libelle` varchar(255) NOT NULL,
  PRIMARY KEY (`id`)
) ENGINE=InnoDB DEFAULT CHARSET=utf8mb4 COLLATE=utf8mb4_0900_ai_ci;

--
-- Déchargement des données de la table `humeur`
--

INSERT INTO `humeur` (`id`, `libelle`) VALUES
(1, 'Très bonne humeur'),
(2, 'Bonne humeur'),
(3, 'Moins interressé que d\'habitude'),
(4, 'Moins d\'entrain envers les autres'),
(5, 'Très irritable');

-- --------------------------------------------------------

--
-- Structure de la table `join_exercices_entrainement`
--

CREATE TABLE IF NOT EXISTS `join_exercices_entrainement` (
  `idQuestionnaire` int NOT NULL,
  `idExercice` int NOT NULL,
  `valueExercice` int DEFAULT NULL,
  `nbSeries` int NOT NULL,
  `nbReps` int NOT NULL,
  `ajout` int DEFAULT NULL,
  `repos` int NOT NULL,
  `reposEnd` int NOT NULL,
  `circuit` int NOT NULL,
  `position` int NOT NULL,
  `exoRepos` text NOT NULL,
  `nbr_set` varchar(255) NOT NULL,
  `uni_bi` varchar(255) NOT NULL,
  `commentaire` text CHARACTER SET utf8mb4 COLLATE utf8mb4_0900_ai_ci,
  PRIMARY KEY (`idQuestionnaire`,`idExercice`),
  KEY `fk_join_id_exercice_entrainement` (`idExercice`)
) ENGINE=InnoDB DEFAULT CHARSET=utf8mb4 COLLATE=utf8mb4_0900_ai_ci;

--
-- Déchargement des données de la table `join_exercices_entrainement`
--

INSERT INTO `join_exercices_entrainement` (`idQuestionnaire`, `idExercice`, `valueExercice`, `nbSeries`, `nbReps`, `ajout`, `repos`, `reposEnd`, `circuit`, `position`, `exoRepos`, `nbr_set`, `uni_bi`, `commentaire`) VALUES
(881, 330, 0, 4, 4, NULL, 60, 0, 1, 1, '30\'\' gainages', '0', 'Uni', '1 saut direct après la chute '),
(881, 341, 60, 4, 5, NULL, 90, 0, 1, 3, '30\'\' marche de l\'ours', '0', 'Uni', ''),
(881, 347, 0, 4, 4, NULL, 30, 0, 1, 4, '', '0', 'Bi', 'Iso 20\'\' pendant le gainage'),
(881, 349, 0, 4, 6, NULL, 60, 0, 1, 2, '', '0', 'Bi', '4 passes rugby rapide'),
(886, 256, 75, 4, 10, NULL, 90, 0, 1, 3, 'Gainage 30\'\' puis 1 minute recup', '0', 'Bi', 'f'),
(886, 285, 70, 4, 8, NULL, 90, 0, 1, 1, '', '0', 'Bi', 'tempo 1-2-4-1'),
(886, 325, 75, 5, 8, NULL, 90, 0, 2, 1, '', '0', 'Bi', '1-4-1-2'),
(886, 333, 65, 1, 10, NULL, 20, 0, 3, 1, 'D', '0', 'Bi', '20 secondes en iso pour la nuque'),
(886, 340, 0, 4, 8, NULL, 60, 0, 4, 1, '', '0', 'Bi', 'mouvement lent pour privilégier l\'hypertrophie '),
(886, 350, 75, 4, 10, NULL, 90, 0, 1, 2, '', '0', 'Bi', ''),
(886, 352, 65, 5, 10, NULL, 90, 0, 2, 2, 'proprioception 20\'\' D/G', '0', 'Bi', ''),
(887, 256, 75, 4, 10, NULL, 90, 0, 1, 3, 'Gainage 30\'\' puis 1 minute recup', '0', 'Bi', 'f'),
(887, 285, 70, 4, 8, NULL, 90, 0, 1, 1, '', '0', 'Bi', 'tempo 1-2-4-1'),
(887, 325, 75, 5, 8, NULL, 90, 0, 2, 1, '', '0', 'Bi', '1-4-1-2'),
(887, 333, 65, 1, 10, NULL, 20, 0, 3, 1, 'D', '0', 'Bi', '20 secondes en iso pour la nuque'),
(887, 350, 75, 4, 10, NULL, 90, 0, 1, 2, '', '0', 'Bi', ''),
(887, 352, 65, 5, 10, NULL, 90, 0, 2, 2, 'proprioception 20\'\' D/G', '0', 'Bi', ''),
(888, 256, 75, 4, 10, NULL, 90, 0, 1, 3, 'Gainage 30\'\' puis 1 minute recup', '0', 'Bi', 'f'),
(888, 285, 70, 4, 8, NULL, 90, 0, 1, 1, '', '0', 'Bi', 'tempo 1-2-4-1'),
(888, 325, 75, 5, 8, NULL, 90, 0, 2, 1, '', '0', 'Bi', '1-4-1-2'),
(888, 333, 65, 1, 10, NULL, 20, 0, 3, 1, 'D', '0', 'Bi', '20 secondes en iso pour la nuque'),
(888, 350, 75, 4, 10, NULL, 90, 0, 1, 2, '', '0', 'Bi', ''),
(888, 352, 65, 5, 10, NULL, 90, 0, 2, 2, 'proprioception 20\'\' D/G', '0', 'Bi', ''),
(889, 256, 75, 4, 10, NULL, 90, 0, 1, 3, 'Gainage 30\'\' puis 1 minute recup', '0', 'Bi', 'f'),
(889, 285, 70, 4, 8, NULL, 90, 0, 1, 1, '', '0', 'Bi', 'tempo 1-2-4-1'),
(889, 325, 75, 5, 8, NULL, 90, 0, 2, 1, '', '0', 'Bi', '1-4-1-2'),
(889, 333, 65, 1, 10, NULL, 20, 0, 3, 1, 'D', '0', 'Bi', '20 secondes en iso pour la nuque'),
(889, 350, 75, 4, 10, NULL, 90, 0, 1, 2, '', '0', 'Bi', ''),
(889, 352, 65, 5, 10, NULL, 90, 0, 2, 2, 'proprioception 20\'\' D/G', '0', 'Bi', ''),
(890, 256, 75, 4, 10, NULL, 90, 0, 1, 3, 'Gainage 30\'\' puis 1 minute recup', '0', 'Bi', 'f'),
(890, 285, 70, 4, 8, NULL, 90, 0, 1, 1, '', '0', 'Bi', 'tempo 1-2-4-1'),
(890, 325, 75, 5, 8, NULL, 90, 0, 2, 1, '', '0', 'Bi', '1-4-1-2'),
(890, 333, 65, 1, 10, NULL, 20, 0, 3, 1, 'D', '0', 'Bi', '20 secondes en iso pour la nuque'),
(890, 350, 75, 4, 10, NULL, 90, 0, 1, 2, '', '0', 'Bi', ''),
(890, 352, 65, 5, 10, NULL, 90, 0, 2, 2, 'proprioception 20\'\' D/G', '0', 'Bi', ''),
(892, 256, 75, 4, 10, NULL, 90, 0, 1, 3, 'gainage 30\" puis  1 minute de repos total', '0', 'Bi', ''),
(892, 285, 70, 4, 8, NULL, 90, 0, 1, 1, '', '0', 'Bi', 'tempo 1-2-4-1'),
(892, 325, 75, 5, 8, NULL, 90, 0, 2, 1, '', '0', 'Bi', 'tempo 1-4-2-1'),
(892, 337, 65, 1, 8, NULL, 20, 0, 3, 1, '', '0', 'Bi', '20 secondes en isométrie répété 8 fois'),
(892, 350, 75, 4, 10, NULL, 90, 0, 1, 2, '', '0', 'Bi', ''),
(892, 352, 65, 5, 10, NULL, 90, 0, 2, 2, 'proprioception 20\" D/G puis 1 minute de recup total ', '0', 'Bi', ''),
(894, 259, 70, 4, 8, NULL, 0, 0, 1, 1, '', '0', 'Bi', 'tempo 1-3-1-2'),
(894, 262, 70, 4, 8, NULL, 0, 0, 2, 1, '', '0', 'Bi', 'tempo 1-3-1-2'),
(894, 290, 40, 4, 4, NULL, 90, 0, 2, 2, 'passe sur bosu (proprioception unipodale 20 secondes droite gauche', '0', 'Uni', ''),
(894, 292, 45, 3, 6, NULL, 45, 0, 4, 1, '', '0', 'Uni', ''),
(894, 330, 0, 4, 2, NULL, 90, 0, 1, 2, 'gainage 30 secondes puis 30 secondes de récup ', '0', 'Uni', ''),
(894, 333, 40, 4, 6, NULL, 45, 0, 3, 1, '', '0', 'Bi', 'Maintient iso pendant 10 seconde puis relaché '),
(896, 332, 30, 5, 4, NULL, 0, 0, 3, 1, '', '0', 'Choisir...', ''),
(896, 339, 0, 5, 4, NULL, 0, 60, 3, 1, 'Gainage 30 secondes ', '0', 'Choisir...', 'gainage en récup puis 30 secondes de récups'),
(896, 353, 0, 1, 10, NULL, 0, 0, 1, 1, '', '0', 'Choisir...', '30 secondes d\'effort 20 secondes de récupération 10 répétitions'),
(896, 354, 40, 1, 10, NULL, 0, 0, 2, 1, '', '0', 'Choisir...', 'Courir 5 mètre faire 3 pompes sur la ligne revenir faire 3 pompes puis tirage chariot puis 20 secondes de récup '),
(897, 332, 30, 5, 4, NULL, 0, 0, 1, 1, '', '0', 'Choisir...', ''),
(897, 339, 0, 5, 4, NULL, 0, 60, 1, 2, 'Gainage 30 secondes ', '0', 'Choisir...', 'gainage en récup puis 30 secondes de récups'),
(897, 348, 50, 5, 4, NULL, 0, 60, 2, 1, 'marche de l\'ours 30 secondes ', '0', 'Choisir...', '30 secondes marche de l\'ours puis 30 secondes de récup '),
(897, 355, 0, 4, 2, NULL, 0, 60, 3, 1, '30 secondes proprio statique ', '0', 'Uni', '30 seconde proprio Puis 30 secondes repos '),
(898, 220, 70, 4, 8, NULL, 0, 0, 1, 1, '', '0', 'Uni', ''),
(898, 286, 75, 4, 8, NULL, 0, 0, 1, 3, '', '0', 'Choisir...', ''),
(898, 292, 50, 4, 5, NULL, 0, 90, 1, 4, 'Saut unipodale 2 reps droite gauche ', '0', 'Choisir...', 'lancé la récup à la fin du circuit puis effectué les saut plio'),
(898, 348, 40, 4, 3, NULL, 0, 60, 2, 1, '30 secondes en positions de gainage', '0', 'Choisir...', 'Après les 30 secondes de gainage 30 secondes de récup '),
(898, 356, 65, 4, 6, NULL, 0, 0, 1, 2, '', '0', 'Choisir...', ''),
(899, 292, 50, 4, 5, NULL, 0, 60, 4, 1, 'squat statique 30 secondes ', '0', 'Uni', 'Exos de recup Puis 30 secondes de récup '),
(899, 330, 0, 5, 2, NULL, 0, 45, 5, 1, 'jetée de sac 4 fois (poids lourds)', '0', 'Uni', ''),
(899, 332, 40, 4, 4, NULL, 0, 0, 2, 1, '', '0', 'Choisir...', ''),
(899, 339, 0, 4, 4, NULL, 0, 60, 2, 2, 'gainage 30 secondes ', '0', 'Choisir...', 'après la passe faire 30 secondes de gainage puis 30 secondes de récup '),
(899, 348, 5, 4, 4, NULL, 0, 30, 3, 1, '', '0', 'Uni', ''),
(899, 353, 0, 0, 10, NULL, 0, 0, 1, 1, '', '0', 'Choisir...', '30 secondes d\'effort 20 seconde de récup'),
(900, 292, 50, 4, 5, NULL, 0, 60, 4, 1, 'squat statique 30 secondes ', '0', 'Uni', 'Exos de recup Puis 30 secondes de récup '),
(900, 330, 0, 5, 2, NULL, 0, 45, 5, 1, 'jetée de sac 4 fois (poids lourds)', '0', 'Uni', ''),
(900, 332, 40, 4, 4, NULL, 0, 0, 2, 1, '', '0', 'Choisir...', ''),
(900, 339, 0, 4, 4, NULL, 0, 60, 2, 2, 'gainage 30 secondes ', '0', 'Choisir...', 'après la passe faire 30 secondes de gainage puis 30 secondes de récup '),
(900, 348, 5, 4, 4, NULL, 0, 30, 3, 1, '', '0', 'Uni', ''),
(900, 353, 0, 0, 10, NULL, 0, 0, 1, 1, '', '0', 'Choisir...', '30 secondes d\'effort 20 seconde de récup'),
(902, 244, 65, 4, 10, NULL, 60, 0, 4, 1, '', '0', 'Bi', 'mouvement lent '),
(902, 285, 75, 5, 10, NULL, 90, 0, 3, 1, 'Proprioception 15\'\' D/G en même temps - passe sur mur ', '0', 'Bi', 'Tempo 0-3-1-0'),
(902, 325, 75, 4, 8, NULL, 0, 0, 1, 1, '', '0', 'Bi', 'tempo : 0-3-2-1'),
(902, 341, 60, 5, 8, NULL, 90, 0, 2, 1, '30 secondes marche de l\'ourse avec résistance élastique sur coté', '0', 'Bi', '30 secondes exos recup puis 1 minute de recup. Exercice lent controle max '),
(902, 357, 60, 4, 8, NULL, 90, 0, 1, 1, 'pas chassé élastique 5 mètre - petit pas ', '0', 'Bi', 'tempo : 0-1-2-1. '),
(905, 325, 75, 4, 8, NULL, 0, 0, 1, 1, '', '0', 'Bi', 'tempo : 0-3-2-1'),
(905, 341, 60, 5, 8, NULL, 90, 0, 2, 1, '30 secondes marche de l\'ourse avec résistance élastique sur coté', '0', 'Bi', '30 secondes exos recup puis 1 minute de recup. Exercice lent controle max '),
(905, 357, 60, 4, 8, NULL, 90, 0, 1, 1, 'pas chassé élastique 5 mètre - petit pas ', '0', 'Bi', 'tempo : 0-1-2-1. '),
(905, 358, 60, 4, 5, NULL, 60, 0, 3, 1, '15\'\' D/G proprio   frappe balle sur mur ', '0', 'Uni', 'jetée la barre la réceptionner de l\'autre coté '),
(905, 359, 0, 4, 3, NULL, 60, 0, 4, 1, 'iso planche 30 secondes ', '0', 'Bi', ''),
(906, 325, 75, 4, 8, NULL, 0, 0, 1, 1, '', '0', 'Bi', 'tempo : 0-3-2-1'),
(906, 341, 60, 5, 8, NULL, 90, 0, 2, 1, '30 secondes marche de l\'ourse avec résistance élastique sur coté', '0', 'Bi', '30 secondes exos recup puis 1 minute de recup. Exercice lent controle max '),
(906, 353, 0, 0, 11, NULL, 0, 0, 3, 1, '', '0', 'Choisir...', '40/20 sur ergo de son choix (par forcement airbike)'),
(906, 357, 60, 4, 8, NULL, 90, 0, 1, 1, 'pas chassé élastique 5 mètre - petit pas ', '0', 'Bi', 'tempo : 0-1-2-1. '),
(907, 325, 75, 4, 8, NULL, 0, 0, 1, 1, '', '0', 'Bi', 'tempo : 0-3-2-1'),
(907, 341, 60, 5, 8, NULL, 90, 0, 2, 1, '30 secondes marche de l\'ourse avec résistance élastique sur coté', '0', 'Bi', '30 secondes exos recup puis 1 minute de recup. Exercice lent controle max '),
(907, 353, 0, 0, 11, NULL, 0, 0, 3, 1, '', '0', 'Choisir...', '40/20 sur ergo de son choix (par forcement airbike)'),
(907, 357, 60, 4, 8, NULL, 90, 0, 1, 1, 'pas chassé élastique 5 mètre - petit pas ', '0', 'Bi', 'tempo : 0-1-2-1. '),
(908, 361, 0, 0, 5, NULL, 20, 0, 1, 1, '', '0', 'Uni', '20 secondes droite gauche'),
(909, 262, 70, 5, 8, NULL, 0, 0, 3, 1, '', '0', 'Bi', ''),
(909, 329, 0, 4, 5, NULL, 1, 0, 2, 1, '', '0', 'Uni', ''),
(909, 330, 0, 4, 3, NULL, 0, 0, 2, 2, '', '0', 'Uni', '5 mètre marche arrière'),
(909, 360, 0, 4, 1, NULL, 90, 0, 2, 3, '30 secondes de gainages puis 60 secondes de repos total', '0', 'Bi', ''),
(909, 361, 0, 0, 5, NULL, 20, 0, 1, 1, '', '0', 'Uni', '20 secondes droite gauche'),
(909, 362, 0, 5, 1, NULL, 60, 0, 3, 2, 'repos total', '0', 'Bi', 'pas chassé sur 5 mètres'),
(914, 255, 60, 4, 8, NULL, 0, 0, 1, 2, '', '0', 'Bi', 'mouvement lent'),
(914, 285, 65, 4, 8, NULL, 0, 0, 1, 1, '', '0', 'Bi', 'Tempo : 1-3-1-2'),
(914, 286, 65, 4, 8, NULL, 60, 0, 2, 1, '', '0', 'Bi', 'après une 1 reps rajouter une rotation externe'),
(914, 350, 60, 4, 6, NULL, 90, 0, 1, 3, '', '0', 'Bi', 'Exercice : 10 seconde iso puis 6 reps.        \nRecup : Proprio unipodale 15\'\' droite / gauche'),
(914, 363, 60, 3, 8, NULL, 0, 0, 3, 1, '', '0', 'Bi', ''),
(914, 364, 60, 3, 8, NULL, 60, 0, 3, 1, 'd', '0', 'Bi', 'Gainage 30 secondes pendant la récup\n'),
(915, 255, 60, 4, 8, NULL, 0, 0, 1, 2, '', '0', 'Bi', 'mouvement lent'),
(915, 285, 65, 4, 8, NULL, 0, 0, 1, 1, '', '0', 'Bi', 'Tempo : 1-3-1-2'),
(915, 286, 65, 4, 8, NULL, 60, 0, 2, 1, '', '0', 'Bi', 'après une 1 reps rajouter une rotation externe'),
(915, 324, 50, 4, 8, NULL, 30, 0, 4, 1, '', '0', 'Uni', 'pompe contre mur unipodale 2 explo droite gauche '),
(915, 349, 50, 4, 4, NULL, 60, 0, 3, 1, '', '0', 'Uni', 'Push sur barre 4 reps puis 4 jetée de sac'),
(915, 350, 60, 4, 6, NULL, 90, 0, 1, 3, '', '0', 'Bi', 'Exercice : 10 seconde iso puis 6 reps.        \nRecup : Proprio unipodale 15\'\' droite / gauche'),
(916, 255, 60, 4, 8, NULL, 0, 0, 1, 2, '', '0', 'Bi', 'mouvement lent'),
(916, 285, 65, 4, 8, NULL, 0, 0, 1, 1, '', '0', 'Bi', 'Tempo : 1-3-1-2'),
(916, 286, 65, 4, 8, NULL, 60, 0, 2, 1, '', '0', 'Bi', 'après une 1 reps rajouter une rotation externe'),
(916, 350, 60, 4, 6, NULL, 90, 0, 1, 3, '', '0', 'Bi', 'Exercice : 10 seconde iso puis 6 reps.        \nRecup : Proprio unipodale 15\'\' droite / gauche'),
(916, 353, 0, 2, 10, NULL, 90, 0, 3, 1, '', '0', 'Bi', '20\" effort 10\" recup ergo de ton choix'),
(917, 255, 60, 4, 8, NULL, 0, 0, 1, 2, '', '0', 'Bi', 'mouvement lent'),
(917, 285, 65, 4, 8, NULL, 0, 0, 1, 1, '', '0', 'Bi', 'Tempo : 1-3-1-2'),
(917, 286, 65, 4, 8, NULL, 60, 0, 2, 1, '', '0', 'Bi', 'après une 1 reps rajouter une rotation externe'),
(917, 350, 60, 4, 6, NULL, 90, 0, 1, 3, '', '0', 'Bi', 'Exercice : 10 seconde iso puis 6 reps.        \nRecup : Proprio unipodale 15\'\' droite / gauche'),
(917, 353, 0, 2, 10, NULL, 90, 0, 3, 1, '', '0', 'Bi', '20\" effort 10\" recup ergo de ton choix'),
(918, 333, 45, 4, 15, NULL, 30, 0, 3, 1, '', '0', 'Choisir...', '15 secondes iso droite gauche devant derrière'),
(918, 361, 30, 50, 6, NULL, 30, 0, 4, 1, '', '0', 'Choisir...', '5 deadlilt unipodale droite gauche pendant la récup'),
(918, 365, 45, 4, 6, NULL, 45, 0, 1, 1, '', '0', 'Choisir...', ''),
(918, 366, 45, 5, 15, NULL, 45, 0, 2, 1, '', '0', 'Choisir...', '15 secondes iso D/G'),
(920, 336, 60, 4, 8, NULL, 90, 0, 1, 1, 'Pas chassé élastique 4 mètres', '0', 'Uni', 'controle total du mouvement '),
(920, 357, 70, 4, 8, NULL, 90, 0, 2, 1, '30 secondes de gainages ', '0', 'Bi', 'Buste penché, objectif travaillé le dos. '),
(920, 368, 70, 5, 6, NULL, 60, 0, 3, 1, 'Rotation buste élastique 4 répétitions droite/gauche', '0', 'Bi', ''),
(920, 370, 0, 4, 4, NULL, 45, 0, 4, 1, '', '0', 'Bi', 'Isométrie 10 secondes. après le bosu se mettre sur le sol'),
(921, 235, 70, 4, 8, NULL, 0, 0, 4, 1, '', '0', 'Bi', ''),
(921, 252, 70, 4, 8, NULL, 60, 0, 4, 1, '', '0', 'Bi', ''),
(921, 336, 60, 4, 8, NULL, 90, 0, 1, 1, 'Pas chassé élastique 4 mètres', '0', 'Uni', 'controle total du mouvement '),
(921, 357, 70, 4, 8, NULL, 90, 0, 2, 1, '30 secondes de gainages ', '0', 'Bi', 'Buste penché, objectif travaillé le dos. '),
(921, 368, 70, 5, 6, NULL, 60, 0, 3, 1, 'Rotation buste élastique 4 répétitions droite/gauche', '0', 'Bi', ''),
(922, 276, 60, 6, 4, NULL, 0, 0, 4, 1, '', '0', 'Uni', 'Droite gauche pour l\'épaulée haltère'),
(922, 335, 0, 6, 0, NULL, 30, 0, 4, 1, '', '0', 'Bi', ''),
(922, 336, 60, 4, 8, NULL, 90, 0, 1, 1, 'Pas chassé élastique 4 mètres', '0', 'Uni', 'controle total du mouvement '),
(922, 354, 0, 6, 1, NULL, 0, 0, 4, 1, '', '0', 'Bi', ''),
(922, 357, 70, 4, 8, NULL, 90, 0, 2, 1, '30 secondes de gainages ', '0', 'Bi', 'Buste penché, objectif travaillé le dos. '),
(922, 368, 70, 5, 6, NULL, 60, 0, 3, 1, 'Rotation buste élastique 4 répétitions droite/gauche', '0', 'Bi', ''),
(923, 276, 60, 6, 4, NULL, 0, 0, 4, 1, '', '0', 'Uni', 'Droite gauche pour l\'épaulée haltère'),
(923, 335, 0, 6, 0, NULL, 30, 0, 4, 1, '', '0', 'Bi', ''),
(923, 336, 60, 4, 8, NULL, 90, 0, 1, 1, 'Pas chassé élastique 4 mètres', '0', 'Uni', 'controle total du mouvement '),
(923, 354, 0, 6, 1, NULL, 0, 0, 4, 1, '', '0', 'Bi', ''),
(923, 357, 70, 4, 8, NULL, 90, 0, 2, 1, '30 secondes de gainages ', '0', 'Bi', 'Buste penché, objectif travaillé le dos. '),
(923, 368, 70, 5, 6, NULL, 60, 0, 3, 1, 'Rotation buste élastique 4 répétitions droite/gauche', '0', 'Bi', ''),
(925, 293, 60, 5, 5, NULL, 90, 0, 2, 2, 'proprioception 15\" droite/gauche ', '0', 'Bi', 'Mouvement lent '),
(925, 349, 40, 4, 4, NULL, 45, 0, 4, 1, '', '0', 'Bi', 'jetée bras gauche/bras droit'),
(925, 356, 65, 4, 6, NULL, 90, 0, 1, 1, 'Gainage 30\" ', '0', 'Bi', 'mouvement lent'),
(925, 362, 0, 4, 4, NULL, 60, 0, 3, 1, '', '0', 'Uni', 'Pas chassé sur 5 mètre : 1 reps = 1 aller 2 reps = 1 aller retour'),
(925, 372, 50, 5, 4, NULL, 0, 0, 2, 1, '', '0', 'Uni', ''),
(926, 293, 60, 5, 5, NULL, 90, 0, 2, 2, 'proprioception 15\" droite/gauche ', '0', 'Bi', 'Mouvement lent '),
(926, 349, 40, 3, 4, NULL, 45, 0, 4, 1, '', '0', 'Bi', 'jetée bras gauche/bras droit'),
(926, 356, 65, 4, 6, NULL, 90, 0, 1, 1, 'Gainage 30\" ', '0', 'Bi', 'mouvement lent'),
(926, 362, 0, 4, 4, NULL, 60, 0, 3, 1, '', '0', 'Uni', 'Pas chassé sur 5 mètre : 1 reps = 1 aller 2 reps = 1 aller retour'),
(926, 372, 50, 5, 4, NULL, 0, 0, 2, 1, '', '0', 'Uni', ''),
(927, 293, 60, 5, 5, NULL, 90, 0, 2, 2, 'proprioception 15\" droite/gauche ', '0', 'Bi', 'Mouvement lent '),
(927, 353, 0, 1, 1, NULL, 0, 0, 4, 1, '', '0', 'Bi', '10 minutes sur cardio de son choix a intensité moyenne'),
(927, 356, 65, 4, 6, NULL, 90, 0, 1, 1, 'Gainage 30\" ', '0', 'Bi', 'mouvement lent'),
(927, 362, 0, 4, 4, NULL, 60, 0, 3, 1, '', '0', 'Uni', 'Pas chassé sur 5 mètre : 1 reps = 1 aller 2 reps = 1 aller retour'),
(927, 372, 50, 5, 4, NULL, 0, 0, 2, 1, '', '0', 'Uni', ''),
(928, 293, 60, 5, 5, NULL, 90, 0, 2, 2, 'proprioception 15\" droite/gauche ', '0', 'Bi', 'Mouvement lent '),
(928, 353, 0, 1, 1, NULL, 0, 0, 4, 1, '', '0', 'Bi', '10 minutes sur cardio de son choix a intensité moyenne'),
(928, 356, 65, 4, 6, NULL, 90, 0, 1, 1, 'Gainage 30\" ', '0', 'Bi', 'mouvement lent'),
(928, 362, 0, 4, 4, NULL, 60, 0, 3, 1, '', '0', 'Uni', 'Pas chassé sur 5 mètre : 1 reps = 1 aller 2 reps = 1 aller retour'),
(928, 372, 50, 5, 4, NULL, 0, 0, 2, 1, '', '0', 'Uni', ''),
(929, 231, 60, 4, 8, NULL, 0, 0, 4, 1, '', '0', 'Bi', ''),
(929, 251, 60, 4, 8, NULL, 90, 0, 4, 2, '', '0', 'Bi', ''),
(929, 293, 60, 5, 5, NULL, 90, 0, 2, 2, 'proprioception 15\" droite/gauche ', '0', 'Bi', 'Mouvement lent '),
(929, 356, 65, 4, 6, NULL, 90, 0, 1, 1, 'Gainage 30\" ', '0', 'Bi', 'mouvement lent'),
(929, 362, 0, 4, 4, NULL, 60, 0, 3, 1, '', '0', 'Uni', 'Pas chassé sur 5 mètre : 1 reps = 1 aller 2 reps = 1 aller retour'),
(929, 372, 50, 5, 4, NULL, 0, 0, 2, 1, '', '0', 'Uni', '');

-- --------------------------------------------------------

--
-- Structure de la table `join_exercice_fichier`
--

CREATE TABLE IF NOT EXISTS `join_exercice_fichier` (
  `nomFichier` varchar(500) CHARACTER SET utf8mb4 COLLATE utf8mb4_0900_ai_ci NOT NULL,
  `idExercice` int NOT NULL,
  PRIMARY KEY (`nomFichier`,`idExercice`),
  KEY `fk_id_exercie_fichier` (`idExercice`)
) ENGINE=InnoDB DEFAULT CHARSET=utf8mb4 COLLATE=utf8mb4_0900_ai_ci;

--
-- Déchargement des données de la table `join_exercice_fichier`
--

INSERT INTO `join_exercice_fichier` (`nomFichier`, `idExercice`) VALUES
('DCHALTÈRE.JPG', 220),
('DCHALTÈRE.JPG', 222),
('SDT.JPG', 259),
('TÉLÉCHARGER.JPG', 262),
('66d01c7072520.jpg', 293),
('POMPESAUTÉE.JPG', 324),
('TIRAGEÀLABARRE.JPG', 325),
('ECARTÉETRX.JPG', 326),
('PROPRIOCEPTION.JPG', 327),
('FLEXIONEXTENSIONÉLASTIQUE.JPG', 328),
('ISCHIOCURLÉLASTIQUE.JPG', 329),
('DESCENTEBOXLENTE.JPG', 330),
('JETÉEWALLBALL.JPG', 332),
('RENFOSNUQEÉLASTIQUE.JPG', 333),
('TRXT.JPG', 334),
('GAINAGE.JPG', 335),
('FENTEALTERNÉE.JPG', 336),
('DCHALTÈREEÉLASTIQUE.JPG', 338),
('PASSERUGBYPROPRIO.JPG', 339),
('POMPENÉGATIVE.JPG', 340),
('DÉVELOPPERMILITAIREÉLASTIQUE.JPG', 341),
('DEMISQUATBARRELIBRE.JPG', 342),
('LEGEXTENSION.JPG', 343),
('RELEVÉEDEHANCHE.JPG', 344),
('EXTENSIONMOLLET.JPG', 345),
('66ceb59180dfc.jpg', 357),
('66c7512eedfd2.jpg', 360),
('66cd861aea058.png', 365),
('66cd86f04f353.png', 366),
('66ceb58457abe.jpg', 368),
('66ceb5cec063b.jpg', 369),
('66ceb6fdbc42a.jpg', 370);

-- --------------------------------------------------------

--
-- Structure de la table `join_group_joueur`
--

CREATE TABLE IF NOT EXISTS `join_group_joueur` (
  `idGroupe` int NOT NULL,
  `idJoueur` varchar(180) CHARACTER SET utf8mb4 COLLATE utf8mb4_unicode_ci NOT NULL,
  PRIMARY KEY (`idGroupe`,`idJoueur`),
  KEY `join_id_groupe` (`idGroupe`),
  KEY `join_id_joueur` (`idJoueur`)
) ENGINE=InnoDB DEFAULT CHARSET=utf8mb4 COLLATE=utf8mb4_0900_ai_ci;

--
-- Déchargement des données de la table `join_group_joueur`
--

INSERT INTO `join_group_joueur` (`idGroupe`, `idJoueur`) VALUES
(37, 'aimeryckholisi@yahoo.com'),
(37, 'alix.escmt@gmail.com'),
(37, 'amiranashvilinika21@gmail.com'),
(37, 'andypasques@gmail.com'),
(37, 'anthony.ribeaudeau@hotmail.fr'),
(37, 'antoninmarekwica@gmail.com'),
(37, 'baptistebertrand0208@gmail.com'),
(37, 'Chamseddine.khalifa@sfr.fr'),
(37, 'Charlydemo@gmail.com'),
(37, 'Chathuret@gmail.com'),
(37, 'cocoschirck4@gmail.com'),
(37, 'compinromain@orange.fr'),
(37, 'dalehendricks96@gmail.com'),
(37, 'diegonoizat@gmail.com'),
(37, 'divanjonck@icloud.com'),
(37, 'elliotbale@hotmail.com'),
(37, 'emile.canivet@gmail.com'),
(37, 'enzo18190@gmail.com'),
(37, 'gabin.guillaudeau@gmail.com'),
(37, 'gannelon.samuel@laposte.net'),
(37, 'gary.vincent3107@gmail.com'),
(37, 'gary.vincent310702@gmail.com'),
(37, 'hanrov0419@gmail.com'),
(37, 'ionut_ovidiu27@yahoo.com'),
(37, 'j.faure725@laposte.net'),
(37, 'jeremy.bourdin18@gmail.com'),
(37, 'joshuua.cartier@gmail.com'),
(37, 'khalifanejmeddine95@gmail.com'),
(37, 'lancelot50120@gmail.com'),
(37, 'leon.legros01@gmail.com'),
(37, 'lloretabel@gmail.com'),
(37, 'louisboyau8@gmail.com'),
(37, 'lucas.jarousse@gmail.com'),
(37, 'lucastiago18230@gmail.com'),
(37, 'Lukas.cncn@gmail.com'),
(37, 'marcbourdariat@gmail.com'),
(37, 'marceauxremy@gmail.com'),
(37, 'mathis2005.mg@gmail.com'),
(37, 'maxencebuffet77@gmail.com'),
(37, 'maxime.gaury@gmail.com'),
(37, 'mehdicheikh531@icloud.com'),
(37, 'momeana.senio@gmail.com'),
(37, 'noetouleron@icloud.com'),
(37, 'Palthimena92@gmail.com'),
(37, 'paul.vannier@icloud.com'),
(37, 'paul.vaskou@sfr.fr'),
(37, 'quentin.demeuzoy@gmail.com'),
(37, 'raph.bullier@gmail.com'),
(37, 'robinivan@gmail.com'),
(37, 'seluirondy@gmail.com'),
(37, 'simeon.narboux77@gmail.com'),
(37, 'soucharly04@gmail.com'),
(37, 'teoenrico23@gmail.com'),
(37, 'theocroisy18@gmail.com'),
(37, 'thomas.beraza.stl@gmail.com'),
(37, 'tvedel@yahoo.com'),
(37, 'Umprianiirakli@gmail.com'),
(37, 'vivienfesser0210@orange.fr'),
(37, 'waraputuma@gmail.com'),
(49, 'andypasques@gmail.com'),
(49, 'Chamseddine.khalifa@sfr.fr'),
(49, 'Chathuret@gmail.com'),
(49, 'compinromain@orange.fr'),
(49, 'diegonoizat@gmail.com'),
(49, 'gannelon.samuel@laposte.net'),
(49, 'j.faure725@laposte.net'),
(49, 'leon.legros01@gmail.com'),
(49, 'lucas.jarousse@gmail.com'),
(49, 'noetouleron@icloud.com'),
(49, 'paul.vannier@icloud.com'),
(49, 'soucharly04@gmail.com'),
(49, 'teoenrico23@gmail.com'),
(50, 'Chamseddine.khalifa@sfr.fr'),
(50, 'cocoschirck4@gmail.com'),
(50, 'dalehendricks96@gmail.com'),
(50, 'divanjonck@icloud.com'),
(50, 'elliotbale@hotmail.com'),
(50, 'enzo18190@gmail.com'),
(50, 'hanrov0419@gmail.com'),
(50, 'louisboyau8@gmail.com'),
(50, 'lucas.jarousse@gmail.com'),
(50, 'lucastiago18230@gmail.com'),
(50, 'marceauxremy@gmail.com'),
(50, 'maxime.gaury@gmail.com'),
(50, 'robinivan@gmail.com'),
(50, 'sagatomoleana@gmail.com'),
(50, 'teoenrico23@gmail.com'),
(50, 'theocroisy18@gmail.com'),
(50, 'Umprianiirakli@gmail.com'),
(50, 'vivienfesser0210@orange.fr'),
(50, 'waraputuma@gmail.com'),
(51, 'aimeryckholisi@yahoo.com'),
(51, 'ionut_ovidiu27@yahoo.com'),
(51, 'momeana.senio@gmail.com'),
(51, 'paul.vaskou@sfr.fr'),
(51, 'quentin.demeuzoy@gmail.com'),
(53, 'emile.canivet@gmail.com'),
(53, 'gannelon.samuel@laposte.net'),
(53, 'gary.vincent3107@gmail.com'),
(53, 'jeremy.bourdin18@gmail.com'),
(53, 'khalifanejmeddine95@gmail.com'),
(53, 'louisboyau8@gmail.com'),
(53, 'marcbourdariat@gmail.com'),
(53, 'maxime.gaury@gmail.com'),
(53, 'mehdicheikh531@icloud.com'),
(53, 'Palthimena92@gmail.com'),
(53, 'simeon.narboux77@gmail.com'),
(53, 'tvedel@yahoo.com'),
(54, 'aimeryckholisi@yahoo.com'),
(54, 'gannelon.samuel@laposte.net'),
(54, 'ionut_ovidiu27@yahoo.com'),
(54, 'khalifanejmeddine95@gmail.com'),
(54, 'marcbourdariat@gmail.com'),
(54, 'maxime.gaury@gmail.com'),
(54, 'mehdicheikh531@icloud.com'),
(54, 'noetouleron@icloud.com'),
(54, 'Palthimena92@gmail.com'),
(54, 'paul.vannier@icloud.com'),
(54, 'quentin.demeuzoy@gmail.com'),
(54, 'teoenrico23@gmail.com'),
(54, 'vivienfesser0210@orange.fr'),
(55, 'andypasques@gmail.com'),
(55, 'Chathuret@gmail.com'),
(55, 'compinromain@orange.fr'),
(55, 'diegonoizat@gmail.com'),
(55, 'emile.canivet@gmail.com'),
(55, 'hanrov0419@gmail.com'),
(55, 'jeremy.bourdin18@gmail.com'),
(55, 'leon.legros01@gmail.com'),
(55, 'lucas.jarousse@gmail.com'),
(55, 'momeana.senio@gmail.com'),
(55, 'paul.vaskou@sfr.fr'),
(55, 'simeon.narboux77@gmail.com'),
(55, 'theocroisy18@gmail.com'),
(55, 'waraputuma@gmail.com'),
(56, 'enzo18190@gmail.com'),
(58, 'cocoschirck4@gmail.com'),
(58, 'divanjonck@icloud.com'),
(58, 'lucastiago18230@gmail.com'),
(58, 'marceauxremy@gmail.com'),
(58, 'robinivan@gmail.com'),
(58, 'soucharly04@gmail.com'),
(58, 'Umprianiirakli@gmail.com'),
(60, 'divanjonck@icloud.com'),
(60, 'enzo18190@gmail.com'),
(60, 'marcbourdariat@gmail.com'),
(60, 'robinivan@gmail.com'),
(61, 'emile.canivet@gmail.com');

-- --------------------------------------------------------

--
-- Structure de la table `join_joueur_match`
--

CREATE TABLE IF NOT EXISTS `join_joueur_match` (
  `id_joueur` varchar(255) CHARACTER SET utf8mb4 COLLATE utf8mb4_unicode_ci NOT NULL,
  `id_idMatch` int NOT NULL,
  `tempsDeJeu` int NOT NULL,
  PRIMARY KEY (`id_joueur`,`id_idMatch`),
  KEY `join_id_match_joueur` (`id_idMatch`)
) ENGINE=InnoDB DEFAULT CHARSET=utf8mb4 COLLATE=utf8mb4_0900_ai_ci;

-- --------------------------------------------------------

--
-- Structure de la table `join_type_entrainement`
--

CREATE TABLE IF NOT EXISTS `join_type_entrainement` (
  `type_id` int NOT NULL,
  `entrainement_id` int NOT NULL,
  PRIMARY KEY (`type_id`,`entrainement_id`),
  KEY `fk_join_id_entrainement` (`entrainement_id`),
  KEY `fk_join_id_type` (`type_id`)
) ENGINE=InnoDB DEFAULT CHARSET=utf8mb4 COLLATE=utf8mb4_0900_ai_ci;

--
-- Déchargement des données de la table `join_type_entrainement`
--

INSERT INTO `join_type_entrainement` (`type_id`, `entrainement_id`) VALUES
(3, 851),
(3, 858),
(3, 866),
(3, 868),
(3, 877),
(3, 879),
(1, 881),
(3, 882),
(1, 886),
(1, 887),
(1, 888),
(1, 889),
(1, 890),
(1, 892),
(3, 893),
(1, 894),
(1, 896),
(1, 897),
(1, 898),
(1, 899),
(1, 900),
(3, 901),
(1, 902),
(1, 905),
(1, 906),
(1, 907),
(1, 908),
(1, 909),
(3, 911),
(3, 913),
(1, 914),
(1, 915),
(1, 916),
(1, 917),
(1, 918),
(1, 920),
(1, 921),
(1, 922),
(1, 923),
(3, 924),
(1, 925),
(1, 926),
(1, 927),
(1, 928),
(1, 929),
(3, 931);

-- --------------------------------------------------------

--
-- Structure de la table `malade`
--

CREATE TABLE IF NOT EXISTS `malade` (
  `id` int NOT NULL AUTO_INCREMENT,
  `idJoueur` varchar(255) NOT NULL,
  `dateDebut` datetime NOT NULL DEFAULT CURRENT_TIMESTAMP,
  `dateFin` date NOT NULL,
  `total` int NOT NULL,
  `partiel` int NOT NULL,
  PRIMARY KEY (`id`)
) ENGINE=MyISAM AUTO_INCREMENT=11 DEFAULT CHARSET=utf8mb4 COLLATE=utf8mb4_0900_ai_ci;

--
-- Déchargement des données de la table `malade`
--

INSERT INTO `malade` (`id`, `idJoueur`, `dateDebut`, `dateFin`, `total`, `partiel`) VALUES
(10, 'gary.vincent310702@gmail.com', '2024-09-24 16:17:37', '2024-09-10', 1, 1);

-- --------------------------------------------------------

--
-- Structure de la table `match`
--

CREATE TABLE IF NOT EXISTS `match` (
  `id` int NOT NULL AUTO_INCREMENT,
  `libelleMatch` varchar(255) CHARACTER SET utf8mb4 COLLATE utf8mb4_0900_ai_ci NOT NULL,
  `dateMatch` date NOT NULL,
  PRIMARY KEY (`id`)
) ENGINE=InnoDB AUTO_INCREMENT=4 DEFAULT CHARSET=utf8mb4 COLLATE=utf8mb4_0900_ai_ci;

--
-- Déchargement des données de la table `match`
--

INSERT INTO `match` (`id`, `libelleMatch`, `dateMatch`) VALUES
(1, 'test', '2024-09-25'),
(2, 'test', '2024-09-25'),
(3, 'Test 2', '2024-09-19');

-- --------------------------------------------------------

--
-- Structure de la table `questionnaire`
--

CREATE TABLE IF NOT EXISTS `questionnaire` (
  `id` int NOT NULL AUTO_INCREMENT,
  `dateHeure` datetime NOT NULL,
  `idGroupe` int DEFAULT NULL,
  `date_heure_creation` datetime NOT NULL,
  `createur` varchar(180) CHARACTER SET utf8mb4 COLLATE utf8mb4_unicode_ci DEFAULT NULL,
  `isInstant` int NOT NULL DEFAULT '0',
  `lieu` varchar(255) CHARACTER SET utf8mb4 COLLATE utf8mb4_0900_ai_ci DEFAULT NULL,
  `context` varchar(255) CHARACTER SET utf8mb4 COLLATE utf8mb4_0900_ai_ci DEFAULT 'entrainement',
  `available` int NOT NULL DEFAULT '1',
  PRIMARY KEY (`id`),
  KEY `fk_join_equipe` (`idGroupe`),
  KEY `fk_mail_createur` (`createur`)
) ENGINE=InnoDB AUTO_INCREMENT=933 DEFAULT CHARSET=utf8mb4 COLLATE=utf8mb4_0900_ai_ci;

--
-- Déchargement des données de la table `questionnaire`
--

INSERT INTO `questionnaire` (`id`, `dateHeure`, `idGroupe`, `date_heure_creation`, `createur`, `isInstant`, `lieu`, `context`, `available`) VALUES
(834, '2024-07-16 23:45:00', 37, '2024-07-16 23:45:17', 'lancelot50120@gmail.com', 1, '', 'hooper', 1),
(836, '2024-07-17 06:00:00', 37, '2024-07-17 01:47:25', 'lancelot50120@gmail.com', 1, '', 'hooper', 1),
(838, '2024-07-18 23:46:00', NULL, '2024-07-18 23:46:47', 'lancelot50120@gmail.com', 1, '', 'hooper', 1),
(839, '2024-07-18 23:48:00', NULL, '2024-07-18 23:47:25', 'lancelot50120@gmail.com', 1, '', 'hooper', 1),
(850, '2024-07-19 09:00:00', 37, '2024-07-19 08:49:14', 'lancelot50120@gmail.com', 1, '', 'hooper', 1),
(851, '2024-07-19 20:00:00', 37, '2024-07-19 09:30:33', 'lancelot50120@gmail.com', 0, 'Sur terrain', 'entrainement', 1),
(852, '2024-07-22 10:00:00', 37, '2024-07-22 10:13:45', 'lancelot50120@gmail.com', 1, '', 'hooper', 1),
(854, '2024-07-24 06:00:00', 37, '2024-07-24 00:12:16', 'lancelot50120@gmail.com', 1, '', 'hooper', 1),
(856, '2024-07-26 06:00:00', 37, '2024-07-26 04:01:01', 'lancelot50120@gmail.com', 1, '', 'hooper', 1),
(857, '2024-07-29 06:00:00', 37, '2024-07-29 00:27:24', 'lancelot50120@gmail.com', 1, '', 'hooper', 1),
(858, '2024-07-29 20:46:00', 37, '2024-07-29 20:46:20', 'lancelot50120@gmail.com', 0, 'Sur terrain', 'entrainement', 0),
(859, '2024-07-31 06:00:00', 37, '2024-07-31 02:03:47', 'lancelot50120@gmail.com', 1, '', 'hooper', 1),
(860, '2024-08-01 06:00:00', 37, '2024-08-01 00:27:27', 'lancelot50120@gmail.com', 1, '', 'hooper', 1),
(866, '2024-08-01 21:06:00', 37, '2024-08-01 21:05:58', 'lancelot50120@gmail.com', 0, 'Sur terrain', 'entrainement', 0),
(867, '2024-08-02 10:06:00', 37, '2024-08-02 10:06:36', 'lancelot50120@gmail.com', 1, '', 'hooper', 1),
(868, '2024-08-02 20:50:00', 37, '2024-08-02 20:06:21', 'lancelot50120@gmail.com', 0, 'Sur terrain', 'entrainement', 0),
(870, '2024-08-05 10:32:00', 37, '2024-08-05 10:36:50', 'lancelot50120@gmail.com', 1, '', 'hooper', 1),
(877, '2024-08-05 20:40:00', 37, '2024-08-05 20:38:55', 'lancelot50120@gmail.com', 0, 'Sur terrain', 'entrainement', 1),
(878, '2024-08-07 06:00:00', 37, '2024-08-07 00:54:31', 'lancelot50120@gmail.com', 1, '', 'hooper', 1),
(879, '2024-08-07 20:02:00', 37, '2024-08-07 20:02:27', 'lancelot50120@gmail.com', 0, 'Sur terrain', 'entrainement', 1),
(880, '2024-08-09 07:02:00', 37, '2024-08-09 07:02:21', 'lancelot50120@gmail.com', 1, '', 'hooper', 0),
(881, '2024-08-09 07:36:00', 37, '2024-08-09 07:43:45', 'lancelot50120@gmail.com', 0, 'En salle', 'entrainement', 1),
(882, '2024-08-09 21:00:00', 37, '2024-08-09 21:00:52', 'lancelot50120@gmail.com', 0, 'Sur terrain', 'entrainement', 1),
(883, '2024-08-12 08:30:00', 37, '2024-08-12 08:48:16', 'lancelot50120@gmail.com', 1, '', 'hooper', 1),
(884, '2024-08-14 06:00:00', 37, '2024-08-14 00:37:37', 'lancelot50120@gmail.com', 1, '', 'hooper', 1),
(885, '2024-08-16 06:01:00', 37, '2024-08-15 23:35:06', 'lancelot50120@gmail.com', 1, '', 'hooper', 1),
(886, '2024-08-18 15:50:00', 49, '2024-08-18 16:00:27', 'lancelot50120@gmail.com', 0, 'En salle', 'entrainement', 1),
(887, '2024-08-18 15:50:00', 50, '2024-08-18 16:03:09', 'lancelot50120@gmail.com', 0, 'En salle', 'entrainement', 1),
(888, '2024-08-18 15:50:00', 51, '2024-08-18 16:03:27', 'lancelot50120@gmail.com', 0, 'En salle', 'entrainement', 1),
(889, '2024-08-18 15:50:00', 53, '2024-08-18 16:03:40', 'lancelot50120@gmail.com', 0, 'En salle', 'entrainement', 1),
(890, '2024-08-18 15:50:00', 46, '2024-08-18 16:04:09', 'lancelot50120@gmail.com', 0, 'En salle', 'entrainement', 1),
(891, '2024-08-19 06:00:00', 37, '2024-08-18 23:40:25', 'lancelot50120@gmail.com', 1, '', 'hooper', 1),
(892, '2024-08-19 06:00:00', 37, '2024-08-19 01:02:46', 'lancelot50120@gmail.com', 0, 'En salle', 'entrainement', 1),
(893, '2024-08-19 20:29:00', 37, '2024-08-19 20:30:08', 'lancelot50120@gmail.com', 0, 'Sur terrain', 'entrainement', 1),
(894, '2024-08-20 06:45:00', 37, '2024-08-20 06:41:16', 'lancelot50120@gmail.com', 0, 'En salle', 'entrainement', 1),
(895, '2024-08-21 07:32:00', 37, '2024-08-21 07:32:28', 'lancelot50120@gmail.com', 1, '', 'hooper', 1),
(896, '2024-08-21 08:30:00', 54, '2024-08-21 08:24:55', 'lancelot50120@gmail.com', 0, 'En salle', 'entrainement', 1),
(897, '2024-08-21 08:30:00', 55, '2024-08-21 08:28:14', 'lancelot50120@gmail.com', 0, 'En salle', 'entrainement', 1),
(898, '2024-08-21 08:36:00', 58, '2024-08-21 08:35:45', 'lancelot50120@gmail.com', 0, 'En salle', 'entrainement', 1),
(899, '2024-08-21 08:36:00', 46, '2024-08-21 08:53:51', 'lancelot50120@gmail.com', 0, 'En salle', 'entrainement', 1),
(900, '2024-08-21 08:36:00', 48, '2024-08-21 08:54:09', 'lancelot50120@gmail.com', 0, 'En salle', 'entrainement', 1),
(901, '2024-08-21 20:02:00', 37, '2024-08-21 20:02:46', 'lancelot50120@gmail.com', 0, 'En salle', 'entrainement', 1),
(902, '2024-08-22 07:30:00', 49, '2024-08-22 07:44:27', 'lancelot50120@gmail.com', 0, 'En salle', 'entrainement', 1),
(905, '2024-08-22 07:30:00', 53, '2024-08-22 07:50:30', 'lancelot50120@gmail.com', 0, 'En salle', 'entrainement', 1),
(906, '2024-08-22 07:30:00', 50, '2024-08-22 07:52:05', 'lancelot50120@gmail.com', 0, 'En salle', 'entrainement', 1),
(907, '2024-08-22 07:30:00', 51, '2024-08-22 07:52:33', 'lancelot50120@gmail.com', 0, 'En salle', 'entrainement', 1),
(908, '2024-08-22 16:55:00', 48, '2024-08-22 17:00:54', 'lancelot50120@gmail.com', 0, 'En salle', 'entrainement', 1),
(909, '2024-08-22 16:55:00', 48, '2024-08-22 17:01:13', 'lancelot50120@gmail.com', 0, 'En salle', 'entrainement', 1),
(910, '2024-08-23 09:28:00', 37, '2024-08-23 09:28:54', 'lancelot50120@gmail.com', 1, '', 'hooper', 1),
(911, '2024-08-23 21:02:00', 37, '2024-08-23 21:03:15', 'lancelot50120@gmail.com', 0, 'Sur terrain', 'entrainement', 1),
(912, '2024-08-26 07:30:00', 37, '2024-08-26 07:30:44', 'lancelot50120@gmail.com', 1, '', 'hooper', 1),
(913, '2024-08-26 21:00:00', 37, '2024-08-26 19:57:54', 'lancelot50120@gmail.com', 0, 'Sur terrain', 'entrainement', 1),
(914, '2024-08-27 09:00:00', 49, '2024-08-27 09:04:49', 'lancelot50120@gmail.com', 0, 'En salle', 'entrainement', 1),
(915, '2024-08-27 09:00:00', 53, '2024-08-27 09:10:04', 'lancelot50120@gmail.com', 0, 'En salle', 'entrainement', 1),
(916, '2024-08-27 09:00:00', 50, '2024-08-27 09:11:36', 'lancelot50120@gmail.com', 0, 'En salle', 'entrainement', 1),
(917, '2024-08-27 09:00:00', 51, '2024-08-27 09:11:54', 'lancelot50120@gmail.com', 0, 'En salle', 'entrainement', 1),
(918, '2024-08-27 09:59:00', 61, '2024-08-27 10:03:59', 'lancelot50120@gmail.com', 0, 'En salle', 'entrainement', 1),
(919, '2024-08-28 06:00:00', 37, '2024-08-27 23:38:37', 'lancelot50120@gmail.com', 1, '', 'hooper', 1),
(920, '2024-08-28 08:00:00', 53, '2024-08-28 07:43:42', 'lancelot50120@gmail.com', 0, 'En salle', 'entrainement', 1),
(921, '2024-08-28 08:00:00', 49, '2024-08-28 07:47:33', 'lancelot50120@gmail.com', 0, 'En salle', 'entrainement', 1),
(922, '2024-08-28 08:00:00', 51, '2024-08-28 07:51:36', 'lancelot50120@gmail.com', 0, 'En salle', 'entrainement', 1),
(923, '2024-08-28 08:00:00', 50, '2024-08-28 07:51:55', 'lancelot50120@gmail.com', 0, 'En salle', 'entrainement', 1),
(924, '2024-08-28 20:59:00', 37, '2024-08-28 21:00:04', 'lancelot50120@gmail.com', 0, 'Sur terrain', 'entrainement', 1),
(925, '2024-08-29 10:39:00', 53, '2024-08-29 10:48:32', 'lancelot50120@gmail.com', 0, 'En salle', 'entrainement', 1),
(926, '2024-08-29 10:39:00', 53, '2024-08-29 10:48:53', 'lancelot50120@gmail.com', 0, 'En salle', 'entrainement', 1),
(927, '2024-08-29 10:39:00', 50, '2024-08-29 10:50:04', 'lancelot50120@gmail.com', 0, 'En salle', 'entrainement', 1),
(928, '2024-08-29 10:39:00', 51, '2024-08-29 10:51:50', 'lancelot50120@gmail.com', 0, 'En salle', 'entrainement', 1),
(929, '2024-08-29 10:39:00', 49, '2024-08-29 10:55:14', 'lancelot50120@gmail.com', 0, 'En salle', 'entrainement', 1),
(930, '2024-08-30 07:27:00', 37, '2024-08-30 07:27:36', 'lancelot50120@gmail.com', 1, '', 'hooper', 1),
(931, '2024-08-30 20:06:00', 37, '2024-08-30 20:07:14', 'lancelot50120@gmail.com', 0, 'Sur terrain', 'entrainement', 1),
(932, '2024-09-22 16:01:00', 37, '2024-09-22 14:01:48', 'gary.vincent310702@gmail.com', 1, '', 'entrainement', 1);

-- --------------------------------------------------------

--
-- Structure de la table `regles`
--

CREATE TABLE IF NOT EXISTS `regles` (
  `id` int NOT NULL AUTO_INCREMENT,
  `dateDebut` date NOT NULL,
  `dateFin` date DEFAULT NULL,
  `IdJoueur` varchar(255) NOT NULL,
  PRIMARY KEY (`id`)
) ENGINE=InnoDB DEFAULT CHARSET=utf8mb4 COLLATE=utf8mb4_0900_ai_ci;

-- --------------------------------------------------------

--
-- Structure de la table `resultat`
--

CREATE TABLE IF NOT EXISTS `resultat` (
  `idQuestionnaire` int NOT NULL,
  `idJoueur` varchar(255) CHARACTER SET utf8mb4 COLLATE utf8mb4_unicode_ci NOT NULL,
  `douleur` int DEFAULT NULL,
  `fatigue` int DEFAULT NULL,
  `intensite` int DEFAULT NULL,
  `sommeil` int DEFAULT NULL,
  `stress` int DEFAULT NULL,
  `humeur` int DEFAULT NULL,
  PRIMARY KEY (`idQuestionnaire`,`idJoueur`),
  KEY `fk_fatigue` (`fatigue`),
  KEY `fk_douleur` (`douleur`),
  KEY `fk_entrainement` (`idQuestionnaire`),
  KEY `fk_entrainement_id_joueur` (`idJoueur`),
  KEY `fk_resultat_id_humeur` (`humeur`),
  KEY `fk_resultat_id_sommeil` (`sommeil`),
  KEY `fk_resultat_id_stress` (`stress`)
) ENGINE=InnoDB DEFAULT CHARSET=utf8mb4 COLLATE=utf8mb4_0900_ai_ci;

--
-- Déchargement des données de la table `resultat`
--

INSERT INTO `resultat` (`idQuestionnaire`, `idJoueur`, `douleur`, `fatigue`, `intensite`, `sommeil`, `stress`, `humeur`) VALUES
(834, 'alix.escmt@gmail.com', 2, 1, NULL, 2, 3, 2),
(834, 'Charlydemo@gmail.com', 1, 2, NULL, 2, 2, 2),
(834, 'Chathuret@gmail.com', 3, 1, NULL, 4, 3, 2),
(834, 'compinromain@orange.fr', 3, 2, NULL, 2, 3, 2),
(834, 'dalehendricks96@gmail.com', 2, 2, NULL, 3, 2, 2),
(834, 'enzo18190@gmail.com', 1, 2, NULL, 3, 3, 3),
(834, 'gannelon.samuel@laposte.net', 1, 1, NULL, 2, 2, 2),
(834, 'hanrov0419@gmail.com', 5, 3, NULL, 5, 3, 1),
(834, 'ionut_ovidiu27@yahoo.com', 1, 1, NULL, 2, 1, 2),
(834, 'lancelot50120@gmail.com', 4, 1, NULL, 1, 4, 3),
(834, 'leon.legros01@gmail.com', 2, 2, NULL, 2, 3, 2),
(834, 'louisboyau8@gmail.com', 2, 2, NULL, 3, 3, 2),
(834, 'lucastiago18230@gmail.com', 1, 2, NULL, 1, 2, 1),
(834, 'marceauxremy@gmail.com', 1, 2, NULL, 3, 3, 2),
(834, 'mathis2005.mg@gmail.com', 2, 2, NULL, 2, 1, 1),
(834, 'maxime.gaury@gmail.com', 1, 2, NULL, 2, 2, 2),
(834, 'noetouleron@icloud.com', 1, 2, NULL, 3, 3, 2),
(834, 'raph.bullier@gmail.com', 4, 1, NULL, 2, 3, 2),
(834, 'soucharly04@gmail.com', 2, 1, NULL, 2, 3, 2),
(834, 'teoenrico23@gmail.com', 1, 1, NULL, 3, 3, 2),
(834, 'theocroisy18@gmail.com', 1, 2, NULL, 3, 3, 2),
(850, 'alix.escmt@gmail.com', 2, 1, NULL, 1, 3, 2),
(850, 'andypasques@gmail.com', 3, 2, NULL, 5, 3, 1),
(850, 'anthony.ribeaudeau@hotmail.fr', 4, 3, NULL, 4, 3, 2),
(850, 'baptistebertrand0208@gmail.com', 1, 1, NULL, 2, 2, 2),
(850, 'Chathuret@gmail.com', 4, 2, NULL, 5, 3, 2),
(850, 'compinromain@orange.fr', 3, 2, NULL, 2, 3, 2),
(850, 'dalehendricks96@gmail.com', 3, 1, NULL, 3, 1, 1),
(850, 'emile.canivet@gmail.com', 1, 1, NULL, 1, 3, 1),
(850, 'gannelon.samuel@laposte.net', 1, 1, NULL, 2, 3, 2),
(850, 'hanrov0419@gmail.com', 1, 4, NULL, 5, 3, 5),
(850, 'ionut_ovidiu27@yahoo.com', 1, 1, NULL, 4, 3, 1),
(850, 'jeremy.bourdin18@gmail.com', 1, 2, NULL, 2, 4, 2),
(850, 'leon.legros01@gmail.com', 2, 2, NULL, 2, 3, 2),
(850, 'louisboyau8@gmail.com', 2, 3, NULL, 3, 2, 2),
(850, 'lucastiago18230@gmail.com', 1, 3, NULL, 4, 1, 2),
(850, 'marceauxremy@gmail.com', 1, 2, NULL, 2, 4, 2),
(850, 'mathis2005.mg@gmail.com', 2, 1, NULL, 1, 1, 2),
(850, 'maxime.gaury@gmail.com', 1, 1, NULL, 2, 2, 2),
(850, 'mehdicheikh531@icloud.com', 1, 1, NULL, 2, 2, 2),
(850, 'noetouleron@icloud.com', 1, 2, NULL, 3, 3, 2),
(850, 'quentin.demeuzoy@gmail.com', 2, 2, NULL, 3, 2, 1),
(850, 'raph.bullier@gmail.com', 2, 1, NULL, 1, 3, 2),
(850, 'soucharly04@gmail.com', 2, 2, NULL, 3, 2, 2),
(850, 'teoenrico23@gmail.com', 2, 2, NULL, 3, 3, 3),
(850, 'theocroisy18@gmail.com', 1, 2, NULL, 3, 3, 2),
(850, 'vivienfesser0210@orange.fr', 3, 1, NULL, 2, 3, 2),
(851, 'alix.escmt@gmail.com', NULL, NULL, 7, NULL, NULL, NULL),
(851, 'Chathuret@gmail.com', NULL, NULL, 9, NULL, NULL, NULL),
(851, 'compinromain@orange.fr', NULL, NULL, 5, NULL, NULL, NULL),
(851, 'emile.canivet@gmail.com', NULL, NULL, 8, NULL, NULL, NULL),
(851, 'gannelon.samuel@laposte.net', NULL, NULL, 8, NULL, NULL, NULL),
(851, 'ionut_ovidiu27@yahoo.com', NULL, NULL, 7, NULL, NULL, NULL),
(851, 'jeremy.bourdin18@gmail.com', NULL, NULL, 8, NULL, NULL, NULL),
(851, 'leon.legros01@gmail.com', NULL, NULL, 8, NULL, NULL, NULL),
(851, 'marceauxremy@gmail.com', NULL, NULL, 8, NULL, NULL, NULL),
(851, 'mathis2005.mg@gmail.com', NULL, NULL, 7, NULL, NULL, NULL),
(851, 'mehdicheikh531@icloud.com', NULL, NULL, 5, NULL, NULL, NULL),
(851, 'noetouleron@icloud.com', NULL, NULL, 8, NULL, NULL, NULL),
(851, 'quentin.demeuzoy@gmail.com', NULL, NULL, 6, NULL, NULL, NULL),
(852, 'andypasques@gmail.com', 1, 3, NULL, 3, 3, 2),
(852, 'anthony.ribeaudeau@hotmail.fr', 4, 3, NULL, 3, 4, 3),
(852, 'baptistebertrand0208@gmail.com', 1, 1, NULL, 3, 2, 2),
(852, 'Charlydemo@gmail.com', 1, 1, NULL, 2, 2, 1),
(852, 'Chathuret@gmail.com', 1, 1, NULL, 4, 3, 2),
(852, 'compinromain@orange.fr', 2, 2, NULL, 2, 2, 2),
(852, 'dalehendricks96@gmail.com', 2, 1, NULL, 3, 2, 2),
(852, 'diegonoizat@gmail.com', 1, 1, NULL, 2, 2, 2),
(852, 'emile.canivet@gmail.com', 1, 1, NULL, 1, 2, 2),
(852, 'enzo18190@gmail.com', 1, 1, NULL, 2, 3, 2),
(852, 'gannelon.samuel@laposte.net', 1, 1, NULL, 2, 3, 2),
(852, 'hanrov0419@gmail.com', 1, 4, NULL, 5, 3, 2),
(852, 'ionut_ovidiu27@yahoo.com', 1, 1, NULL, 4, 3, 2),
(852, 'joshuua.cartier@gmail.com', 1, 1, NULL, 2, 2, 1),
(852, 'leon.legros01@gmail.com', 1, 1, NULL, 2, 3, 2),
(852, 'louisboyau8@gmail.com', 2, 1, NULL, 3, 2, 2),
(852, 'lucas.jarousse@gmail.com', 1, 1, NULL, 2, 3, 2),
(852, 'lucastiago18230@gmail.com', 1, 2, NULL, 3, 3, 4),
(852, 'marceauxremy@gmail.com', 1, 3, NULL, 5, 3, 2),
(852, 'maxime.gaury@gmail.com', 1, 2, NULL, 4, 2, 2),
(852, 'mehdicheikh531@icloud.com', 1, 1, NULL, 1, 1, 1),
(852, 'noetouleron@icloud.com', 1, 2, NULL, 2, 3, 2),
(852, 'quentin.demeuzoy@gmail.com', 2, 1, NULL, 2, 2, 1),
(852, 'raph.bullier@gmail.com', 3, 1, NULL, 2, 2, 2),
(852, 'soucharly04@gmail.com', 2, 1, NULL, 2, 2, 2),
(852, 'teoenrico23@gmail.com', 2, 1, NULL, 2, 3, 3),
(852, 'theocroisy18@gmail.com', 1, 1, NULL, 2, 3, 2),
(852, 'Umprianiirakli@gmail.com', 1, 3, NULL, 2, 3, 2),
(852, 'vivienfesser0210@orange.fr', 1, 1, NULL, 3, 3, 4),
(854, 'aimeryckholisi@yahoo.com', 3, 3, NULL, 4, 3, 3),
(854, 'alix.escmt@gmail.com', 3, 1, NULL, 2, 3, 2),
(854, 'amiranashvilinika21@gmail.com', 1, 1, NULL, 2, 2, 2),
(854, 'andypasques@gmail.com', 3, 2, NULL, 4, 3, 2),
(854, 'anthony.ribeaudeau@hotmail.fr', 4, 3, NULL, 3, 4, 3),
(854, 'baptistebertrand0208@gmail.com', 1, 1, NULL, 2, 2, 2),
(854, 'Chathuret@gmail.com', 2, 1, NULL, 1, 3, 2),
(854, 'cocoschirck4@gmail.com', 1, 3, NULL, 2, 3, 2),
(854, 'compinromain@orange.fr', 2, 2, NULL, 2, 2, 2),
(854, 'dalehendricks96@gmail.com', 2, 2, NULL, 2, 2, 2),
(854, 'diegonoizat@gmail.com', 1, 2, NULL, 4, 3, 2),
(854, 'divanjonck@icloud.com', 3, 1, NULL, 2, 3, 2),
(854, 'emile.canivet@gmail.com', 1, 2, NULL, 2, 3, 3),
(854, 'gabin.guillaudeau@gmail.com', 1, 2, NULL, 3, 2, 2),
(854, 'gannelon.samuel@laposte.net', 1, 1, NULL, 3, 3, 2),
(854, 'hanrov0419@gmail.com', 5, 3, NULL, 3, 2, 3),
(854, 'ionut_ovidiu27@yahoo.com', 1, 1, NULL, 2, 3, 2),
(854, 'j.faure725@laposte.net', 2, 1, NULL, 1, 3, 2),
(854, 'jeremy.bourdin18@gmail.com', 2, 2, NULL, 3, 4, 2),
(854, 'khalifanejmeddine95@gmail.com', 4, 3, NULL, 2, 3, 3),
(854, 'leon.legros01@gmail.com', 2, 1, NULL, 2, 3, 2),
(854, 'louisboyau8@gmail.com', 2, 1, NULL, 2, 3, 2),
(854, 'lucas.jarousse@gmail.com', 1, 1, NULL, 2, 2, 2),
(854, 'marcbourdariat@gmail.com', 2, 1, NULL, 3, 1, 1),
(854, 'marceauxremy@gmail.com', 2, 1, NULL, 4, 3, 2),
(854, 'maxencebuffet77@gmail.com', 1, 1, NULL, 2, 2, 2),
(854, 'maxime.gaury@gmail.com', 1, 2, NULL, 3, 2, 2),
(854, 'mehdicheikh531@icloud.com', 1, 1, NULL, 2, 1, 2),
(854, 'noetouleron@icloud.com', 1, 1, NULL, 2, 2, 2),
(854, 'Palthimena92@gmail.com', 1, 2, NULL, 4, 1, 2),
(854, 'paul.vaskou@sfr.fr', 3, 3, NULL, 1, 2, 1),
(854, 'quentin.demeuzoy@gmail.com', 2, 2, NULL, 3, 2, 1),
(854, 'raph.bullier@gmail.com', 2, 2, NULL, 2, 2, 2),
(854, 'robinivan@gmail.com', 1, 3, NULL, 4, 3, 2),
(854, 'seluirondy@gmail.com', 4, 2, NULL, 2, 2, 2),
(854, 'soucharly04@gmail.com', 2, 1, NULL, 1, 3, 2),
(854, 'teoenrico23@gmail.com', 2, 1, NULL, 2, 3, 2),
(854, 'theocroisy18@gmail.com', 1, 1, NULL, 2, 3, 2),
(854, 'Umprianiirakli@gmail.com', 2, 3, NULL, 3, 3, 2),
(854, 'vivienfesser0210@orange.fr', 1, 1, NULL, 2, 3, 2),
(856, 'aimeryckholisi@yahoo.com', 2, 3, NULL, 3, 3, 1),
(856, 'andypasques@gmail.com', 2, 1, NULL, 2, 2, 2),
(856, 'baptistebertrand0208@gmail.com', 1, 2, NULL, 2, 2, 2),
(856, 'Chathuret@gmail.com', 5, 2, NULL, 4, 3, 3),
(856, 'cocoschirck4@gmail.com', 1, 3, NULL, 4, 2, 3),
(856, 'compinromain@orange.fr', 2, 1, NULL, 1, 2, 2),
(856, 'diegonoizat@gmail.com', 1, 1, NULL, 2, 3, 2),
(856, 'divanjonck@icloud.com', 2, 1, NULL, 1, 3, 2),
(856, 'emile.canivet@gmail.com', 1, 2, NULL, 3, 3, 2),
(856, 'enzo18190@gmail.com', 2, 2, NULL, 2, 3, 2),
(856, 'gannelon.samuel@laposte.net', 1, 1, NULL, 3, 3, 2),
(856, 'hanrov0419@gmail.com', 5, 3, NULL, 3, 1, 4),
(856, 'ionut_ovidiu27@yahoo.com', 1, 2, NULL, 2, 3, 1),
(856, 'jeremy.bourdin18@gmail.com', 3, 1, NULL, 2, 4, 2),
(856, 'leon.legros01@gmail.com', 1, 1, NULL, 1, 2, 1),
(856, 'lucastiago18230@gmail.com', 1, 1, NULL, 2, 2, 2),
(856, 'marceauxremy@gmail.com', 3, 1, NULL, 2, 3, 2),
(856, 'mathis2005.mg@gmail.com', 3, 1, NULL, 2, 2, 2),
(856, 'maxencebuffet77@gmail.com', 1, 1, NULL, 2, 2, 1),
(856, 'maxime.gaury@gmail.com', 1, 2, NULL, 4, 2, 1),
(856, 'mehdicheikh531@icloud.com', 1, 1, NULL, 1, 1, 1),
(856, 'noetouleron@icloud.com', 1, 2, NULL, 3, 3, 2),
(856, 'paul.vaskou@sfr.fr', 3, 2, NULL, 1, 2, 1),
(856, 'quentin.demeuzoy@gmail.com', 2, 2, NULL, 4, 3, 1),
(856, 'raph.bullier@gmail.com', 2, 1, NULL, 3, 3, 2),
(856, 'robinivan@gmail.com', 1, 2, NULL, 2, 3, 2),
(856, 'simeon.narboux77@gmail.com', 1, 2, NULL, 4, 4, 2),
(856, 'soucharly04@gmail.com', 1, 1, NULL, 2, 2, 2),
(856, 'theocroisy18@gmail.com', 1, 2, NULL, 2, 3, 2),
(856, 'vivienfesser0210@orange.fr', 2, 1, NULL, 3, 3, 2),
(857, 'aimeryckholisi@yahoo.com', 2, 2, NULL, 3, 3, 3),
(857, 'andypasques@gmail.com', 1, 2, NULL, 2, 3, 3),
(857, 'baptistebertrand0208@gmail.com', 1, 2, NULL, 3, 2, 2),
(857, 'Chathuret@gmail.com', 3, 1, NULL, 2, 3, 2),
(857, 'compinromain@orange.fr', 1, 1, NULL, 2, 2, 2),
(857, 'dalehendricks96@gmail.com', 1, 1, NULL, 4, 2, 1),
(857, 'divanjonck@icloud.com', 1, 1, NULL, 2, 3, 2),
(857, 'emile.canivet@gmail.com', 1, 3, NULL, 4, 1, 2),
(857, 'enzo18190@gmail.com', 2, 1, NULL, 2, 3, 2),
(857, 'gannelon.samuel@laposte.net', 1, 1, NULL, 2, 3, 2),
(857, 'hanrov0419@gmail.com', 5, 2, NULL, 3, 3, 2),
(857, 'ionut_ovidiu27@yahoo.com', 2, 1, NULL, 2, 3, 1),
(857, 'jeremy.bourdin18@gmail.com', 2, 1, NULL, 2, 4, 2),
(857, 'joshuua.cartier@gmail.com', 1, 2, NULL, 1, 2, 2),
(857, 'leon.legros01@gmail.com', 2, 1, NULL, 2, 2, 2),
(857, 'louisboyau8@gmail.com', 2, 2, NULL, 2, 3, 2),
(857, 'lucas.jarousse@gmail.com', 1, 2, NULL, 2, 3, 2),
(857, 'lucastiago18230@gmail.com', 1, 3, NULL, 4, 2, 4),
(857, 'marceauxremy@gmail.com', 3, 2, NULL, 4, 3, 2),
(857, 'mathis2005.mg@gmail.com', 2, 1, NULL, 2, 1, 1),
(857, 'mehdicheikh531@icloud.com', 1, 1, NULL, 2, 2, 2),
(857, 'noetouleron@icloud.com', 3, 1, NULL, 2, 3, 2),
(857, 'paul.vaskou@sfr.fr', 2, 2, NULL, 1, 2, 1),
(857, 'quentin.demeuzoy@gmail.com', 2, 3, NULL, 2, 3, 2),
(857, 'raph.bullier@gmail.com', 2, 2, NULL, 2, 3, 2),
(857, 'robinivan@gmail.com', 1, 1, NULL, 2, 1, 2),
(857, 'seluirondy@gmail.com', 1, 1, NULL, 2, 3, 2),
(857, 'simeon.narboux77@gmail.com', 1, 1, NULL, 2, 4, 2),
(857, 'soucharly04@gmail.com', 1, 1, NULL, 1, 2, 2),
(857, 'theocroisy18@gmail.com', 1, 3, NULL, 2, 3, 2),
(857, 'Umprianiirakli@gmail.com', 1, 2, NULL, 2, 3, 2),
(857, 'vivienfesser0210@orange.fr', 1, 1, NULL, 2, 3, 2),
(858, 'andypasques@gmail.com', NULL, NULL, 8, NULL, NULL, NULL),
(858, 'Chathuret@gmail.com', NULL, NULL, 5, NULL, NULL, NULL),
(858, 'cocoschirck4@gmail.com', NULL, NULL, 8, NULL, NULL, NULL),
(858, 'compinromain@orange.fr', NULL, NULL, 5, NULL, NULL, NULL),
(858, 'divanjonck@icloud.com', NULL, NULL, 8, NULL, NULL, NULL),
(858, 'emile.canivet@gmail.com', NULL, NULL, 6, NULL, NULL, NULL),
(858, 'gannelon.samuel@laposte.net', NULL, NULL, 7, NULL, NULL, NULL),
(858, 'hanrov0419@gmail.com', NULL, NULL, 6, NULL, NULL, NULL),
(858, 'ionut_ovidiu27@yahoo.com', NULL, NULL, 8, NULL, NULL, NULL),
(858, 'khalifanejmeddine95@gmail.com', NULL, NULL, 6, NULL, NULL, NULL),
(858, 'louisboyau8@gmail.com', NULL, NULL, 7, NULL, NULL, NULL),
(858, 'lucastiago18230@gmail.com', NULL, NULL, 7, NULL, NULL, NULL),
(858, 'marceauxremy@gmail.com', NULL, NULL, 8, NULL, NULL, NULL),
(858, 'mathis2005.mg@gmail.com', NULL, NULL, 7, NULL, NULL, NULL),
(858, 'mehdicheikh531@icloud.com', NULL, NULL, 6, NULL, NULL, NULL),
(858, 'noetouleron@icloud.com', NULL, NULL, 8, NULL, NULL, NULL),
(858, 'Palthimena92@gmail.com', NULL, NULL, 9, NULL, NULL, NULL),
(858, 'paul.vaskou@sfr.fr', NULL, NULL, 6, NULL, NULL, NULL),
(858, 'quentin.demeuzoy@gmail.com', NULL, NULL, 6, NULL, NULL, NULL),
(858, 'robinivan@gmail.com', NULL, NULL, 6, NULL, NULL, NULL),
(858, 'simeon.narboux77@gmail.com', NULL, NULL, 7, NULL, NULL, NULL),
(858, 'Umprianiirakli@gmail.com', NULL, NULL, 8, NULL, NULL, NULL),
(858, 'vivienfesser0210@orange.fr', NULL, NULL, 7, NULL, NULL, NULL),
(859, 'aimeryckholisi@yahoo.com', 2, 2, NULL, 3, 3, 2),
(859, 'andypasques@gmail.com', 2, 2, NULL, 3, 2, 2),
(859, 'baptistebertrand0208@gmail.com', 1, 2, NULL, 2, 2, 2),
(859, 'Chathuret@gmail.com', 2, 3, NULL, 5, 3, 3),
(859, 'cocoschirck4@gmail.com', 1, 2, NULL, 3, 1, 2),
(859, 'compinromain@orange.fr', 3, 2, NULL, 3, 2, 3),
(859, 'dalehendricks96@gmail.com', 3, 2, NULL, 2, 1, 1),
(859, 'divanjonck@icloud.com', 1, 2, NULL, 2, 3, 2),
(859, 'emile.canivet@gmail.com', 1, 1, NULL, 2, 2, 2),
(859, 'enzo18190@gmail.com', 2, 2, NULL, 3, 3, 2),
(859, 'gannelon.samuel@laposte.net', 1, 1, NULL, 3, 3, 2),
(859, 'hanrov0419@gmail.com', 1, 1, NULL, 1, 3, 1),
(859, 'ionut_ovidiu27@yahoo.com', 1, 2, NULL, 4, 3, 2),
(859, 'jeremy.bourdin18@gmail.com', 1, 1, NULL, 2, 4, 2),
(859, 'leon.legros01@gmail.com', 2, 3, NULL, 2, 2, 2),
(859, 'lucas.jarousse@gmail.com', 1, 1, NULL, 2, 3, 2),
(859, 'lucastiago18230@gmail.com', 1, 2, NULL, 2, 1, 2),
(859, 'marceauxremy@gmail.com', 3, 1, NULL, 3, 3, 2),
(859, 'mathis2005.mg@gmail.com', 3, 3, NULL, 3, 1, 2),
(859, 'maxencebuffet77@gmail.com', 1, 1, NULL, 2, 2, 2),
(859, 'maxime.gaury@gmail.com', 1, 3, NULL, 3, 2, 2),
(859, 'mehdicheikh531@icloud.com', 1, 1, NULL, 2, 2, 2),
(859, 'noetouleron@icloud.com', 1, 1, NULL, 2, 3, 2),
(859, 'Palthimena92@gmail.com', 1, 1, NULL, 2, 3, 3),
(859, 'paul.vaskou@sfr.fr', 3, 2, NULL, 1, 1, 1),
(859, 'quentin.demeuzoy@gmail.com', 2, 1, NULL, 1, 1, 1),
(859, 'raph.bullier@gmail.com', 2, 2, NULL, 2, 2, 2),
(859, 'robinivan@gmail.com', 1, 1, NULL, 3, 3, 2),
(859, 'simeon.narboux77@gmail.com', 1, 1, NULL, 3, 4, 2),
(859, 'theocroisy18@gmail.com', 1, 3, NULL, 3, 2, 2),
(859, 'tvedel@yahoo.com', 1, 3, NULL, 2, 4, 2),
(859, 'Umprianiirakli@gmail.com', 1, 1, NULL, 2, 3, 2),
(859, 'vivienfesser0210@orange.fr', 1, 1, NULL, 3, 3, 2),
(860, 'aimeryckholisi@yahoo.com', 2, 2, NULL, 3, 3, 2),
(860, 'alix.escmt@gmail.com', 3, 1, NULL, 2, 2, 2),
(860, 'andypasques@gmail.com', 2, 2, NULL, 3, 2, 2),
(860, 'baptistebertrand0208@gmail.com', 1, 2, NULL, 2, 2, 2),
(860, 'Chathuret@gmail.com', 2, 2, NULL, 4, 3, 2),
(860, 'cocoschirck4@gmail.com', 1, 3, NULL, 5, 1, 3),
(860, 'compinromain@orange.fr', 3, 3, NULL, 3, 2, 3),
(860, 'divanjonck@icloud.com', 1, 1, NULL, 2, 3, 2),
(860, 'emile.canivet@gmail.com', 1, 1, NULL, 2, 2, 2),
(860, 'enzo18190@gmail.com', 2, 1, NULL, 3, 3, 2),
(860, 'gannelon.samuel@laposte.net', 1, 1, NULL, 3, 3, 2),
(860, 'ionut_ovidiu27@yahoo.com', 1, 1, NULL, 2, 3, 1),
(860, 'jeremy.bourdin18@gmail.com', 1, 1, NULL, 2, 3, 2),
(860, 'leon.legros01@gmail.com', 1, 1, NULL, 2, 2, 2),
(860, 'lucas.jarousse@gmail.com', 1, 1, NULL, 2, 2, 2),
(860, 'lucastiago18230@gmail.com', 1, 1, NULL, 1, 1, 1),
(860, 'marcbourdariat@gmail.com', 2, 2, NULL, 4, 2, 2),
(860, 'marceauxremy@gmail.com', 2, 1, NULL, 2, 3, 2),
(860, 'mathis2005.mg@gmail.com', 3, 1, NULL, 3, 1, 2),
(860, 'maxencebuffet77@gmail.com', 1, 1, NULL, 2, 2, 2),
(860, 'maxime.gaury@gmail.com', 1, 2, NULL, 4, 2, 2),
(860, 'noetouleron@icloud.com', 1, 2, NULL, 2, 3, 2),
(860, 'paul.vaskou@sfr.fr', 1, 1, NULL, 1, 1, 1),
(860, 'quentin.demeuzoy@gmail.com', 2, 1, NULL, 2, 1, 2),
(860, 'raph.bullier@gmail.com', 2, 1, NULL, 2, 2, 2),
(860, 'seluirondy@gmail.com', 1, 1, NULL, 2, 2, 3),
(860, 'simeon.narboux77@gmail.com', 1, 2, NULL, 3, 4, 2),
(860, 'soucharly04@gmail.com', 1, 1, NULL, 1, 2, 2),
(860, 'Umprianiirakli@gmail.com', 1, 1, NULL, 1, 2, 2),
(860, 'vivienfesser0210@orange.fr', 1, 2, NULL, 2, 3, 2),
(866, 'andypasques@gmail.com', NULL, NULL, 8, NULL, NULL, NULL),
(866, 'Chathuret@gmail.com', NULL, NULL, 7, NULL, NULL, NULL),
(866, 'cocoschirck4@gmail.com', NULL, NULL, 7, NULL, NULL, NULL),
(866, 'compinromain@orange.fr', NULL, NULL, 6, NULL, NULL, NULL),
(866, 'emile.canivet@gmail.com', NULL, NULL, 5, NULL, NULL, NULL),
(866, 'gannelon.samuel@laposte.net', NULL, NULL, 6, NULL, NULL, NULL),
(866, 'jeremy.bourdin18@gmail.com', NULL, NULL, 8, NULL, NULL, NULL),
(866, 'khalifanejmeddine95@gmail.com', NULL, NULL, 5, NULL, NULL, NULL),
(866, 'louisboyau8@gmail.com', NULL, NULL, 7, NULL, NULL, NULL),
(866, 'noetouleron@icloud.com', NULL, NULL, 7, NULL, NULL, NULL),
(866, 'paul.vaskou@sfr.fr', NULL, NULL, 4, NULL, NULL, NULL),
(866, 'quentin.demeuzoy@gmail.com', NULL, NULL, 6, NULL, NULL, NULL),
(866, 'raph.bullier@gmail.com', NULL, NULL, 6, NULL, NULL, NULL),
(866, 'robinivan@gmail.com', NULL, NULL, 6, NULL, NULL, NULL),
(866, 'simeon.narboux77@gmail.com', NULL, NULL, 7, NULL, NULL, NULL),
(866, 'theocroisy18@gmail.com', NULL, NULL, 7, NULL, NULL, NULL),
(866, 'vivienfesser0210@orange.fr', NULL, NULL, 7, NULL, NULL, NULL),
(867, 'aimeryckholisi@yahoo.com', 2, 4, NULL, 4, 3, 3),
(867, 'andypasques@gmail.com', 1, 1, NULL, 3, 1, 2),
(867, 'Chathuret@gmail.com', 3, 2, NULL, 4, 3, 2),
(867, 'cocoschirck4@gmail.com', 1, 1, NULL, 1, 1, 2),
(867, 'compinromain@orange.fr', 2, 1, NULL, 2, 2, 2),
(867, 'dalehendricks96@gmail.com', 2, 3, NULL, 3, 3, 1),
(867, 'divanjonck@icloud.com', 1, 1, NULL, 2, 3, 2),
(867, 'emile.canivet@gmail.com', 1, 1, NULL, 2, 2, 2),
(867, 'enzo18190@gmail.com', 2, 1, NULL, 2, 3, 2),
(867, 'gannelon.samuel@laposte.net', 1, 1, NULL, 3, 3, 2),
(867, 'hanrov0419@gmail.com', 1, 1, NULL, 1, 1, 1),
(867, 'ionut_ovidiu27@yahoo.com', 2, 1, NULL, 2, 3, 1),
(867, 'jeremy.bourdin18@gmail.com', 1, 1, NULL, 4, 4, 2),
(867, 'louisboyau8@gmail.com', 2, 2, NULL, 2, 3, 2),
(867, 'lucas.jarousse@gmail.com', 1, 1, NULL, 2, 2, 1),
(867, 'lucastiago18230@gmail.com', 2, 1, NULL, 1, 1, 1),
(867, 'marcbourdariat@gmail.com', 2, 1, NULL, 2, 2, 2),
(867, 'mehdicheikh531@icloud.com', 1, 1, NULL, 2, 2, 1),
(867, 'noetouleron@icloud.com', 1, 2, NULL, 3, 3, 2),
(867, 'Palthimena92@gmail.com', 1, 2, NULL, 2, 2, 3),
(867, 'paul.vaskou@sfr.fr', 4, 1, NULL, 1, 1, 1),
(867, 'quentin.demeuzoy@gmail.com', 2, 2, NULL, 3, 3, 3),
(867, 'raph.bullier@gmail.com', 2, 1, NULL, 2, 2, 2),
(867, 'seluirondy@gmail.com', 1, 1, NULL, 2, 3, 2),
(867, 'simeon.narboux77@gmail.com', 2, 1, NULL, 3, 4, 2),
(867, 'theocroisy18@gmail.com', 1, 3, NULL, 2, 3, 2),
(867, 'tvedel@yahoo.com', 1, 3, NULL, 4, 3, 2),
(867, 'Umprianiirakli@gmail.com', 1, 1, NULL, 1, 2, 1),
(868, 'andypasques@gmail.com', NULL, NULL, 5, NULL, NULL, NULL),
(868, 'Chathuret@gmail.com', NULL, NULL, 1, NULL, NULL, NULL),
(868, 'cocoschirck4@gmail.com', NULL, NULL, 4, NULL, NULL, NULL),
(868, 'compinromain@orange.fr', NULL, NULL, 3, NULL, NULL, NULL),
(868, 'divanjonck@icloud.com', NULL, NULL, 6, NULL, NULL, NULL),
(868, 'emile.canivet@gmail.com', NULL, NULL, 4, NULL, NULL, NULL),
(868, 'gannelon.samuel@laposte.net', NULL, NULL, 2, NULL, NULL, NULL),
(868, 'khalifanejmeddine95@gmail.com', NULL, NULL, 4, NULL, NULL, NULL),
(868, 'marcbourdariat@gmail.com', NULL, NULL, 5, NULL, NULL, NULL),
(868, 'marceauxremy@gmail.com', NULL, NULL, 3, NULL, NULL, NULL),
(868, 'maxime.gaury@gmail.com', NULL, NULL, 6, NULL, NULL, NULL),
(868, 'noetouleron@icloud.com', NULL, NULL, 4, NULL, NULL, NULL),
(868, 'paul.vaskou@sfr.fr', NULL, NULL, 4, NULL, NULL, NULL),
(868, 'quentin.demeuzoy@gmail.com', NULL, NULL, 4, NULL, NULL, NULL),
(868, 'robinivan@gmail.com', NULL, NULL, 6, NULL, NULL, NULL),
(868, 'simeon.narboux77@gmail.com', NULL, NULL, 7, NULL, NULL, NULL),
(868, 'Umprianiirakli@gmail.com', NULL, NULL, 7, NULL, NULL, NULL),
(870, 'aimeryckholisi@yahoo.com', 2, 3, NULL, 3, 3, 2),
(870, 'andypasques@gmail.com', 1, 1, NULL, 2, 1, 1),
(870, 'anthony.ribeaudeau@hotmail.fr', 4, 2, NULL, 2, 2, 2),
(870, 'Charlydemo@gmail.com', 1, 1, NULL, 2, 2, 2),
(870, 'Chathuret@gmail.com', 1, 3, NULL, 5, 4, 4),
(870, 'cocoschirck4@gmail.com', 1, 1, NULL, 1, 1, 2),
(870, 'compinromain@orange.fr', 2, 2, NULL, 2, 2, 2),
(870, 'dalehendricks96@gmail.com', 1, 1, NULL, 2, 2, 1),
(870, 'emile.canivet@gmail.com', 1, 1, NULL, 2, 1, 1),
(870, 'gannelon.samuel@laposte.net', 1, 1, NULL, 2, 3, 2),
(870, 'hanrov0419@gmail.com', 3, 4, NULL, 5, 2, 2),
(870, 'j.faure725@laposte.net', 3, 2, NULL, 2, 2, 2),
(870, 'jeremy.bourdin18@gmail.com', 1, 1, NULL, 1, 4, 2),
(870, 'khalifanejmeddine95@gmail.com', 2, 3, NULL, 4, 3, 2),
(870, 'louisboyau8@gmail.com', 2, 2, NULL, 2, 3, 2),
(870, 'lucas.jarousse@gmail.com', 1, 1, NULL, 2, 1, 1),
(870, 'lucastiago18230@gmail.com', 1, 1, NULL, 1, 1, 1),
(870, 'marcbourdariat@gmail.com', 1, 1, NULL, 2, 1, 2),
(870, 'mehdicheikh531@icloud.com', 1, 1, NULL, 2, 1, 2),
(870, 'noetouleron@icloud.com', 1, 1, NULL, 2, 2, 2),
(870, 'Palthimena92@gmail.com', 1, 2, NULL, 3, 2, 3),
(870, 'paul.vaskou@sfr.fr', 2, 1, NULL, 2, 2, 2),
(870, 'raph.bullier@gmail.com', 2, 1, NULL, 2, 3, 2),
(870, 'robinivan@gmail.com', 1, 1, NULL, 5, 2, 2),
(870, 'seluirondy@gmail.com', 1, 1, NULL, 2, 3, 2),
(870, 'simeon.narboux77@gmail.com', 1, 2, NULL, 3, 4, 2),
(870, 'soucharly04@gmail.com', 1, 1, NULL, 2, 3, 2),
(870, 'theocroisy18@gmail.com', 1, 2, NULL, 2, 3, 2),
(870, 'vivienfesser0210@orange.fr', 1, 1, NULL, 2, 3, 2),
(877, 'andypasques@gmail.com', NULL, NULL, 5, NULL, NULL, NULL),
(877, 'Chamseddine.khalifa@sfr.fr', NULL, NULL, 7, NULL, NULL, NULL),
(877, 'Chathuret@gmail.com', NULL, NULL, 3, NULL, NULL, NULL),
(877, 'cocoschirck4@gmail.com', NULL, NULL, 9, NULL, NULL, NULL),
(877, 'compinromain@orange.fr', NULL, NULL, 7, NULL, NULL, NULL),
(877, 'divanjonck@icloud.com', NULL, NULL, 4, NULL, NULL, NULL),
(877, 'emile.canivet@gmail.com', NULL, NULL, 9, NULL, NULL, NULL),
(877, 'gannelon.samuel@laposte.net', NULL, NULL, 6, NULL, NULL, NULL),
(877, 'hanrov0419@gmail.com', NULL, NULL, 7, NULL, NULL, NULL),
(877, 'ionut_ovidiu27@yahoo.com', NULL, NULL, 4, NULL, NULL, NULL),
(877, 'j.faure725@laposte.net', NULL, NULL, 5, NULL, NULL, NULL),
(877, 'jeremy.bourdin18@gmail.com', NULL, NULL, 7, NULL, NULL, NULL),
(877, 'khalifanejmeddine95@gmail.com', NULL, NULL, 7, NULL, NULL, NULL),
(877, 'leon.legros01@gmail.com', NULL, NULL, 6, NULL, NULL, NULL),
(877, 'lucas.jarousse@gmail.com', NULL, NULL, 6, NULL, NULL, NULL),
(877, 'lucastiago18230@gmail.com', NULL, NULL, 8, NULL, NULL, NULL),
(877, 'marcbourdariat@gmail.com', NULL, NULL, 7, NULL, NULL, NULL),
(877, 'mathis2005.mg@gmail.com', NULL, NULL, 8, NULL, NULL, NULL),
(877, 'maxime.gaury@gmail.com', NULL, NULL, 6, NULL, NULL, NULL),
(877, 'mehdicheikh531@icloud.com', NULL, NULL, 6, NULL, NULL, NULL),
(877, 'momeana.senio@gmail.com', NULL, NULL, 9, NULL, NULL, NULL),
(877, 'noetouleron@icloud.com', NULL, NULL, 5, NULL, NULL, NULL),
(877, 'Palthimena92@gmail.com', NULL, NULL, 6, NULL, NULL, NULL),
(877, 'paul.vaskou@sfr.fr', NULL, NULL, 6, NULL, NULL, NULL),
(877, 'quentin.demeuzoy@gmail.com', NULL, NULL, 7, NULL, NULL, NULL),
(877, 'robinivan@gmail.com', NULL, NULL, 7, NULL, NULL, NULL),
(877, 'sagatomoleana@bourgesxv.fr', NULL, NULL, 1, NULL, NULL, NULL),
(877, 'sagatomoleana@gmail.com', NULL, NULL, 10, NULL, NULL, NULL),
(877, 'seluirondy@gmail.com', NULL, NULL, 7, NULL, NULL, NULL),
(877, 'simeon.narboux77@gmail.com', NULL, NULL, 5, NULL, NULL, NULL),
(877, 'vivienfesser0210@orange.fr', NULL, NULL, 7, NULL, NULL, NULL),
(878, 'aimeryckholisi@yahoo.com', 1, 4, NULL, 5, 3, 4),
(878, 'andypasques@gmail.com', 1, 1, NULL, 2, 2, 1),
(878, 'anthony.ribeaudeau@hotmail.fr', 4, 2, NULL, 2, 2, 2),
(878, 'baptistebertrand0208@gmail.com', 1, 1, NULL, 2, 2, 2),
(878, 'Chathuret@gmail.com', 2, 2, NULL, 4, 3, 2),
(878, 'cocoschirck4@gmail.com', 1, 1, NULL, 2, 1, 2),
(878, 'compinromain@orange.fr', 2, 1, NULL, 2, 2, 2),
(878, 'dalehendricks96@gmail.com', 2, 1, NULL, 2, 2, 1),
(878, 'diegonoizat@gmail.com', 1, 1, NULL, 2, 3, 2),
(878, 'divanjonck@icloud.com', 1, 1, NULL, 2, 3, 2),
(878, 'emile.canivet@gmail.com', 1, 1, NULL, 2, 2, 2),
(878, 'enzo18190@gmail.com', 1, 1, NULL, 2, 3, 2),
(878, 'gannelon.samuel@laposte.net', 1, 1, NULL, 2, 3, 3),
(878, 'hanrov0419@gmail.com', 2, 3, NULL, 3, 3, 1),
(878, 'ionut_ovidiu27@yahoo.com', 2, 1, NULL, 2, 3, 1),
(878, 'j.faure725@laposte.net', 3, 1, NULL, 1, 3, 2),
(878, 'jeremy.bourdin18@gmail.com', 1, 1, NULL, 2, 4, 2),
(878, 'leon.legros01@gmail.com', 3, 1, NULL, 2, 2, 2),
(878, 'louisboyau8@gmail.com', 2, 2, NULL, 2, 3, 2),
(878, 'lucas.jarousse@gmail.com', 1, 1, NULL, 2, 2, 1),
(878, 'lucastiago18230@gmail.com', 1, 1, NULL, 1, 1, 1),
(878, 'marcbourdariat@gmail.com', 2, 2, NULL, 3, 2, 2),
(878, 'marceauxremy@gmail.com', 1, 1, NULL, 1, 3, 2),
(878, 'maxime.gaury@gmail.com', 1, 2, NULL, 4, 2, 2),
(878, 'noetouleron@icloud.com', 1, 1, NULL, 2, 2, 2),
(878, 'Palthimena92@gmail.com', 2, 2, NULL, 2, 1, 2),
(878, 'paul.vaskou@sfr.fr', 1, 2, NULL, 1, 1, 1),
(878, 'quentin.demeuzoy@gmail.com', 2, 2, NULL, 2, 1, 2),
(878, 'raph.bullier@gmail.com', 2, 2, NULL, 4, 3, 2),
(878, 'robinivan@gmail.com', 2, 1, NULL, 4, 3, 2),
(878, 'seluirondy@gmail.com', 4, 2, NULL, 2, 3, 2),
(878, 'simeon.narboux77@gmail.com', 1, 2, NULL, 4, 4, 2),
(878, 'theocroisy18@gmail.com', 1, 2, NULL, 2, 2, 2),
(878, 'tvedel@yahoo.com', 1, 3, NULL, 4, 4, 1),
(878, 'Umprianiirakli@gmail.com', 1, 1, NULL, 1, 2, 2),
(878, 'vivienfesser0210@orange.fr', 1, 1, NULL, 2, 3, 2),
(879, 'aimeryckholisi@yahoo.com', NULL, NULL, 7, NULL, NULL, NULL),
(879, 'baptistebertrand0208@gmail.com', NULL, NULL, 6, NULL, NULL, NULL),
(879, 'Chamseddine.khalifa@sfr.fr', NULL, NULL, 7, NULL, NULL, NULL),
(879, 'cocoschirck4@gmail.com', NULL, NULL, 8, NULL, NULL, NULL),
(879, 'compinromain@orange.fr', NULL, NULL, 5, NULL, NULL, NULL),
(879, 'dalehendricks96@gmail.com', NULL, NULL, 7, NULL, NULL, NULL),
(879, 'emile.canivet@gmail.com', NULL, NULL, 7, NULL, NULL, NULL),
(879, 'enzo18190@gmail.com', NULL, NULL, 6, NULL, NULL, NULL),
(879, 'gannelon.samuel@laposte.net', NULL, NULL, 6, NULL, NULL, NULL),
(879, 'hanrov0419@gmail.com', NULL, NULL, 6, NULL, NULL, NULL),
(879, 'j.faure725@laposte.net', NULL, NULL, 4, NULL, NULL, NULL),
(879, 'jeremy.bourdin18@gmail.com', NULL, NULL, 8, NULL, NULL, NULL),
(879, 'khalifanejmeddine95@gmail.com', NULL, NULL, 5, NULL, NULL, NULL),
(879, 'leon.legros01@gmail.com', NULL, NULL, 7, NULL, NULL, NULL),
(879, 'lucas.jarousse@gmail.com', NULL, NULL, 6, NULL, NULL, NULL),
(879, 'lucastiago18230@gmail.com', NULL, NULL, 8, NULL, NULL, NULL),
(879, 'marcbourdariat@gmail.com', NULL, NULL, 6, NULL, NULL, NULL),
(879, 'maxime.gaury@gmail.com', NULL, NULL, 7, NULL, NULL, NULL),
(879, 'momeana.senio@gmail.com', NULL, NULL, 10, NULL, NULL, NULL),
(879, 'noetouleron@icloud.com', NULL, NULL, 5, NULL, NULL, NULL),
(879, 'Palthimena92@gmail.com', NULL, NULL, 8, NULL, NULL, NULL),
(879, 'paul.vaskou@sfr.fr', NULL, NULL, 7, NULL, NULL, NULL),
(879, 'quentin.demeuzoy@gmail.com', NULL, NULL, 6, NULL, NULL, NULL),
(879, 'robinivan@gmail.com', NULL, NULL, 8, NULL, NULL, NULL),
(879, 'simeon.narboux77@gmail.com', NULL, NULL, 6, NULL, NULL, NULL),
(879, 'theocroisy18@gmail.com', NULL, NULL, 6, NULL, NULL, NULL),
(879, 'tvedel@yahoo.com', NULL, NULL, 6, NULL, NULL, NULL),
(879, 'vivienfesser0210@orange.fr', NULL, NULL, 7, NULL, NULL, NULL),
(879, 'waraputuma@gmail.com', NULL, NULL, 7, NULL, NULL, NULL),
(880, 'aimeryckholisi@yahoo.com', 2, 3, NULL, 3, 3, 2),
(880, 'andypasques@gmail.com', 2, 1, NULL, 3, 1, 1),
(880, 'anthony.ribeaudeau@hotmail.fr', 2, 2, NULL, 2, 3, 2),
(880, 'baptistebertrand0208@gmail.com', 1, 2, NULL, 2, 2, 2),
(880, 'Chathuret@gmail.com', 2, 1, NULL, 2, 3, 3),
(880, 'cocoschirck4@gmail.com', 1, 1, NULL, 1, 1, 1),
(880, 'compinromain@orange.fr', 2, 2, NULL, 2, 2, 2),
(880, 'dalehendricks96@gmail.com', 3, 2, NULL, 3, 2, 1),
(880, 'emile.canivet@gmail.com', 1, 1, NULL, 2, 2, 1),
(880, 'enzo18190@gmail.com', 1, 2, NULL, 3, 3, 2),
(880, 'gannelon.samuel@laposte.net', 1, 1, NULL, 2, 3, 2),
(880, 'hanrov0419@gmail.com', 3, 3, NULL, 5, 1, 4),
(880, 'ionut_ovidiu27@yahoo.com', 1, 1, NULL, 2, 3, 2),
(880, 'j.faure725@laposte.net', 3, 1, NULL, 1, 3, 2),
(880, 'jeremy.bourdin18@gmail.com', 1, 1, NULL, 2, 3, 2),
(880, 'leon.legros01@gmail.com', 1, 1, NULL, 1, 4, 2),
(880, 'louisboyau8@gmail.com', 2, 2, NULL, 2, 3, 2),
(880, 'lucastiago18230@gmail.com', 1, 2, NULL, 2, 2, 1),
(880, 'marcbourdariat@gmail.com', 2, 3, NULL, 5, 2, 2),
(880, 'maxime.gaury@gmail.com', 1, 2, NULL, 2, 2, 2),
(880, 'noetouleron@icloud.com', 1, 1, NULL, 2, 2, 2),
(880, 'Palthimena92@gmail.com', 2, 3, NULL, 4, 1, 3),
(880, 'paul.vaskou@sfr.fr', 1, 2, NULL, 4, 1, 2),
(880, 'quentin.demeuzoy@gmail.com', 3, 1, NULL, 3, 1, 1),
(880, 'raph.bullier@gmail.com', 2, 1, NULL, 2, 2, 2),
(880, 'robinivan@gmail.com', 2, 1, NULL, 4, 3, 2),
(880, 'seluirondy@gmail.com', 3, 3, NULL, 2, 3, 3),
(880, 'simeon.narboux77@gmail.com', 1, 3, NULL, 4, 4, 1),
(880, 'soucharly04@gmail.com', 1, 2, NULL, 2, 3, 2),
(880, 'teoenrico23@gmail.com', 2, 1, NULL, 2, 3, 2),
(880, 'Umprianiirakli@gmail.com', 1, 1, NULL, 2, 2, 2),
(880, 'vivienfesser0210@orange.fr', 1, 1, NULL, 2, 3, 2),
(882, 'andypasques@gmail.com', NULL, NULL, 6, NULL, NULL, NULL),
(882, 'Chamseddine.khalifa@sfr.fr', NULL, NULL, 6, NULL, NULL, NULL),
(882, 'Chathuret@gmail.com', NULL, NULL, 6, NULL, NULL, NULL),
(882, 'cocoschirck4@gmail.com', NULL, NULL, 5, NULL, NULL, NULL),
(882, 'compinromain@orange.fr', NULL, NULL, 6, NULL, NULL, NULL),
(882, 'dalehendricks96@gmail.com', NULL, NULL, 6, NULL, NULL, NULL),
(882, 'emile.canivet@gmail.com', NULL, NULL, 6, NULL, NULL, NULL),
(882, 'enzo18190@gmail.com', NULL, NULL, 8, NULL, NULL, NULL),
(882, 'hanrov0419@gmail.com', NULL, NULL, 8, NULL, NULL, NULL),
(882, 'j.faure725@laposte.net', NULL, NULL, 2, NULL, NULL, NULL),
(882, 'jeremy.bourdin18@gmail.com', NULL, NULL, 7, NULL, NULL, NULL),
(882, 'khalifanejmeddine95@gmail.com', NULL, NULL, 6, NULL, NULL, NULL),
(882, 'leon.legros01@gmail.com', NULL, NULL, 9, NULL, NULL, NULL),
(882, 'lucas.jarousse@gmail.com', NULL, NULL, 4, NULL, NULL, NULL),
(882, 'lucastiago18230@gmail.com', NULL, NULL, 7, NULL, NULL, NULL),
(882, 'marcbourdariat@gmail.com', NULL, NULL, 6, NULL, NULL, NULL),
(882, 'maxime.gaury@gmail.com', NULL, NULL, 6, NULL, NULL, NULL),
(882, 'noetouleron@icloud.com', NULL, NULL, 5, NULL, NULL, NULL),
(882, 'Palthimena92@gmail.com', NULL, NULL, 6, NULL, NULL, NULL),
(882, 'paul.vaskou@sfr.fr', NULL, NULL, 8, NULL, NULL, NULL),
(882, 'quentin.demeuzoy@gmail.com', NULL, NULL, 7, NULL, NULL, NULL),
(882, 'soucharly04@gmail.com', NULL, NULL, 8, NULL, NULL, NULL),
(882, 'vivienfesser0210@orange.fr', NULL, NULL, 7, NULL, NULL, NULL),
(883, 'aimeryckholisi@yahoo.com', 2, 3, NULL, 3, 3, 2),
(883, 'Amiranashvilinika21@gmail.com', 2, 1, NULL, 2, 2, 2),
(883, 'anthony.ribeaudeau@hotmail.fr', 4, 1, NULL, 2, 3, 2),
(883, 'Chathuret@gmail.com', 2, 3, NULL, 4, 3, 2),
(883, 'cocoschirck4@gmail.com', 1, 1, NULL, 1, 1, 2),
(883, 'dalehendricks96@gmail.com', 2, 2, NULL, 3, 2, 2),
(883, 'emile.canivet@gmail.com', 1, 3, NULL, 4, 1, 1),
(883, 'enzo18190@gmail.com', 2, 1, NULL, 2, 3, 2),
(883, 'hanrov0419@gmail.com', 2, 4, NULL, 5, 1, 2),
(883, 'ionut_ovidiu27@yahoo.com', 2, 1, NULL, 2, 3, 1),
(883, 'jeremy.bourdin18@gmail.com', 1, 1, NULL, 3, 4, 2),
(883, 'leon.legros01@gmail.com', 1, 1, NULL, 1, 1, 1),
(883, 'lucas.jarousse@gmail.com', 1, 1, NULL, 2, 2, 2),
(883, 'lucastiago18230@gmail.com', 1, 2, NULL, 3, 1, 2),
(883, 'marcbourdariat@gmail.com', 2, 2, NULL, 2, 2, 2),
(883, 'maxime.gaury@gmail.com', 1, 3, NULL, 4, 2, 3),
(883, 'noetouleron@icloud.com', 1, 1, NULL, 2, 2, 2),
(883, 'robinivan@gmail.com', 3, 2, NULL, 3, 3, 2),
(883, 'seluirondy@gmail.com', 2, 2, NULL, 2, 3, 3),
(883, 'simeon.narboux77@gmail.com', 1, 1, NULL, 2, 3, 2),
(883, 'soucharly04@gmail.com', 1, 2, NULL, 2, 3, 2),
(883, 'vivienfesser0210@orange.fr', 1, 1, NULL, 2, 3, 2),
(884, 'compinromain@orange.fr', 3, 1, NULL, 2, 1, 1),
(884, 'dalehendricks96@gmail.com', 2, 2, NULL, 3, 1, 2),
(884, 'divanjonck@icloud.com', 1, 2, NULL, 2, 3, 2),
(884, 'emile.canivet@gmail.com', 1, 3, NULL, 4, 3, 3),
(884, 'enzo18190@gmail.com', 1, 1, NULL, 2, 3, 3),
(884, 'gannelon.samuel@laposte.net', 1, 1, NULL, 2, 3, 2),
(884, 'ionut_ovidiu27@yahoo.com', 2, 1, NULL, 2, 3, 1),
(884, 'j.faure725@laposte.net', 3, 1, NULL, 1, 1, 2),
(884, 'jeremy.bourdin18@gmail.com', 1, 2, NULL, 2, 3, 3),
(884, 'leon.legros01@gmail.com', 1, 1, NULL, 2, 1, 2),
(884, 'louisboyau8@gmail.com', 1, 1, NULL, 2, 3, 2),
(884, 'lucas.jarousse@gmail.com', 1, 1, NULL, 2, 2, 2),
(884, 'lucastiago18230@gmail.com', 1, 1, NULL, 1, 1, 1),
(884, 'marcbourdariat@gmail.com', 2, 2, NULL, 3, 2, 2),
(884, 'noetouleron@icloud.com', 1, 1, NULL, 2, 2, 2),
(884, 'paul.vannier@icloud.com', 1, 1, NULL, 3, 3, 2),
(884, 'robinivan@gmail.com', 2, 3, NULL, 2, 3, 2),
(884, 'seluirondy@gmail.com', 3, 2, NULL, 2, 3, 3),
(884, 'simeon.narboux77@gmail.com', 1, 1, NULL, 2, 3, 1),
(884, 'soucharly04@gmail.com', 1, 2, NULL, 3, 2, 1),
(884, 'Umprianiirakli@gmail.com', 1, 1, NULL, 1, 2, 2),
(884, 'vivienfesser0210@orange.fr', 2, 1, NULL, 2, 3, 2),
(885, 'Amiranashvilinika21@gmail.com', 1, 1, NULL, 2, 2, 2),
(885, 'andypasques@gmail.com', 1, 1, NULL, 1, 1, 1),
(885, 'cocoschirck4@gmail.com', 2, 1, NULL, 2, 1, 2),
(885, 'compinromain@orange.fr', 2, 2, NULL, 2, 2, 2),
(885, 'emile.canivet@gmail.com', 1, 2, NULL, 4, 4, 2),
(885, 'enzo18190@gmail.com', 1, 1, NULL, 2, 3, 2),
(885, 'gannelon.samuel@laposte.net', 1, 1, NULL, 2, 3, 2),
(885, 'hanrov0419@gmail.com', 1, 1, NULL, 4, 1, 1),
(885, 'j.faure725@laposte.net', 3, 1, NULL, 1, 1, 2),
(885, 'jeremy.bourdin18@gmail.com', 1, 2, NULL, 2, 3, 3),
(885, 'lucas.jarousse@gmail.com', 1, 1, NULL, 2, 2, 2),
(885, 'lucastiago18230@gmail.com', 1, 1, NULL, 1, 1, 1),
(885, 'marcbourdariat@gmail.com', 1, 2, NULL, 2, 1, 1),
(885, 'maxime.gaury@gmail.com', 1, 2, NULL, 4, 2, 3),
(885, 'noetouleron@icloud.com', 1, 1, NULL, 2, 3, 2),
(885, 'Palthimena92@gmail.com', 2, 1, NULL, 2, 1, 1),
(885, 'paul.vannier@icloud.com', 1, 1, NULL, 2, 2, 2),
(885, 'paul.vaskou@sfr.fr', 1, 2, NULL, 2, 1, 1),
(885, 'quentin.demeuzoy@gmail.com', 2, 1, NULL, 1, 1, 1),
(885, 'robinivan@gmail.com', 2, 2, NULL, 3, 3, 2),
(885, 'seluirondy@gmail.com', 1, 2, NULL, 2, 3, 3),
(885, 'simeon.narboux77@gmail.com', 1, 1, NULL, 2, 4, 1),
(885, 'soucharly04@gmail.com', 1, 1, NULL, 1, 2, 1),
(885, 'tvedel@yahoo.com', 1, 1, NULL, 2, 2, 1),
(885, 'Umprianiirakli@gmail.com', 1, 1, NULL, 2, 3, 2),
(885, 'vivienfesser0210@orange.fr', 1, 1, NULL, 2, 3, 2),
(891, 'aimeryckholisi@yahoo.com', 2, 3, NULL, 2, 3, 2),
(891, 'andypasques@gmail.com', 1, 1, NULL, 3, 2, 3),
(891, 'baptistebertrand0208@gmail.com', 1, 1, NULL, 2, 2, 2),
(891, 'Chamseddine.khalifa@sfr.fr', 1, 2, NULL, 3, 3, 2),
(891, 'cocoschirck4@gmail.com', 1, 1, NULL, 1, 1, 1),
(891, 'compinromain@orange.fr', 3, 2, NULL, 2, 3, 2),
(891, 'dalehendricks96@gmail.com', 2, 3, NULL, 3, 2, 3),
(891, 'divanjonck@icloud.com', 2, 1, NULL, 2, 3, 2),
(891, 'emile.canivet@gmail.com', 1, 1, NULL, 1, 2, 2),
(891, 'enzo18190@gmail.com', 1, 3, NULL, 5, 3, 3),
(891, 'gannelon.samuel@laposte.net', 1, 1, NULL, 2, 3, 2),
(891, 'hanrov0419@gmail.com', 4, 3, NULL, 3, 4, 1),
(891, 'ionut_ovidiu27@yahoo.com', 2, 1, NULL, 2, 3, 1),
(891, 'j.faure725@laposte.net', 3, 1, NULL, 1, 1, 2),
(891, 'khalifanejmeddine95@gmail.com', 2, 2, NULL, 5, 3, 2),
(891, 'leon.legros01@gmail.com', 2, 1, NULL, 3, 1, 1),
(891, 'louisboyau8@gmail.com', 1, 2, NULL, 2, 3, 2),
(891, 'lucas.jarousse@gmail.com', 1, 3, NULL, 4, 3, 2),
(891, 'lucastiago18230@gmail.com', 1, 2, NULL, 2, 1, 1),
(891, 'marcbourdariat@gmail.com', 2, 3, NULL, 3, 3, 2),
(891, 'maxime.gaury@gmail.com', 1, 2, NULL, 2, 2, 2),
(891, 'noetouleron@icloud.com', 1, 1, NULL, 2, 2, 2),
(891, 'paul.vannier@icloud.com', 2, 1, NULL, 2, 3, 1),
(891, 'paul.vaskou@sfr.fr', 1, 2, NULL, 1, 1, 1),
(891, 'quentin.demeuzoy@gmail.com', 2, 2, NULL, 3, 2, 1),
(891, 'simeon.narboux77@gmail.com', 1, 1, NULL, 2, 4, 1),
(891, 'soucharly04@gmail.com', 3, 1, NULL, 3, 2, 2),
(891, 'theocroisy18@gmail.com', 1, 1, NULL, 2, 2, 2),
(891, 'Umprianiirakli@gmail.com', 1, 1, NULL, 2, 2, 1),
(891, 'vivienfesser0210@orange.fr', 1, 1, NULL, 2, 3, 2),
(892, 'emile.canivet@gmail.com', NULL, NULL, 6, NULL, NULL, NULL),
(892, 'paul.vaskou@sfr.fr', NULL, NULL, 3, NULL, NULL, NULL),
(892, 'tvedel@yahoo.com', NULL, NULL, 6, NULL, NULL, NULL),
(893, 'andypasques@gmail.com', NULL, NULL, 6, NULL, NULL, NULL),
(893, 'Chathuret@gmail.com', NULL, NULL, 9, NULL, NULL, NULL),
(893, 'cocoschirck4@gmail.com', NULL, NULL, 4, NULL, NULL, NULL),
(893, 'compinromain@orange.fr', NULL, NULL, 7, NULL, NULL, NULL),
(893, 'dalehendricks96@gmail.com', NULL, NULL, 8, NULL, NULL, NULL),
(893, 'emile.canivet@gmail.com', NULL, NULL, 8, NULL, NULL, NULL),
(893, 'hanrov0419@gmail.com', NULL, NULL, 9, NULL, NULL, NULL),
(893, 'j.faure725@laposte.net', NULL, NULL, 7, NULL, NULL, NULL),
(893, 'jeremy.bourdin18@gmail.com', NULL, NULL, 7, NULL, NULL, NULL),
(893, 'lucas.jarousse@gmail.com', NULL, NULL, 7, NULL, NULL, NULL),
(893, 'lucastiago18230@gmail.com', NULL, NULL, 7, NULL, NULL, NULL),
(893, 'marcbourdariat@gmail.com', NULL, NULL, 8, NULL, NULL, NULL),
(893, 'mathis2005.mg@gmail.com', NULL, NULL, 8, NULL, NULL, NULL),
(893, 'Palthimena92@gmail.com', NULL, NULL, 7, NULL, NULL, NULL),
(893, 'paul.vannier@icloud.com', NULL, NULL, 5, NULL, NULL, NULL),
(893, 'paul.vaskou@sfr.fr', NULL, NULL, 8, NULL, NULL, NULL),
(893, 'quentin.demeuzoy@gmail.com', NULL, NULL, 7, NULL, NULL, NULL),
(893, 'robinivan@gmail.com', NULL, NULL, 8, NULL, NULL, NULL),
(893, 'theocroisy18@gmail.com', NULL, NULL, 6, NULL, NULL, NULL),
(893, 'Umprianiirakli@gmail.com', NULL, NULL, 8, NULL, NULL, NULL),
(894, 'emile.canivet@gmail.com', NULL, NULL, 8, NULL, NULL, NULL),
(894, 'noetouleron@icloud.com', NULL, NULL, 6, NULL, NULL, NULL),
(895, 'aimeryckholisi@yahoo.com', 2, 3, NULL, 4, 3, 2),
(895, 'andypasques@gmail.com', 2, 1, NULL, 3, 1, 1),
(895, 'Chamseddine.khalifa@sfr.fr', 2, 3, NULL, 3, 3, 2),
(895, 'Chathuret@gmail.com', 2, 2, NULL, 3, 4, 3),
(895, 'cocoschirck4@gmail.com', 1, 1, NULL, 4, 1, 1),
(895, 'compinromain@orange.fr', 3, 2, NULL, 2, 2, 2),
(895, 'dalehendricks96@gmail.com', 2, 4, NULL, 4, 2, 2),
(895, 'divanjonck@icloud.com', 2, 4, NULL, 5, 5, 5),
(895, 'elliotbale@hotmail.com', 3, 1, NULL, 2, 3, 2),
(895, 'emile.canivet@gmail.com', 1, 2, NULL, 2, 2, 2),
(895, 'enzo18190@gmail.com', 6, 1, NULL, 2, 4, 2),
(895, 'hanrov0419@gmail.com', 5, 3, NULL, 3, 3, 4),
(895, 'ionut_ovidiu27@yahoo.com', 1, 1, NULL, 2, 3, 1),
(895, 'j.faure725@laposte.net', 3, 1, NULL, 1, 3, 2),
(895, 'jeremy.bourdin18@gmail.com', 1, 2, NULL, 3, 3, 2),
(895, 'joshuua.cartier@gmail.com', 1, 1, NULL, 1, 2, 2),
(895, 'khalifanejmeddine95@gmail.com', 3, 2, NULL, 5, 4, 3),
(895, 'leon.legros01@gmail.com', 1, 2, NULL, 2, 2, 2),
(895, 'lucas.jarousse@gmail.com', 1, 1, NULL, 2, 2, 2),
(895, 'lucastiago18230@gmail.com', 1, 1, NULL, 1, 1, 1),
(895, 'marcbourdariat@gmail.com', 2, 2, NULL, 3, 2, 2),
(895, 'noetouleron@icloud.com', 1, 1, NULL, 2, 3, 2),
(895, 'paul.vannier@icloud.com', 1, 1, NULL, 1, 2, 1),
(895, 'paul.vaskou@sfr.fr', 1, 3, NULL, 1, 2, 2),
(895, 'quentin.demeuzoy@gmail.com', 2, 2, NULL, 3, 2, 2),
(895, 'robinivan@gmail.com', 2, 2, NULL, 3, 3, 2),
(895, 'seluirondy@gmail.com', 1, 1, NULL, 2, 2, 2),
(895, 'simeon.narboux77@gmail.com', 1, 2, NULL, 3, 4, 1),
(895, 'theocroisy18@gmail.com', 1, 1, NULL, 2, 3, 2),
(895, 'tvedel@yahoo.com', 1, 2, NULL, 2, 4, 1),
(895, 'Umprianiirakli@gmail.com', 1, 2, NULL, 2, 2, 2),
(896, 'noetouleron@icloud.com', NULL, NULL, 4, NULL, NULL, NULL),
(897, 'emile.canivet@gmail.com', NULL, NULL, 4, NULL, NULL, NULL),
(901, 'alix.escmt@gmail.com', NULL, NULL, 6, NULL, NULL, NULL),
(901, 'andypasques@gmail.com', NULL, NULL, 6, NULL, NULL, NULL),
(901, 'baptistebertrand0208@gmail.com', NULL, NULL, 6, NULL, NULL, NULL),
(901, 'Chathuret@gmail.com', NULL, NULL, 4, NULL, NULL, NULL),
(901, 'compinromain@orange.fr', NULL, NULL, 7, NULL, NULL, NULL),
(901, 'elliotbale@hotmail.com', NULL, NULL, 6, NULL, NULL, NULL),
(901, 'emile.canivet@gmail.com', NULL, NULL, 9, NULL, NULL, NULL),
(901, 'ionut_ovidiu27@yahoo.com', NULL, NULL, 8, NULL, NULL, NULL),
(901, 'jeremy.bourdin18@gmail.com', NULL, NULL, 9, NULL, NULL, NULL),
(901, 'marcbourdariat@gmail.com', NULL, NULL, 4, NULL, NULL, NULL),
(901, 'noetouleron@icloud.com', NULL, NULL, 5, NULL, NULL, NULL),
(901, 'Palthimena92@gmail.com', NULL, NULL, 7, NULL, NULL, NULL),
(901, 'quentin.demeuzoy@gmail.com', NULL, NULL, 6, NULL, NULL, NULL),
(901, 'simeon.narboux77@gmail.com', NULL, NULL, 4, NULL, NULL, NULL),
(901, 'soucharly04@gmail.com', NULL, NULL, 7, NULL, NULL, NULL),
(901, 'theocroisy18@gmail.com', NULL, NULL, 6, NULL, NULL, NULL),
(901, 'tvedel@yahoo.com', NULL, NULL, 5, NULL, NULL, NULL),
(901, 'Umprianiirakli@gmail.com', NULL, NULL, 8, NULL, NULL, NULL),
(901, 'waraputuma@gmail.com', NULL, NULL, 8, NULL, NULL, NULL),
(905, 'tvedel@yahoo.com', NULL, NULL, 6, NULL, NULL, NULL),
(906, 'lucas.jarousse@gmail.com', NULL, NULL, 4, NULL, NULL, NULL),
(910, 'aimeryckholisi@yahoo.com', 2, 3, NULL, 4, 3, 2),
(910, 'alix.escmt@gmail.com', 1, 1, NULL, 2, 3, 2),
(910, 'andypasques@gmail.com', 1, 1, NULL, 3, 1, 2),
(910, 'anthony.ribeaudeau@hotmail.fr', 4, 1, NULL, 2, 3, 2),
(910, 'baptistebertrand0208@gmail.com', 1, 1, NULL, 2, 2, 2),
(910, 'Chathuret@gmail.com', 1, 3, NULL, 4, 3, 2),
(910, 'cocoschirck4@gmail.com', 2, 1, NULL, 1, 1, 1),
(910, 'compinromain@orange.fr', 2, 2, NULL, 2, 2, 2),
(910, 'dalehendricks96@gmail.com', 2, 2, NULL, 3, 1, 2),
(910, 'diegonoizat@gmail.com', 1, 1, NULL, 2, 3, 2),
(910, 'divanjonck@icloud.com', 2, 3, NULL, 2, 4, 4),
(910, 'elliotbale@hotmail.com', 4, 1, NULL, 2, 3, 3),
(910, 'emile.canivet@gmail.com', 1, 1, NULL, 1, 1, 2),
(910, 'enzo18190@gmail.com', 3, 2, NULL, 2, 3, 2),
(910, 'gannelon.samuel@laposte.net', 1, 1, NULL, 2, 3, 3),
(910, 'hanrov0419@gmail.com', 4, 3, NULL, 3, 3, 4),
(910, 'ionut_ovidiu27@yahoo.com', 1, 1, NULL, 2, 3, 1),
(910, 'j.faure725@laposte.net', 3, 1, NULL, 1, 3, 2),
(910, 'leon.legros01@gmail.com', 1, 1, NULL, 2, 2, 2),
(910, 'louisboyau8@gmail.com', 2, 3, NULL, 4, 3, 2),
(910, 'lucas.jarousse@gmail.com', 2, 1, NULL, 2, 2, 2),
(910, 'lucastiago18230@gmail.com', 1, 1, NULL, 1, 1, 1),
(910, 'marcbourdariat@gmail.com', 1, 1, NULL, 2, 2, 2),
(910, 'marceauxremy@gmail.com', 1, 3, NULL, 2, 3, 2),
(910, 'mathis2005.mg@gmail.com', 4, 2, NULL, 2, 1, 2),
(910, 'maxime.gaury@gmail.com', 1, 2, NULL, 4, 2, 2),
(910, 'noetouleron@icloud.com', 1, 1, NULL, 2, 2, 2),
(910, 'paul.vannier@icloud.com', 1, 1, NULL, 2, 3, 1),
(910, 'paul.vaskou@sfr.fr', 1, 3, NULL, 3, 1, 2),
(910, 'quentin.demeuzoy@gmail.com', 3, 2, NULL, 1, 1, 1),
(910, 'robinivan@gmail.com', 2, 2, NULL, 3, 3, 2),
(910, 'seluirondy@gmail.com', 5, 3, NULL, 2, 3, 2),
(910, 'soucharly04@gmail.com', 2, 1, NULL, 3, 3, 2),
(910, 'theocroisy18@gmail.com', 1, 1, NULL, 2, 3, 2),
(910, 'thomas.beraza.stl@gmail.com', 1, 3, NULL, 3, 3, 2),
(910, 'Umprianiirakli@gmail.com', 2, 1, NULL, 2, 2, 2),
(910, 'vivienfesser0210@orange.fr', 1, 1, NULL, 2, 3, 2),
(911, 'alix.escmt@gmail.com', NULL, NULL, 5, NULL, NULL, NULL),
(911, 'andypasques@gmail.com', NULL, NULL, 5, NULL, NULL, NULL),
(911, 'anthony.ribeaudeau@hotmail.fr', NULL, NULL, 5, NULL, NULL, NULL),
(911, 'Chamseddine.khalifa@sfr.fr', NULL, NULL, 6, NULL, NULL, NULL),
(911, 'Chathuret@gmail.com', NULL, NULL, 4, NULL, NULL, NULL),
(911, 'compinromain@orange.fr', NULL, NULL, 3, NULL, NULL, NULL),
(911, 'dalehendricks96@gmail.com', NULL, NULL, 4, NULL, NULL, NULL),
(911, 'gannelon.samuel@laposte.net', NULL, NULL, 7, NULL, NULL, NULL),
(911, 'hanrov0419@gmail.com', NULL, NULL, 1, NULL, NULL, NULL),
(911, 'ionut_ovidiu27@yahoo.com', NULL, NULL, 6, NULL, NULL, NULL),
(911, 'joshuua.cartier@gmail.com', NULL, NULL, 5, NULL, NULL, NULL),
(911, 'khalifanejmeddine95@gmail.com', NULL, NULL, 6, NULL, NULL, NULL),
(911, 'lancelot50120@gmail.com', NULL, NULL, 4, NULL, NULL, NULL),
(911, 'leon.legros01@gmail.com', NULL, NULL, 6, NULL, NULL, NULL),
(911, 'lucastiago18230@gmail.com', NULL, NULL, 5, NULL, NULL, NULL),
(911, 'marcbourdariat@gmail.com', NULL, NULL, 3, NULL, NULL, NULL),
(911, 'maxime.gaury@gmail.com', NULL, NULL, 3, NULL, NULL, NULL),
(911, 'noetouleron@icloud.com', NULL, NULL, 3, NULL, NULL, NULL),
(911, 'Palthimena92@gmail.com', NULL, NULL, 6, NULL, NULL, NULL),
(911, 'paul.vannier@icloud.com', NULL, NULL, 4, NULL, NULL, NULL),
(911, 'quentin.demeuzoy@gmail.com', NULL, NULL, 7, NULL, NULL, NULL),
(911, 'sagatomoleana@gmail.com', NULL, NULL, 5, NULL, NULL, NULL),
(911, 'theocroisy18@gmail.com', NULL, NULL, 4, NULL, NULL, NULL),
(911, 'Umprianiirakli@gmail.com', NULL, NULL, 7, NULL, NULL, NULL),
(911, 'waraputuma@gmail.com', NULL, NULL, 7, NULL, NULL, NULL),
(912, 'aimeryckholisi@yahoo.com', 2, 4, NULL, 4, 3, 2),
(912, 'alix.escmt@gmail.com', 1, 1, NULL, 3, 3, 2),
(912, 'andypasques@gmail.com', 2, 1, NULL, 2, 1, 2),
(912, 'antoninmarekwica@gmail.com', 3, 1, NULL, 2, 3, 1),
(912, 'baptistebertrand0208@gmail.com', 1, 1, NULL, 2, 2, 2),
(912, 'Chamseddine.khalifa@sfr.fr', 3, 1, NULL, 2, 3, 2),
(912, 'Chathuret@gmail.com', 2, 3, NULL, 4, 4, 4),
(912, 'compinromain@orange.fr', 4, 2, NULL, 2, 2, 2),
(912, 'dalehendricks96@gmail.com', 2, 2, NULL, 3, 2, 2),
(912, 'diegonoizat@gmail.com', 1, 1, NULL, 2, 3, 2),
(912, 'divanjonck@icloud.com', 1, 1, NULL, 2, 3, 2),
(912, 'elliotbale@hotmail.com', 2, 1, NULL, 2, 2, 2),
(912, 'emile.canivet@gmail.com', 5, 3, NULL, 2, 3, 2),
(912, 'enzo18190@gmail.com', 1, 1, NULL, 3, 4, 3),
(912, 'gannelon.samuel@laposte.net', 1, 1, NULL, 2, 3, 2),
(912, 'hanrov0419@gmail.com', 4, 3, NULL, 3, 3, 2),
(912, 'ionut_ovidiu27@yahoo.com', 1, 1, NULL, 2, 3, 2),
(912, 'j.faure725@laposte.net', 2, 1, NULL, 1, 2, 2),
(912, 'jeremy.bourdin18@gmail.com', 2, 1, NULL, 3, 3, 2),
(912, 'khalifanejmeddine95@gmail.com', 2, 1, NULL, 2, 2, 2),
(912, 'leon.legros01@gmail.com', 1, 3, NULL, 2, 2, 2),
(912, 'louisboyau8@gmail.com', 2, 2, NULL, 2, 3, 2),
(912, 'lucas.jarousse@gmail.com', 4, 2, NULL, 3, 3, 2),
(912, 'lucastiago18230@gmail.com', 1, 3, NULL, 4, 1, 4),
(912, 'marcbourdariat@gmail.com', 1, 1, NULL, 3, 1, 1),
(912, 'maxime.gaury@gmail.com', 1, 2, NULL, 2, 2, 2),
(912, 'noetouleron@icloud.com', 1, 1, NULL, 2, 2, 2),
(912, 'Palthimena92@gmail.com', 3, 3, NULL, 2, 1, 2),
(912, 'paul.vannier@icloud.com', 1, 1, NULL, 2, 3, 3),
(912, 'paul.vaskou@sfr.fr', 2, 2, NULL, 3, 1, 1),
(912, 'quentin.demeuzoy@gmail.com', 3, 2, NULL, 3, 2, 2),
(912, 'seluirondy@gmail.com', 1, 1, NULL, 2, 3, 2),
(912, 'simeon.narboux77@gmail.com', 1, 1, NULL, 2, 4, 1),
(912, 'soucharly04@gmail.com', 1, 2, NULL, 2, 2, 2),
(912, 'theocroisy18@gmail.com', 3, 3, NULL, 3, 3, 2),
(912, 'tvedel@yahoo.com', 2, 2, NULL, 4, 3, 1),
(912, 'Umprianiirakli@gmail.com', 3, 2, NULL, 2, 2, 2),
(912, 'vivienfesser0210@orange.fr', 3, 1, NULL, 2, 3, 2),
(913, 'alix.escmt@gmail.com', NULL, NULL, 7, NULL, NULL, NULL),
(913, 'andypasques@gmail.com', NULL, NULL, 2, NULL, NULL, NULL),
(913, 'antoninmarekwica@gmail.com', NULL, NULL, 6, NULL, NULL, NULL),
(913, 'Chamseddine.khalifa@sfr.fr', NULL, NULL, 3, NULL, NULL, NULL),
(913, 'Charlydemo@gmail.com', NULL, NULL, 8, NULL, NULL, NULL),
(913, 'Chathuret@gmail.com', NULL, NULL, 2, NULL, NULL, NULL),
(913, 'cocoschirck4@gmail.com', NULL, NULL, 6, NULL, NULL, NULL),
(913, 'dalehendricks96@gmail.com', NULL, NULL, 3, NULL, NULL, NULL),
(913, 'diegonoizat@gmail.com', NULL, NULL, 5, NULL, NULL, NULL),
(913, 'emile.canivet@gmail.com', NULL, NULL, 3, NULL, NULL, NULL),
(913, 'gannelon.samuel@laposte.net', NULL, NULL, 6, NULL, NULL, NULL),
(913, 'hanrov0419@gmail.com', NULL, NULL, 6, NULL, NULL, NULL),
(913, 'j.faure725@laposte.net', NULL, NULL, 3, NULL, NULL, NULL),
(913, 'jeremy.bourdin18@gmail.com', NULL, NULL, 4, NULL, NULL, NULL),
(913, 'khalifanejmeddine95@gmail.com', NULL, NULL, 4, NULL, NULL, NULL),
(913, 'leon.legros01@gmail.com', NULL, NULL, 3, NULL, NULL, NULL),
(913, 'louisboyau8@gmail.com', NULL, NULL, 6, NULL, NULL, NULL),
(913, 'lucastiago18230@gmail.com', NULL, NULL, 6, NULL, NULL, NULL),
(913, 'Lukas.cncn@gmail.com', NULL, NULL, 3, NULL, NULL, NULL),
(913, 'marcbourdariat@gmail.com', NULL, NULL, 4, NULL, NULL, NULL),
(913, 'mathis2005.mg@gmail.com', NULL, NULL, 5, NULL, NULL, NULL),
(913, 'maxime.gaury@gmail.com', NULL, NULL, 5, NULL, NULL, NULL),
(913, 'momeana.senio@gmail.com', NULL, NULL, 5, NULL, NULL, NULL),
(913, 'noetouleron@icloud.com', NULL, NULL, 2, NULL, NULL, NULL),
(913, 'Palthimena92@gmail.com', NULL, NULL, 6, NULL, NULL, NULL),
(913, 'paul.vaskou@sfr.fr', NULL, NULL, 3, NULL, NULL, NULL),
(913, 'soucharly04@gmail.com', NULL, NULL, 5, NULL, NULL, NULL),
(913, 'theocroisy18@gmail.com', NULL, NULL, 5, NULL, NULL, NULL),
(913, 'tvedel@yahoo.com', NULL, NULL, 3, NULL, NULL, NULL),
(913, 'Umprianiirakli@gmail.com', NULL, NULL, 6, NULL, NULL, NULL),
(913, 'waraputuma@gmail.com', NULL, NULL, 5, NULL, NULL, NULL),
(914, 'andypasques@gmail.com', NULL, NULL, 4, NULL, NULL, NULL),
(914, 'noetouleron@icloud.com', NULL, NULL, 5, NULL, NULL, NULL),
(915, 'louisboyau8@gmail.com', NULL, NULL, 7, NULL, NULL, NULL),
(915, 'marcbourdariat@gmail.com', NULL, NULL, 5, NULL, NULL, NULL),
(917, 'paul.vaskou@sfr.fr', NULL, NULL, 5, NULL, NULL, NULL),
(918, 'emile.canivet@gmail.com', NULL, NULL, 4, NULL, NULL, NULL),
(919, 'aimeryckholisi@yahoo.com', 2, 2, NULL, 2, 3, 2),
(919, 'alix.escmt@gmail.com', 1, 2, NULL, 2, 3, 2),
(919, 'andypasques@gmail.com', 1, 1, NULL, 3, 1, 1),
(919, 'anthony.ribeaudeau@hotmail.fr', 4, 2, NULL, 2, 3, 2),
(919, 'antoninmarekwica@gmail.com', 3, 1, NULL, 3, 2, 1),
(919, 'baptistebertrand0208@gmail.com', 1, 1, NULL, 2, 2, 2),
(919, 'Chamseddine.khalifa@sfr.fr', 2, 2, NULL, 3, 3, 2),
(919, 'Charlydemo@gmail.com', 1, 1, NULL, 4, 3, 2),
(919, 'cocoschirck4@gmail.com', 1, 1, NULL, 1, 1, 3),
(919, 'compinromain@orange.fr', 4, 2, NULL, 2, 2, 2),
(919, 'dalehendricks96@gmail.com', 2, 1, NULL, 2, 2, 2),
(919, 'divanjonck@icloud.com', 1, 1, NULL, 2, 3, 2),
(919, 'elliotbale@hotmail.com', 2, 1, NULL, 1, 3, 2),
(919, 'emile.canivet@gmail.com', 2, 2, NULL, 2, 2, 2),
(919, 'enzo18190@gmail.com', 1, 2, NULL, 2, 3, 3),
(919, 'gannelon.samuel@laposte.net', 1, 1, NULL, 3, 3, 2),
(919, 'hanrov0419@gmail.com', 2, 2, NULL, 3, 1, 3),
(919, 'ionut_ovidiu27@yahoo.com', 1, 1, NULL, 2, 3, 1),
(919, 'j.faure725@laposte.net', 2, 1, NULL, 1, 3, 3),
(919, 'joshuua.cartier@gmail.com', 1, 1, NULL, 2, 3, 1),
(919, 'khalifanejmeddine95@gmail.com', 2, 1, NULL, 1, 1, 2),
(919, 'leon.legros01@gmail.com', 1, 2, NULL, 2, 3, 2),
(919, 'lucas.jarousse@gmail.com', 4, 1, NULL, 3, 3, 3),
(919, 'lucastiago18230@gmail.com', 1, 2, NULL, 2, 1, 2),
(919, 'marcbourdariat@gmail.com', 1, 2, NULL, 2, 2, 2),
(919, 'maxime.gaury@gmail.com', 1, 1, NULL, 2, 2, 2),
(919, 'momeana.senio@gmail.com', 3, 1, NULL, 3, 1, 2),
(919, 'noetouleron@icloud.com', 1, 2, NULL, 2, 3, 2),
(919, 'paul.vannier@icloud.com', 1, 1, NULL, 2, 3, 3),
(919, 'quentin.demeuzoy@gmail.com', 2, 2, NULL, 2, 1, 2),
(919, 'seluirondy@gmail.com', 1, 1, NULL, 2, 3, 2),
(919, 'simeon.narboux77@gmail.com', 1, 1, NULL, 2, 4, 2),
(919, 'tvedel@yahoo.com', 1, 4, NULL, 5, 4, 3),
(919, 'Umprianiirakli@gmail.com', 2, 2, NULL, 3, 3, 2),
(920, 'emile.canivet@gmail.com', NULL, NULL, 5, NULL, NULL, NULL),
(920, 'marcbourdariat@gmail.com', NULL, NULL, 2, NULL, NULL, NULL),
(922, 'quentin.demeuzoy@gmail.com', NULL, NULL, 4, NULL, NULL, NULL),
(924, 'aimeryckholisi@yahoo.com', NULL, NULL, 7, NULL, NULL, NULL),
(924, 'alix.escmt@gmail.com', NULL, NULL, 7, NULL, NULL, NULL),
(924, 'andypasques@gmail.com', NULL, NULL, 4, NULL, NULL, NULL),
(924, 'baptistebertrand0208@gmail.com', NULL, NULL, 7, NULL, NULL, NULL),
(924, 'Chamseddine.khalifa@sfr.fr', NULL, NULL, 7, NULL, NULL, NULL),
(924, 'Charlydemo@gmail.com', NULL, NULL, 5, NULL, NULL, NULL),
(924, 'cocoschirck4@gmail.com', NULL, NULL, 7, NULL, NULL, NULL),
(924, 'compinromain@orange.fr', NULL, NULL, 5, NULL, NULL, NULL);
INSERT INTO `resultat` (`idQuestionnaire`, `idJoueur`, `douleur`, `fatigue`, `intensite`, `sommeil`, `stress`, `humeur`) VALUES
(924, 'dalehendricks96@gmail.com', NULL, NULL, 4, NULL, NULL, NULL),
(924, 'emile.canivet@gmail.com', NULL, NULL, 7, NULL, NULL, NULL),
(924, 'gannelon.samuel@laposte.net', NULL, NULL, 6, NULL, NULL, NULL),
(924, 'j.faure725@laposte.net', NULL, NULL, 5, NULL, NULL, NULL),
(924, 'jeremy.bourdin18@gmail.com', NULL, NULL, 4, NULL, NULL, NULL),
(924, 'khalifanejmeddine95@gmail.com', NULL, NULL, 5, NULL, NULL, NULL),
(924, 'leon.legros01@gmail.com', NULL, NULL, 5, NULL, NULL, NULL),
(924, 'lucastiago18230@gmail.com', NULL, NULL, 9, NULL, NULL, NULL),
(924, 'marcbourdariat@gmail.com', NULL, NULL, 6, NULL, NULL, NULL),
(924, 'maxime.gaury@gmail.com', NULL, NULL, 6, NULL, NULL, NULL),
(924, 'noetouleron@icloud.com', NULL, NULL, 6, NULL, NULL, NULL),
(924, 'Palthimena92@gmail.com', NULL, NULL, 6, NULL, NULL, NULL),
(924, 'paul.vannier@icloud.com', NULL, NULL, 3, NULL, NULL, NULL),
(924, 'paul.vaskou@sfr.fr', NULL, NULL, 7, NULL, NULL, NULL),
(924, 'quentin.demeuzoy@gmail.com', NULL, NULL, 5, NULL, NULL, NULL),
(924, 'robinivan@gmail.com', NULL, NULL, 7, NULL, NULL, NULL),
(924, 'tvedel@yahoo.com', NULL, NULL, 5, NULL, NULL, NULL),
(924, 'Umprianiirakli@gmail.com', NULL, NULL, 7, NULL, NULL, NULL),
(926, 'emile.canivet@gmail.com', NULL, NULL, 6, NULL, NULL, NULL),
(926, 'marcbourdariat@gmail.com', NULL, NULL, 5, NULL, NULL, NULL),
(929, 'Chamseddine.khalifa@sfr.fr', NULL, NULL, 5, NULL, NULL, NULL),
(930, 'aimeryckholisi@yahoo.com', 2, 3, NULL, 4, 3, 2),
(930, 'alix.escmt@gmail.com', 3, 1, NULL, 2, 3, 2),
(930, 'andypasques@gmail.com', 1, 2, NULL, 2, 1, 1),
(930, 'anthony.ribeaudeau@hotmail.fr', 4, 2, NULL, 2, 3, 2),
(930, 'baptistebertrand0208@gmail.com', 1, 2, NULL, 2, 2, 2),
(930, 'Chamseddine.khalifa@sfr.fr', 1, 2, NULL, 3, 4, 2),
(930, 'Chathuret@gmail.com', 4, 3, NULL, 4, 3, 3),
(930, 'compinromain@orange.fr', 4, 2, NULL, 2, 2, 2),
(930, 'dalehendricks96@gmail.com', 2, 1, NULL, 2, 2, 2),
(930, 'diegonoizat@gmail.com', 1, 1, NULL, 2, 3, 2),
(930, 'divanjonck@icloud.com', 1, 1, NULL, 2, 3, 2),
(930, 'elliotbale@hotmail.com', 2, 1, NULL, 2, 3, 2),
(930, 'emile.canivet@gmail.com', 2, 2, NULL, 2, 2, 2),
(930, 'enzo18190@gmail.com', 1, 1, NULL, 2, 3, 2),
(930, 'gannelon.samuel@laposte.net', 1, 1, NULL, 3, 3, 3),
(930, 'hanrov0419@gmail.com', 4, 4, NULL, 5, 4, 5),
(930, 'ionut_ovidiu27@yahoo.com', 1, 1, NULL, 1, 3, 2),
(930, 'j.faure725@laposte.net', 2, 1, NULL, 1, 3, 3),
(930, 'khalifanejmeddine95@gmail.com', 2, 2, NULL, 3, 3, 2),
(930, 'louisboyau8@gmail.com', 2, 3, NULL, 2, 3, 2),
(930, 'lucas.jarousse@gmail.com', 4, 1, NULL, 2, 3, 2),
(930, 'marcbourdariat@gmail.com', 3, 3, NULL, 4, 3, 2),
(930, 'mathis2005.mg@gmail.com', 2, 1, NULL, 2, 1, 2),
(930, 'maxime.gaury@gmail.com', 1, 1, NULL, 2, 2, 2),
(930, 'momeana.senio@gmail.com', 3, 1, NULL, 2, 2, 2),
(930, 'noetouleron@icloud.com', 1, 2, NULL, 2, 3, 2),
(930, 'Palthimena92@gmail.com', 2, 3, NULL, 4, 1, 2),
(930, 'paul.vannier@icloud.com', 2, 2, NULL, 3, 3, 2),
(930, 'paul.vaskou@sfr.fr', 1, 2, NULL, 3, 2, 2),
(930, 'quentin.demeuzoy@gmail.com', 3, 2, NULL, 2, 1, 2),
(930, 'robinivan@gmail.com', 3, 2, NULL, 3, 3, 2),
(930, 'seluirondy@gmail.com', 1, 1, NULL, 2, 3, 2),
(930, 'simeon.narboux77@gmail.com', 1, 1, NULL, 2, 4, 1),
(930, 'soucharly04@gmail.com', 1, 2, NULL, 1, 2, 2),
(930, 'theocroisy18@gmail.com', 1, 2, NULL, 2, 3, 2),
(930, 'tvedel@yahoo.com', 1, 4, NULL, 2, 3, 3),
(930, 'Umprianiirakli@gmail.com', 2, 1, NULL, 2, 2, 2),
(930, 'vivienfesser0210@orange.fr', 1, 1, NULL, 2, 3, 2),
(931, 'alix.escmt@gmail.com', NULL, NULL, 5, NULL, NULL, NULL),
(931, 'andypasques@gmail.com', NULL, NULL, 4, NULL, NULL, NULL),
(931, 'Chamseddine.khalifa@sfr.fr', NULL, NULL, 6, NULL, NULL, NULL),
(931, 'cocoschirck4@gmail.com', NULL, NULL, 6, NULL, NULL, NULL),
(931, 'compinromain@orange.fr', NULL, NULL, 5, NULL, NULL, NULL),
(931, 'dalehendricks96@gmail.com', NULL, NULL, 5, NULL, NULL, NULL),
(931, 'emile.canivet@gmail.com', NULL, NULL, 5, NULL, NULL, NULL),
(931, 'enzo18190@gmail.com', NULL, NULL, 6, NULL, NULL, NULL),
(931, 'hanrov0419@gmail.com', NULL, NULL, 8, NULL, NULL, NULL),
(931, 'ionut_ovidiu27@yahoo.com', NULL, NULL, 5, NULL, NULL, NULL),
(931, 'j.faure725@laposte.net', NULL, NULL, 7, NULL, NULL, NULL),
(931, 'khalifanejmeddine95@gmail.com', NULL, NULL, 5, NULL, NULL, NULL),
(931, 'leon.legros01@gmail.com', NULL, NULL, 4, NULL, NULL, NULL),
(931, 'mathis2005.mg@gmail.com', NULL, NULL, 5, NULL, NULL, NULL),
(931, 'maxime.gaury@gmail.com', NULL, NULL, 6, NULL, NULL, NULL),
(931, 'momeana.senio@gmail.com', NULL, NULL, 7, NULL, NULL, NULL),
(931, 'paul.vannier@icloud.com', NULL, NULL, 4, NULL, NULL, NULL),
(931, 'robinivan@gmail.com', NULL, NULL, 6, NULL, NULL, NULL),
(931, 'simeon.narboux77@gmail.com', NULL, NULL, 4, NULL, NULL, NULL),
(931, 'soucharly04@gmail.com', NULL, NULL, 6, NULL, NULL, NULL),
(931, 'theocroisy18@gmail.com', NULL, NULL, 4, NULL, NULL, NULL),
(931, 'tvedel@yahoo.com', NULL, NULL, 7, NULL, NULL, NULL),
(931, 'vivienfesser0210@orange.fr', NULL, NULL, 7, NULL, NULL, NULL);

-- --------------------------------------------------------

--
-- Structure de la table `resultat_exercice`
--

CREATE TABLE IF NOT EXISTS `resultat_exercice` (
  `idEntrainement` int NOT NULL,
  `idJoueur` varchar(180) CHARACTER SET utf8mb4 COLLATE utf8mb4_unicode_ci NOT NULL,
  `idExercice` int NOT NULL,
  `nbReps` int NOT NULL,
  `nbSeries` int NOT NULL,
  `poids` int NOT NULL,
  PRIMARY KEY (`idEntrainement`,`idJoueur`,`idExercice`),
  KEY `fk_id_exercice` (`idExercice`),
  KEY `fk_id_joueur` (`idJoueur`)
) ENGINE=InnoDB DEFAULT CHARSET=utf8mb4 COLLATE=utf8mb4_0900_ai_ci;

--
-- Déchargement des données de la table `resultat_exercice`
--

INSERT INTO `resultat_exercice` (`idEntrainement`, `idJoueur`, `idExercice`, `nbReps`, `nbSeries`, `poids`) VALUES
(886, 'noetouleron@icloud.com', 285, 8, 4, 69),
(892, 'andypasques@gmail.com', 256, 10, 4, 23),
(892, 'andypasques@gmail.com', 285, 8, 4, 100),
(892, 'andypasques@gmail.com', 325, 8, 5, 45),
(892, 'andypasques@gmail.com', 350, 8, 4, 60),
(892, 'andypasques@gmail.com', 352, 10, 5, 16),
(892, 'dalehendricks96@gmail.com', 285, 64, 4, 80),
(892, 'dalehendricks96@gmail.com', 350, 40, 4, 10),
(892, 'emile.canivet@gmail.com', 256, 10, 4, 35),
(892, 'emile.canivet@gmail.com', 285, 8, 4, 100),
(892, 'emile.canivet@gmail.com', 325, 8, 5, 90),
(892, 'emile.canivet@gmail.com', 337, 0, 0, 0),
(892, 'emile.canivet@gmail.com', 350, 10, 4, 13),
(892, 'emile.canivet@gmail.com', 352, 10, 5, 25),
(892, 'j.faure725@laposte.net', 285, 7, 4, 60),
(892, 'lucas.jarousse@gmail.com', 256, 10, 4, 30),
(892, 'lucas.jarousse@gmail.com', 285, 8, 4, 40),
(892, 'lucas.jarousse@gmail.com', 325, 0, 0, 0),
(892, 'lucas.jarousse@gmail.com', 350, 10, 4, 10),
(892, 'lucas.jarousse@gmail.com', 352, 0, 0, 0),
(892, 'paul.vaskou@sfr.fr', 256, 10, 4, 0),
(892, 'paul.vaskou@sfr.fr', 285, 8, 4, 90),
(892, 'paul.vaskou@sfr.fr', 325, 8, 5, 80),
(892, 'paul.vaskou@sfr.fr', 337, 0, 0, 0),
(892, 'paul.vaskou@sfr.fr', 350, 10, 4, 0),
(892, 'paul.vaskou@sfr.fr', 352, 10, 5, 0),
(892, 'tvedel@yahoo.com', 256, 10, 4, 45),
(892, 'tvedel@yahoo.com', 285, 8, 4, 75),
(892, 'tvedel@yahoo.com', 325, 8, 5, 60),
(892, 'tvedel@yahoo.com', 337, 8, 1, 30),
(892, 'tvedel@yahoo.com', 350, 10, 4, 13),
(892, 'tvedel@yahoo.com', 352, 10, 5, 40),
(892, 'Umprianiirakli@gmail.com', 256, 8, 4, 95),
(892, 'Umprianiirakli@gmail.com', 285, 6, 4, 110),
(892, 'Umprianiirakli@gmail.com', 325, 8, 5, 70),
(892, 'Umprianiirakli@gmail.com', 350, 8, 4, 100),
(892, 'Umprianiirakli@gmail.com', 352, 10, 5, 80),
(894, 'andypasques@gmail.com', 259, 8, 4, 100),
(894, 'andypasques@gmail.com', 262, 8, 4, 87),
(894, 'andypasques@gmail.com', 290, 4, 4, 40),
(894, 'andypasques@gmail.com', 292, 8, 3, 45),
(894, 'compinromain@orange.fr', 290, 4, 4, 0),
(894, 'compinromain@orange.fr', 330, 2, 4, 0),
(894, 'dalehendricks96@gmail.com', 259, 32, 4, 80),
(894, 'dalehendricks96@gmail.com', 330, 8, 4, 0),
(894, 'emile.canivet@gmail.com', 259, 8, 4, 140),
(894, 'emile.canivet@gmail.com', 262, 8, 4, 110),
(894, 'emile.canivet@gmail.com', 290, 4, 4, 0),
(894, 'emile.canivet@gmail.com', 292, 6, 3, 0),
(894, 'emile.canivet@gmail.com', 330, 4, 4, 0),
(894, 'emile.canivet@gmail.com', 333, 6, 4, 3),
(894, 'j.faure725@laposte.net', 259, 3, 1, 110),
(894, 'j.faure725@laposte.net', 262, 8, 4, 80),
(894, 'louisboyau8@gmail.com', 259, 8, 4, 110),
(894, 'louisboyau8@gmail.com', 262, 8, 4, 70),
(894, 'louisboyau8@gmail.com', 290, 4, 4, 40),
(894, 'louisboyau8@gmail.com', 330, 2, 4, 0),
(894, 'noetouleron@icloud.com', 259, 8, 4, 80),
(894, 'noetouleron@icloud.com', 262, 8, 4, 70),
(894, 'noetouleron@icloud.com', 290, 4, 4, 0),
(894, 'noetouleron@icloud.com', 292, 6, 3, 0),
(894, 'noetouleron@icloud.com', 330, 2, 4, 0),
(894, 'noetouleron@icloud.com', 333, 6, 4, 0),
(894, 'paul.vaskou@sfr.fr', 259, 8, 4, 150),
(894, 'paul.vaskou@sfr.fr', 262, 8, 4, 120),
(894, 'paul.vaskou@sfr.fr', 290, 4, 4, 40),
(894, 'paul.vaskou@sfr.fr', 292, 0, 0, 0),
(894, 'paul.vaskou@sfr.fr', 330, 2, 4, 0),
(894, 'paul.vaskou@sfr.fr', 333, 0, 0, 0),
(894, 'Umprianiirakli@gmail.com', 259, 8, 4, 140),
(894, 'Umprianiirakli@gmail.com', 262, 6, 4, 120),
(894, 'Umprianiirakli@gmail.com', 290, 4, 3, 100),
(894, 'Umprianiirakli@gmail.com', 330, 2, 4, 0),
(896, 'noetouleron@icloud.com', 332, 4, 5, 10),
(896, 'noetouleron@icloud.com', 339, 4, 5, 0),
(896, 'noetouleron@icloud.com', 353, 10, 1, 0),
(896, 'noetouleron@icloud.com', 354, 10, 1, 40),
(897, 'emile.canivet@gmail.com', 332, 4, 5, 0),
(897, 'emile.canivet@gmail.com', 339, 4, 5, 0),
(897, 'emile.canivet@gmail.com', 348, 4, 5, 0),
(897, 'emile.canivet@gmail.com', 355, 2, 4, 0),
(898, 'emile.canivet@gmail.com', 292, 6, 3, 0),
(898, 'emile.canivet@gmail.com', 348, 4, 5, 0),
(898, 'Umprianiirakli@gmail.com', 220, 8, 4, 30),
(898, 'Umprianiirakli@gmail.com', 286, 8, 4, 25),
(898, 'Umprianiirakli@gmail.com', 348, 3, 4, 30),
(898, 'Umprianiirakli@gmail.com', 356, 6, 4, 30),
(899, 'compinromain@orange.fr', 330, 2, 4, 0),
(899, 'emile.canivet@gmail.com', 292, 6, 3, 0),
(899, 'emile.canivet@gmail.com', 330, 4, 4, 0),
(899, 'emile.canivet@gmail.com', 348, 4, 5, 0),
(900, 'compinromain@orange.fr', 330, 2, 4, 0),
(900, 'emile.canivet@gmail.com', 292, 6, 3, 0),
(900, 'emile.canivet@gmail.com', 330, 4, 4, 0),
(900, 'emile.canivet@gmail.com', 348, 4, 5, 0),
(902, 'andypasques@gmail.com', 285, 8, 4, 100),
(902, 'andypasques@gmail.com', 325, 8, 5, 45),
(902, 'dalehendricks96@gmail.com', 285, 64, 4, 80),
(902, 'lucas.jarousse@gmail.com', 285, 8, 4, 40),
(902, 'lucas.jarousse@gmail.com', 325, 0, 0, 0),
(902, 'lucas.jarousse@gmail.com', 357, 8, 4, 8),
(905, 'andypasques@gmail.com', 325, 8, 5, 45),
(905, 'jeremy.bourdin18@gmail.com', 357, 8, 4, 10),
(905, 'tvedel@yahoo.com', 325, 8, 5, 60),
(905, 'tvedel@yahoo.com', 341, 8, 5, 30),
(905, 'tvedel@yahoo.com', 357, 8, 4, 5),
(905, 'tvedel@yahoo.com', 358, 5, 4, 30),
(905, 'tvedel@yahoo.com', 359, 3, 4, 0),
(906, 'andypasques@gmail.com', 325, 8, 5, 45),
(906, 'lucas.jarousse@gmail.com', 325, 0, 0, 0),
(906, 'lucas.jarousse@gmail.com', 353, 11, 0, 0),
(906, 'lucas.jarousse@gmail.com', 357, 8, 4, 8),
(906, 'noetouleron@icloud.com', 353, 10, 1, 0),
(906, 'Umprianiirakli@gmail.com', 325, 8, 5, 70),
(906, 'Umprianiirakli@gmail.com', 357, 8, 4, 50),
(907, 'paul.vaskou@sfr.fr', 325, 8, 5, 80),
(907, 'paul.vaskou@sfr.fr', 341, 8, 5, 30),
(907, 'paul.vaskou@sfr.fr', 353, 11, 5, 1),
(907, 'paul.vaskou@sfr.fr', 357, 8, 4, 8),
(914, 'andypasques@gmail.com', 255, 8, 4, 0),
(914, 'andypasques@gmail.com', 285, 8, 4, 90),
(914, 'andypasques@gmail.com', 286, 8, 4, 34),
(914, 'andypasques@gmail.com', 350, 6, 4, 16),
(914, 'andypasques@gmail.com', 363, 8, 3, 40),
(914, 'andypasques@gmail.com', 364, 8, 3, 40),
(914, 'noetouleron@icloud.com', 255, 8, 4, 0),
(914, 'noetouleron@icloud.com', 285, 8, 4, 60),
(914, 'noetouleron@icloud.com', 286, 8, 4, 20),
(914, 'noetouleron@icloud.com', 350, 6, 4, 13),
(914, 'noetouleron@icloud.com', 363, 8, 3, 15),
(914, 'noetouleron@icloud.com', 364, 8, 3, 70),
(915, 'andypasques@gmail.com', 255, 8, 4, 0),
(915, 'andypasques@gmail.com', 285, 8, 4, 90),
(915, 'andypasques@gmail.com', 286, 8, 4, 34),
(915, 'andypasques@gmail.com', 350, 6, 4, 16),
(915, 'louisboyau8@gmail.com', 324, 8, 4, 80),
(915, 'louisboyau8@gmail.com', 349, 4, 4, 50),
(915, 'marcbourdariat@gmail.com', 255, 12, 6, 0),
(915, 'marcbourdariat@gmail.com', 285, 6, 6, 80),
(915, 'marcbourdariat@gmail.com', 286, 0, 0, 0),
(915, 'marcbourdariat@gmail.com', 324, 0, 0, 0),
(915, 'marcbourdariat@gmail.com', 349, 6, 6, 40),
(915, 'marcbourdariat@gmail.com', 350, 0, 0, 0),
(916, 'andypasques@gmail.com', 255, 8, 4, 0),
(916, 'andypasques@gmail.com', 285, 8, 4, 90),
(916, 'andypasques@gmail.com', 286, 8, 4, 34),
(916, 'andypasques@gmail.com', 350, 6, 4, 16),
(916, 'Umprianiirakli@gmail.com', 255, 8, 4, 12),
(916, 'Umprianiirakli@gmail.com', 285, 5, 4, 80),
(916, 'Umprianiirakli@gmail.com', 286, 8, 3, 20),
(916, 'vivienfesser0210@orange.fr', 255, 8, 4, 0),
(916, 'vivienfesser0210@orange.fr', 285, 8, 4, 60),
(916, 'vivienfesser0210@orange.fr', 286, 8, 4, 30),
(916, 'vivienfesser0210@orange.fr', 350, 6, 4, 12),
(917, 'andypasques@gmail.com', 255, 8, 4, 0),
(917, 'andypasques@gmail.com', 285, 8, 4, 90),
(917, 'andypasques@gmail.com', 286, 8, 4, 34),
(917, 'andypasques@gmail.com', 350, 6, 4, 16),
(917, 'paul.vaskou@sfr.fr', 255, 8, 4, 0),
(917, 'paul.vaskou@sfr.fr', 285, 8, 4, 80),
(917, 'paul.vaskou@sfr.fr', 286, 8, 4, 40),
(917, 'paul.vaskou@sfr.fr', 350, 6, 4, 20),
(917, 'paul.vaskou@sfr.fr', 353, 10, 2, 0),
(918, 'emile.canivet@gmail.com', 333, 15, 4, 45),
(918, 'emile.canivet@gmail.com', 361, 6, 50, 30),
(918, 'emile.canivet@gmail.com', 365, 6, 4, 45),
(918, 'emile.canivet@gmail.com', 366, 15, 5, 45),
(920, 'emile.canivet@gmail.com', 336, 8, 4, 23),
(920, 'emile.canivet@gmail.com', 357, 8, 4, 10),
(920, 'emile.canivet@gmail.com', 368, 6, 5, 14),
(920, 'emile.canivet@gmail.com', 370, 4, 4, 0),
(920, 'marcbourdariat@gmail.com', 336, 8, 4, 15),
(920, 'marcbourdariat@gmail.com', 357, 8, 4, 8),
(920, 'marcbourdariat@gmail.com', 368, 6, 5, 14),
(920, 'marcbourdariat@gmail.com', 370, 4, 4, 0),
(921, 'emile.canivet@gmail.com', 336, 8, 4, 23),
(921, 'emile.canivet@gmail.com', 357, 8, 4, 10),
(921, 'emile.canivet@gmail.com', 368, 6, 5, 14),
(922, 'emile.canivet@gmail.com', 336, 8, 4, 23),
(922, 'emile.canivet@gmail.com', 357, 8, 4, 10),
(922, 'emile.canivet@gmail.com', 368, 6, 5, 14),
(922, 'quentin.demeuzoy@gmail.com', 276, 4, 6, 20),
(922, 'quentin.demeuzoy@gmail.com', 335, 0, 6, 0),
(922, 'quentin.demeuzoy@gmail.com', 336, 8, 4, 20),
(922, 'quentin.demeuzoy@gmail.com', 354, 1, 6, 0),
(922, 'quentin.demeuzoy@gmail.com', 357, 8, 4, 20),
(922, 'quentin.demeuzoy@gmail.com', 368, 6, 5, 0),
(923, 'emile.canivet@gmail.com', 336, 8, 4, 23),
(923, 'emile.canivet@gmail.com', 357, 8, 4, 10),
(923, 'emile.canivet@gmail.com', 368, 6, 5, 14),
(923, 'Umprianiirakli@gmail.com', 336, 8, 4, 20),
(923, 'Umprianiirakli@gmail.com', 357, 8, 4, 15),
(923, 'Umprianiirakli@gmail.com', 368, 6, 5, 10),
(925, 'louisboyau8@gmail.com', 349, 4, 4, 50),
(925, 'marcbourdariat@gmail.com', 349, 6, 6, 40),
(926, 'louisboyau8@gmail.com', 349, 4, 4, 50),
(926, 'marcbourdariat@gmail.com', 349, 6, 6, 40),
(927, 'Chamseddine.khalifa@sfr.fr', 293, 5, 5, 44),
(927, 'Chamseddine.khalifa@sfr.fr', 356, 6, 4, 60),
(927, 'Chamseddine.khalifa@sfr.fr', 362, 4, 4, 30),
(927, 'Chamseddine.khalifa@sfr.fr', 372, 4, 5, 64),
(927, 'Umprianiirakli@gmail.com', 293, 5, 5, 150),
(927, 'Umprianiirakli@gmail.com', 356, 6, 3, 140),
(927, 'Umprianiirakli@gmail.com', 362, 3, 4, 0),
(927, 'Umprianiirakli@gmail.com', 372, 4, 5, 20),
(928, 'paul.vaskou@sfr.fr', 353, 10, 2, 0),
(929, 'Chamseddine.khalifa@sfr.fr', 231, 8, 4, 30),
(929, 'Chamseddine.khalifa@sfr.fr', 251, 8, 4, 79),
(929, 'Chamseddine.khalifa@sfr.fr', 293, 5, 5, 44),
(929, 'Chamseddine.khalifa@sfr.fr', 356, 6, 4, 60),
(929, 'Chamseddine.khalifa@sfr.fr', 362, 4, 4, 30),
(929, 'Chamseddine.khalifa@sfr.fr', 372, 4, 5, 64);

-- --------------------------------------------------------

--
-- Structure de la table `satisfaction`
--

CREATE TABLE IF NOT EXISTS `satisfaction` (
  `idEntrainement` int NOT NULL,
  `context` varchar(180) NOT NULL,
  `idUser` varchar(180) CHARACTER SET utf8mb4 COLLATE utf8mb4_unicode_ci NOT NULL,
  `plaisir` int NOT NULL,
  `coherence` int NOT NULL,
  `apport` int NOT NULL,
  `remarque` text CHARACTER SET utf8mb4 COLLATE utf8mb4_0900_ai_ci,
  PRIMARY KEY (`idEntrainement`,`context`,`idUser`),
  KEY `fk_satisfaction_idUser` (`idUser`)
) ENGINE=InnoDB DEFAULT CHARSET=utf8mb4 COLLATE=utf8mb4_0900_ai_ci;

--
-- Déchargement des données de la table `satisfaction`
--

INSERT INTO `satisfaction` (`idEntrainement`, `context`, `idUser`, `plaisir`, `coherence`, `apport`, `remarque`) VALUES
(851, 'collectifdeligneetouatelier', 'emile.canivet@gmail.com', 5, 4, 4, ''),
(851, 'collectifdeligneetouatelier', 'ionut_ovidiu27@yahoo.com', 4, 3, 4, ''),
(851, 'collectifdeligneetouatelier', 'jeremy.bourdin18@gmail.com', 4, 5, 4, ''),
(851, 'collectifdeligneetouatelier', 'mathis2005.mg@gmail.com', 4, 3, 3, ''),
(851, 'collectiftotalrugby', 'emile.canivet@gmail.com', 4, 4, 4, ''),
(851, 'collectiftotalrugby', 'ionut_ovidiu27@yahoo.com', 4, 4, 4, ''),
(851, 'collectiftotalrugby', 'jeremy.bourdin18@gmail.com', 2, 4, 4, ''),
(851, 'collectiftotalrugby', 'mathis2005.mg@gmail.com', 4, 5, 4, ''),
(851, 'physique', 'emile.canivet@gmail.com', 5, 5, 5, ''),
(851, 'physique', 'ionut_ovidiu27@yahoo.com', 4, 4, 4, ''),
(851, 'physique', 'jeremy.bourdin18@gmail.com', 3, 4, 3, ''),
(851, 'physique', 'mathis2005.mg@gmail.com', 2, 4, 4, '');

-- --------------------------------------------------------

--
-- Structure de la table `seance`
--

CREATE TABLE IF NOT EXISTS `seance` (
  `id` int NOT NULL AUTO_INCREMENT,
  `dateHeure` datetime NOT NULL,
  `equipe` int NOT NULL,
  `date_heure_creation` datetime NOT NULL,
  `createur` varchar(180) CHARACTER SET utf8mb4 COLLATE utf8mb4_unicode_ci NOT NULL,
  PRIMARY KEY (`id`),
  KEY `fk_join_equipe` (`equipe`),
  KEY `fk_mail_createur` (`createur`)
) ENGINE=InnoDB DEFAULT CHARSET=utf8mb4 COLLATE=utf8mb4_0900_ai_ci;

-- --------------------------------------------------------

--
-- Structure de la table `sommeil`
--

CREATE TABLE IF NOT EXISTS `sommeil` (
  `id` int NOT NULL AUTO_INCREMENT,
  `libelle` varchar(255) NOT NULL,
  PRIMARY KEY (`id`)
) ENGINE=InnoDB AUTO_INCREMENT=6 DEFAULT CHARSET=utf8mb4 COLLATE=utf8mb4_0900_ai_ci;

--
-- Déchargement des données de la table `sommeil`
--

INSERT INTO `sommeil` (`id`, `libelle`) VALUES
(1, 'Très reposant'),
(2, 'Normal'),
(3, 'Difficulté à l\'endormissement'),
(4, 'Sommeil non reposant'),
(5, 'Insomnie');

-- --------------------------------------------------------

--
-- Structure de la table `stress`
--

CREATE TABLE IF NOT EXISTS `stress` (
  `id` int NOT NULL AUTO_INCREMENT,
  `libelle` varchar(255) NOT NULL,
  PRIMARY KEY (`id`)
) ENGINE=InnoDB AUTO_INCREMENT=6 DEFAULT CHARSET=utf8mb4 COLLATE=utf8mb4_0900_ai_ci;

--
-- Déchargement des données de la table `stress`
--

INSERT INTO `stress` (`id`, `libelle`) VALUES
(1, 'Très relaxé'),
(2, 'Relaxé'),
(3, 'Normal'),
(4, 'Stressé'),
(5, 'Très stressé');

-- --------------------------------------------------------

--
-- Structure de la table `type_travail_entrainement`
--

CREATE TABLE IF NOT EXISTS `type_travail_entrainement` (
  `id` int NOT NULL AUTO_INCREMENT,
  `libelle` varchar(250) CHARACTER SET utf8mb4 COLLATE utf8mb4_0900_ai_ci NOT NULL,
  `formule` longtext CHARACTER SET utf8mb4 COLLATE utf8mb4_0900_ai_ci,
  PRIMARY KEY (`id`)
) ENGINE=MyISAM AUTO_INCREMENT=10 DEFAULT CHARSET=utf8mb4 COLLATE=utf8mb4_0900_ai_ci;

--
-- Déchargement des données de la table `type_travail_entrainement`
--

INSERT INTO `type_travail_entrainement` (`id`, `libelle`, `formule`) VALUES
(1, 'Force (musculation)', ''),
(2, 'Pliométire / Explosivité', ''),
(3, 'Endurance', ''),
(6, 'Vitesse / Accélération', ''),
(7, 'Renforcement spécifique', ''),
(8, 'Mixte', '');

--
-- Contraintes pour les tables déchargées
--

--
-- Contraintes pour la table `attente_entrainement`
--
ALTER TABLE `attente_entrainement`
  ADD CONSTRAINT `fk_douleur` FOREIGN KEY (`douleurPrevue`) REFERENCES `douleur` (`id`) ON DELETE RESTRICT ON UPDATE RESTRICT,
  ADD CONSTRAINT `fk_id_questionnaire_attente` FOREIGN KEY (`idQuestionnaire`) REFERENCES `questionnaire` (`id`) ON DELETE CASCADE ON UPDATE CASCADE;

--
-- Contraintes pour la table `equipe_user`
--
ALTER TABLE `equipe_user`
  ADD CONSTRAINT `FK_84DA47B76D861B89` FOREIGN KEY (`equipe_id`) REFERENCES `equipe` (`id`) ON DELETE CASCADE,
  ADD CONSTRAINT `fk_join_user_email_equipe` FOREIGN KEY (`user_id`) REFERENCES `user` (`email`) ON DELETE RESTRICT ON UPDATE CASCADE;

--
-- Contraintes pour la table `join_exercices_entrainement`
--
ALTER TABLE `join_exercices_entrainement`
  ADD CONSTRAINT `fk_join_id_entrainement_exercices` FOREIGN KEY (`idQuestionnaire`) REFERENCES `questionnaire` (`id`) ON DELETE CASCADE ON UPDATE CASCADE,
  ADD CONSTRAINT `fk_join_id_exercice_entrainement` FOREIGN KEY (`idExercice`) REFERENCES `exercice` (`id`) ON DELETE CASCADE ON UPDATE CASCADE;

--
-- Contraintes pour la table `join_exercice_fichier`
--
ALTER TABLE `join_exercice_fichier`
  ADD CONSTRAINT `fk_id_exercie_fichier` FOREIGN KEY (`idExercice`) REFERENCES `exercice` (`id`) ON DELETE CASCADE ON UPDATE CASCADE;

--
-- Contraintes pour la table `join_joueur_match`
--
ALTER TABLE `join_joueur_match`
  ADD CONSTRAINT `join_id_joueur_match` FOREIGN KEY (`id_joueur`) REFERENCES `user` (`email`) ON DELETE CASCADE ON UPDATE CASCADE,
  ADD CONSTRAINT `join_id_match_joueur` FOREIGN KEY (`id_idMatch`) REFERENCES `match` (`id`) ON DELETE CASCADE ON UPDATE CASCADE;

--
-- Contraintes pour la table `join_type_entrainement`
--
ALTER TABLE `join_type_entrainement`
  ADD CONSTRAINT `fk_join_id_type` FOREIGN KEY (`entrainement_id`) REFERENCES `questionnaire` (`id`) ON DELETE CASCADE ON UPDATE CASCADE;
COMMIT;

